{"id":8129,"date":"2025-06-29T10:15:32","date_gmt":"2025-06-29T08:15:32","guid":{"rendered":"https:\/\/uj.adatbank.ro\/lexikon\/termek\/florian-janos-%c2%a7-florian-ioan\/"},"modified":"2025-06-29T10:15:32","modified_gmt":"2025-06-29T08:15:32","slug":"florian-janos-%c2%a7-florian-ioan","status":"publish","type":"product","link":"https:\/\/uj.adatbank.ro\/lexikon\/termek\/florian-janos-%c2%a7-florian-ioan\/","title":{"rendered":"FLORI\u00c1N J\u00e1nos, \u00a7 Florian Ioan"},"content":{"rendered":"<p>Mez\u0151madaras, 1883. \u00e1pr. 1., \u2020\u00a0?: med., orvos. \u2013 Bal\u00e1zsfalv\u00e1n tanult a G. -kat. Gimn.-ban, Kv.-on a Ferenc J\u00f3zsef TE-en v\u00e9gezte az orvosi szakot (1902-07), Bp.-en doktor\u00e1lt (1908). akt\u00edv katonai orvosk\u00e9nt szolg\u00e1l (\u20131920); Mv.-en gyermekorvos \u00e9s az \u00e1llami gyermekmenhely igazgat\u00f3 f\u0151orvosa (1920\u2013). Megszervezte az ASTRA orvosi r\u00e9szleg\u00e9t (1927), amely a n\u00e9peg\u00e9szs\u00e9g\u00fcgy mellett biol\u00f3giai felm\u00e9r\u00e9seket v\u00e9gzett a sz\u00e9kelys\u00e9g rom\u00e1n eredet\u00e9t bizony\u00edtand\u00f3. Megyei tan\u00e1csos (1931). Mint katonaorvos f\u0151k\u00e9nt a tbc-s megbeteged\u00e9sekkel foglalkozott. Tudom\u00e1nyos cikkei jelennek meg orvosi szaklapokban. <br \/><strong>Irod.:<\/strong> Id\u0151t\u00e1r 3; Ki kicsoda\u00a0?; Sigmirean<\/br><\/p>\n","protected":false},"excerpt":{"rendered":"<p>Mez\u0151madaras, 1883. \u00e1pr. 1., \u2020\u00a0?: med., orvos. \u2013 Bal\u00e1zsfalv\u00e1n tanult a G. -kat. Gimn.-ban, Kv.-on a Ferenc J\u00f3zsef TE-en v\u00e9gezte az orvosi szakot (1902-07), Bp.-en doktor\u00e1lt (1908). akt\u00edv katonai orvosk\u00e9nt szolg\u00e1l (\u20131920); Mv.-en gyermekorvos \u00e9s az \u00e1llami gyermekmenhely igazgat\u00f3 f\u0151orvosa (1920\u2013). Megszervezte az ASTRA orvosi r\u00e9szleg\u00e9t (1927), amely a n\u00e9peg\u00e9szs\u00e9g\u00fcgy mellett biol\u00f3giai felm\u00e9r\u00e9seket v\u00e9gzett a [&hellip;]<\/p>\n","protected":false},"featured_media":0,"comment_status":"open","ping_status":"closed","template":"","meta":[],"product_brand":[],"product_cat":[137],"product_tag":[],"class_list":{"0":"post-8129","1":"product","2":"type-product","3":"status-publish","5":"product_cat-maros-megyei-eletrajzi-lexikon","7":"first","8":"instock","9":"shipping-taxable","10":"product-type-simple"},"_links":{"self":[{"href":"https:\/\/uj.adatbank.ro\/lexikon\/wp-json\/wp\/v2\/product\/8129","targetHints":{"allow":["GET"]}}],"collection":[{"href":"https:\/\/uj.adatbank.ro\/lexikon\/wp-json\/wp\/v2\/product"}],"about":[{"href":"https:\/\/uj.adatbank.ro\/lexikon\/wp-json\/wp\/v2\/types\/product"}],"replies":[{"embeddable":true,"href":"https:\/\/uj.adatbank.ro\/lexikon\/wp-json\/wp\/v2\/comments?post=8129"}],"wp:attachment":[{"href":"https:\/\/uj.adatbank.ro\/lexikon\/wp-json\/wp\/v2\/media?parent=8129"}],"wp:term":[{"taxonomy":"product_brand","embeddable":true,"href":"https:\/\/uj.adatbank.ro\/lexikon\/wp-json\/wp\/v2\/product_brand?post=8129"},{"taxonomy":"product_cat","embeddable":true,"href":"https:\/\/uj.adatbank.ro\/lexikon\/wp-json\/wp\/v2\/product_cat?post=8129"},{"taxonomy":"product_tag","embeddable":true,"href":"https:\/\/uj.adatbank.ro\/lexikon\/wp-json\/wp\/v2\/product_tag?post=8129"}],"curies":[{"name":"wp","href":"https:\/\/api.w.org\/{rel}","templated":true}]}}

FLORIÁN János, § Florian Ioan

<p>Mezőmadaras, 1883. ápr. 1., † ?: med., orvos. – Balázsfalván tanult a G. -kat. Gimn.-ban, Kv.-on a Ferenc József TE-en végezte az orvosi szakot (1902-07), Bp.-en doktorált (1908). aktív katonai orvosként szolgál (–1920); Mv.-en gyermekorvos és az állami gyermekmenhely igazgató főorvosa (1920–). Megszervezte az ASTRA orvosi részlegét (1927), amely a népegészségügy mellett biológiai felméréseket végzett a székelység román eredetét bizonyítandó. Megyei tanácsos (1931). Mint katonaorvos főként a tbc-s megbetegedésekkel foglalkozott. Tudományos cikkei jelennek meg orvosi szaklapokban. <br /><strong>Irod.:</strong> Időtár 3; Ki kicsoda ?; Sigmirean</br></p>

<p>Mezőmadaras, 1883. ápr. 1., † ?: med., orvos. – Balázsfalván tanult a G. -kat. Gimn.-ban, Kv.-on a Ferenc József TE-en végezte az orvosi szakot (1902-07), Bp.-en doktorált (1908). aktív katonai orvosként szolgál (–1920); Mv.-en gyermekorvos és az állami gyermekmenhely igazgató főorvosa (1920–). Megszervezte az ASTRA orvosi részlegét (1927), amely a népegészségügy mellett biológiai felméréseket végzett a [&hellip;]</p>
