{"id":8133,"date":"2025-06-29T10:15:44","date_gmt":"2025-06-29T08:15:44","guid":{"rendered":"https:\/\/uj.adatbank.ro\/lexikon\/termek\/flueras-c-ioan-%c2%a7-fluieras-ioan\/"},"modified":"2025-06-29T10:15:44","modified_gmt":"2025-06-29T08:15:44","slug":"flueras-c-ioan-%c2%a7-fluieras-ioan","status":"publish","type":"product","link":"https:\/\/uj.adatbank.ro\/lexikon\/termek\/flueras-c-ioan-%c2%a7-fluieras-ioan\/","title":{"rendered":"FLUERA\u015e C. Ioan, \u00a7 Fluiera\u015f Ioan"},"content":{"rendered":"<p>Balla, 1907. szept. 9., \u2020 Buk., 1984.: tan\u00edt\u00f3. \u2013 Tanult a sz\u00fcl\u0151faluj\u00e1ban, Mv.-en az \u201eAl. Papiu Ilarian L\u00edc.-ban (1920\u201324), majd a tan\u00edt\u00f3k\u00e9pz\u0151ben, ahol tan\u00edt\u00f3i okl. -t szerzett. El\u0151bb a sz\u00fcl\u0151faluj\u00e1ban tan\u00edtott (1926\u201336), azut\u00e1n Szentgeric\u00e9n, Ny\u00e1r\u00e1ds\u00e1rdon, Mv.-en, Szengyelen Medgyes mellett (1936\u201340). A frontra ker\u00fclt \u00e9s eg\u00e9szen Szt\u00e1lingr\u00e1dig \u00e9s a Don-kanyarig vett r\u00e9szt a harcokban. (1940\u201345). Visszat\u00e9r\u00e9se ut\u00e1n sz\u00fcl\u0151faluj\u00e1ban tan\u00edtott, am\u00edg le\u00e9p\u00edtett\u00e9k (1945\u201347). Petel\u00e9re ker\u00fclt, ahol nyugd\u00edjaz\u00e1s\u00e1ig tan\u00edtott (1948\u201368). Ebben az iskol\u00e1ban iskolaigazgat\u00f3 volt (1948\u20131952). Minden tan\u00fcgyi fokozati vizsg\u00e1t letett: II. fokozat (1941), I. fokozat (1944). Hat\u00e9kony m\u0171vel\u0151d\u00e9si munk\u00e1t v\u00e9gzett: k\u00f3rust vezetett, oktatta a kaluser t\u00e1cosokat, iskol\u00e1t alap\u00edtott egy intern\u00e1tussal a k\u00f6rnyez\u0151 falvakb\u00f3l j\u00e1r\u00f3 tanul\u00f3k r\u00e9sz\u00e9re. Nyugd\u00edjaz\u00e1sa ut\u00e1n Buk.-ben \u00e9lt a le\u00e1ny\u00e1n\u00e1l. <br \/><strong>Irod.:<\/strong> Abaf\u00e1ja; Dasc\u0103li mure\u015feni, 4.<\/br><\/p>\n","protected":false},"excerpt":{"rendered":"<p>Balla, 1907. szept. 9., \u2020 Buk., 1984.: tan\u00edt\u00f3. \u2013 Tanult a sz\u00fcl\u0151faluj\u00e1ban, Mv.-en az \u201eAl. Papiu Ilarian L\u00edc.-ban (1920\u201324), majd a tan\u00edt\u00f3k\u00e9pz\u0151ben, ahol tan\u00edt\u00f3i okl. -t szerzett. El\u0151bb a sz\u00fcl\u0151faluj\u00e1ban tan\u00edtott (1926\u201336), azut\u00e1n Szentgeric\u00e9n, Ny\u00e1r\u00e1ds\u00e1rdon, Mv.-en, Szengyelen Medgyes mellett (1936\u201340). A frontra ker\u00fclt \u00e9s eg\u00e9szen Szt\u00e1lingr\u00e1dig \u00e9s a Don-kanyarig vett r\u00e9szt a harcokban. (1940\u201345). Visszat\u00e9r\u00e9se [&hellip;]<\/p>\n","protected":false},"featured_media":0,"comment_status":"open","ping_status":"closed","template":"","meta":[],"product_brand":[],"product_cat":[137],"product_tag":[],"class_list":{"0":"post-8133","1":"product","2":"type-product","3":"status-publish","5":"product_cat-maros-megyei-eletrajzi-lexikon","7":"first","8":"instock","9":"shipping-taxable","10":"product-type-simple"},"_links":{"self":[{"href":"https:\/\/uj.adatbank.ro\/lexikon\/wp-json\/wp\/v2\/product\/8133","targetHints":{"allow":["GET"]}}],"collection":[{"href":"https:\/\/uj.adatbank.ro\/lexikon\/wp-json\/wp\/v2\/product"}],"about":[{"href":"https:\/\/uj.adatbank.ro\/lexikon\/wp-json\/wp\/v2\/types\/product"}],"replies":[{"embeddable":true,"href":"https:\/\/uj.adatbank.ro\/lexikon\/wp-json\/wp\/v2\/comments?post=8133"}],"wp:attachment":[{"href":"https:\/\/uj.adatbank.ro\/lexikon\/wp-json\/wp\/v2\/media?parent=8133"}],"wp:term":[{"taxonomy":"product_brand","embeddable":true,"href":"https:\/\/uj.adatbank.ro\/lexikon\/wp-json\/wp\/v2\/product_brand?post=8133"},{"taxonomy":"product_cat","embeddable":true,"href":"https:\/\/uj.adatbank.ro\/lexikon\/wp-json\/wp\/v2\/product_cat?post=8133"},{"taxonomy":"product_tag","embeddable":true,"href":"https:\/\/uj.adatbank.ro\/lexikon\/wp-json\/wp\/v2\/product_tag?post=8133"}],"curies":[{"name":"wp","href":"https:\/\/api.w.org\/{rel}","templated":true}]}}

FLUERAŞ C. Ioan, § Fluieraş Ioan

<p>Balla, 1907. szept. 9., † Buk., 1984.: tanító. – Tanult a szülőfalujában, Mv.-en az „Al. Papiu Ilarian Líc.-ban (1920–24), majd a tanítóképzőben, ahol tanítói okl. -t szerzett. Előbb a szülőfalujában tanított (1926–36), azután Szentgericén, Nyárádsárdon, Mv.-en, Szengyelen Medgyes mellett (1936–40). A frontra került és egészen Sztálingrádig és a Don-kanyarig vett részt a harcokban. (1940–45). Visszatérése után szülőfalujában tanított, amíg leépítették (1945–47). Petelére került, ahol nyugdíjazásáig tanított (1948–68). Ebben az iskolában iskolaigazgató volt (1948–1952). Minden tanügyi fokozati vizsgát letett: II. fokozat (1941), I. fokozat (1944). Hatékony művelődési munkát végzett: kórust vezetett, oktatta a kaluser tácosokat, iskolát alapított egy internátussal a környező falvakból járó tanulók részére. Nyugdíjazása után Buk.-ben élt a leányánál. <br /><strong>Irod.:</strong> Abafája; Dascăli mureşeni, 4.</br></p>

<p>Balla, 1907. szept. 9., † Buk., 1984.: tanító. – Tanult a szülőfalujában, Mv.-en az „Al. Papiu Ilarian Líc.-ban (1920–24), majd a tanítóképzőben, ahol tanítói okl. -t szerzett. Előbb a szülőfalujában tanított (1926–36), azután Szentgericén, Nyárádsárdon, Mv.-en, Szengyelen Medgyes mellett (1936–40). A frontra került és egészen Sztálingrádig és a Don-kanyarig vett részt a harcokban. (1940–45). Visszatérése [&hellip;]</p>
