{"id":8139,"date":"2025-06-29T10:15:55","date_gmt":"2025-06-29T08:15:55","guid":{"rendered":"https:\/\/uj.adatbank.ro\/lexikon\/termek\/fodor-daniel\/"},"modified":"2025-06-29T10:15:55","modified_gmt":"2025-06-29T08:15:55","slug":"fodor-daniel","status":"publish","type":"product","link":"https:\/\/uj.adatbank.ro\/lexikon\/termek\/fodor-daniel\/","title":{"rendered":"FODOR D\u00e1niel"},"content":{"rendered":"<p>? \u2020\u00a0? : ref. tan\u00edt\u00f3, l\u00e9vita. \u2013 Sz\u00e9kelyudvarhelyen subscrib\u00e1lt (1767 v. 1795). Magyar\u00f3n (1797\u20131799\u20131818) volt mester \u00e9s orgonista. <br \/><strong>Irod.:<\/strong> \u0150sz<\/br><\/p>\n","protected":false},"excerpt":{"rendered":"<p>? \u2020\u00a0? : ref. tan\u00edt\u00f3, l\u00e9vita. \u2013 Sz\u00e9kelyudvarhelyen subscrib\u00e1lt (1767 v. 1795). Magyar\u00f3n (1797\u20131799\u20131818) volt mester \u00e9s orgonista. Irod.: \u0150sz<\/p>\n","protected":false},"featured_media":0,"comment_status":"open","ping_status":"closed","template":"","meta":[],"product_brand":[],"product_cat":[137],"product_tag":[],"class_list":{"0":"post-8139","1":"product","2":"type-product","3":"status-publish","5":"product_cat-maros-megyei-eletrajzi-lexikon","7":"first","8":"instock","9":"shipping-taxable","10":"product-type-simple"},"_links":{"self":[{"href":"https:\/\/uj.adatbank.ro\/lexikon\/wp-json\/wp\/v2\/product\/8139","targetHints":{"allow":["GET"]}}],"collection":[{"href":"https:\/\/uj.adatbank.ro\/lexikon\/wp-json\/wp\/v2\/product"}],"about":[{"href":"https:\/\/uj.adatbank.ro\/lexikon\/wp-json\/wp\/v2\/types\/product"}],"replies":[{"embeddable":true,"href":"https:\/\/uj.adatbank.ro\/lexikon\/wp-json\/wp\/v2\/comments?post=8139"}],"wp:attachment":[{"href":"https:\/\/uj.adatbank.ro\/lexikon\/wp-json\/wp\/v2\/media?parent=8139"}],"wp:term":[{"taxonomy":"product_brand","embeddable":true,"href":"https:\/\/uj.adatbank.ro\/lexikon\/wp-json\/wp\/v2\/product_brand?post=8139"},{"taxonomy":"product_cat","embeddable":true,"href":"https:\/\/uj.adatbank.ro\/lexikon\/wp-json\/wp\/v2\/product_cat?post=8139"},{"taxonomy":"product_tag","embeddable":true,"href":"https:\/\/uj.adatbank.ro\/lexikon\/wp-json\/wp\/v2\/product_tag?post=8139"}],"curies":[{"name":"wp","href":"https:\/\/api.w.org\/{rel}","templated":true}]}}