{"id":8147,"date":"2025-06-29T10:16:10","date_gmt":"2025-06-29T08:16:10","guid":{"rendered":"https:\/\/uj.adatbank.ro\/lexikon\/termek\/fodor-gyorgy-havadi\/"},"modified":"2025-06-29T10:16:10","modified_gmt":"2025-06-29T08:16:10","slug":"fodor-gyorgy-havadi","status":"publish","type":"product","link":"https:\/\/uj.adatbank.ro\/lexikon\/termek\/fodor-gyorgy-havadi\/","title":{"rendered":"FODOR Gy\u00f6rgy, havadi"},"content":{"rendered":"<p>? \u2020\u00a0? : prixid\u00e1rius. \u2013 A csal\u00e1db\u00f3l F. Gy\u00f6rgy v. Istv\u00e1n nyert (gyalogoss\u00e1got) prixid\u00e1riusi-levelet B\u00e1thory G\u00e1bort\u00f3l (1608. j\u00fan. 10.). <br \/><strong>Irod.:<\/strong> Kempelen; P\u00e1lmay<\/br><\/p>\n","protected":false},"excerpt":{"rendered":"<p>? \u2020\u00a0? : prixid\u00e1rius. \u2013 A csal\u00e1db\u00f3l F. Gy\u00f6rgy v. Istv\u00e1n nyert (gyalogoss\u00e1got) prixid\u00e1riusi-levelet B\u00e1thory G\u00e1bort\u00f3l (1608. j\u00fan. 10.). Irod.: Kempelen; P\u00e1lmay<\/p>\n","protected":false},"featured_media":0,"comment_status":"open","ping_status":"closed","template":"","meta":[],"product_brand":[],"product_cat":[137],"product_tag":[],"class_list":{"0":"post-8147","1":"product","2":"type-product","3":"status-publish","5":"product_cat-maros-megyei-eletrajzi-lexikon","7":"first","8":"instock","9":"shipping-taxable","10":"product-type-simple"},"_links":{"self":[{"href":"https:\/\/uj.adatbank.ro\/lexikon\/wp-json\/wp\/v2\/product\/8147","targetHints":{"allow":["GET"]}}],"collection":[{"href":"https:\/\/uj.adatbank.ro\/lexikon\/wp-json\/wp\/v2\/product"}],"about":[{"href":"https:\/\/uj.adatbank.ro\/lexikon\/wp-json\/wp\/v2\/types\/product"}],"replies":[{"embeddable":true,"href":"https:\/\/uj.adatbank.ro\/lexikon\/wp-json\/wp\/v2\/comments?post=8147"}],"wp:attachment":[{"href":"https:\/\/uj.adatbank.ro\/lexikon\/wp-json\/wp\/v2\/media?parent=8147"}],"wp:term":[{"taxonomy":"product_brand","embeddable":true,"href":"https:\/\/uj.adatbank.ro\/lexikon\/wp-json\/wp\/v2\/product_brand?post=8147"},{"taxonomy":"product_cat","embeddable":true,"href":"https:\/\/uj.adatbank.ro\/lexikon\/wp-json\/wp\/v2\/product_cat?post=8147"},{"taxonomy":"product_tag","embeddable":true,"href":"https:\/\/uj.adatbank.ro\/lexikon\/wp-json\/wp\/v2\/product_tag?post=8147"}],"curies":[{"name":"wp","href":"https:\/\/api.w.org\/{rel}","templated":true}]}}