{"id":8150,"date":"2025-06-29T10:16:18","date_gmt":"2025-06-29T08:16:18","guid":{"rendered":"https:\/\/uj.adatbank.ro\/lexikon\/termek\/fodor-imre\/"},"modified":"2025-06-29T10:16:18","modified_gmt":"2025-06-29T08:16:18","slug":"fodor-imre","status":"publish","type":"product","link":"https:\/\/uj.adatbank.ro\/lexikon\/termek\/fodor-imre\/","title":{"rendered":"FODOR Imre"},"content":{"rendered":"<p>Cs\u00edksomly\u00f3, 1937. j\u00fan. 16., \u2020 Mv., 2015. szept. 29. temet\u00e9se Cs\u00edksomly\u00f3n, a Szent P\u00e9ter-P\u00e1l temet\u0151be.: energetikai m\u00e9rn\u00f6k, polg\u00e1rmester. \u2013 F. P\u00e1l, \u00e9p\u00edt\u00e9szm\u00e9rn\u00f6k (Bp. 1903. j\u00fan. 29. &#8211; Vajdahunyad, 1966. aug. 11.) \u00e9s Annamarie von Dobsch\u00fctz fia. Ikertestv\u00e9re P\u00e1l. Feles\u00e9ge: az els\u0151: sz\u00e1sz nemzetis\u00e9g\u0171 volt, disszid\u00e1lt, de nem k\u00f6vette \u0151t, m\u00e1sodik: Csutak Katalin, fogorvos. Fogadott fiaik: Elek (1974\u2013) k\u00f6zgazd\u00e1sz, ipari menedzser; Andr\u00e1s, informatikus. (1976\u2013). \u2013 A buk.-i M\u0171egyetem hallgat\u00f3ja egy\u00fctt a testv\u00e9r\u00e9vel, kiz\u00e1rj\u00e1k \u0151ket az egyetemr\u0151l utols\u00f3 \u00e9ven, mert apj\u00e1t koncepci\u00f3s politikai perben 25 \u00e9vi k\u00e9nyszermunk\u00e1ra it\u00e9lt\u00e9k (1958). Szakmunk\u00e1s a vajdahunyadi Hengerm\u0171vekben (1959\u201364). V\u00e9g\u00fcl befejezhette egyetemi tanulm\u00e1nyait \u00e9s m\u00e9rn\u00f6k a buk.-i Hidroenergetikai Kutat\u00f3- \u00e9s Tervez\u0151i int\u00e9zetben v\u00edzi er\u0151m\u0171vek automatiz\u00e1l\u00e1s\u00e1val foglalkozott (1965\u201367). Mv.-en az AZOMURE\u0218 vegyipari kombin\u00e1t m\u00e9rn\u00f6ke, majd automatiz\u00e1l\u00e1si m\u0171helyf\u0151n\u0151ke (1967\u201394). Maros megye Tan\u00e1csa \u00c1lland\u00f3 K\u00fcld\u00f6tts\u00e9g\u00e9nek tagja, gazdas\u00e1gi k\u00e9rd\u00e9sek megold\u00e1s\u00e1n munk\u00e1lkodott (1992\u201396). A Pro Eurr\u00f3pa Liga vezet\u0151s\u00e9gi tagja (1990\u2013). Int. Rainbow rom\u00e1n-n\u00e9met kft. \u00fcgyvezet\u0151je (1994\u201396). RMDSZ SZKT-tag (1994\u2013), az Orsz\u00e1gos \u00d6nkorm\u00e1nyzati Tan\u00e1cs aleln\u00f6ke, az Outward Bound Rom\u00e1niai T\u00e1rsas\u00e1g az Ifj\u00fas\u00e1g\u00e9rt alap\u00edt\u00f3ja \u00e9s eln\u00f6ke, az EME \u00e9s az EMKE tagja, a cs\u00edksomly\u00f3i Csib\u00e9sz Alapitv\u00e1ny tev\u00e9kenys\u00e9g\u00e9nek r\u00e9szese. Mv. v\u00e1ros megv\u00e1lasztott polg\u00e1rmestere (1996\u20132000), alpolg\u00e1rmester (2000\u20132004). Ezen funkci\u00f3kban az els\u0151 k\u00e9tnyelv\u0171s\u00edt\u00e9si l\u00e9p\u00e9seket tette meg, megkezdte az uni\u00f3s t\u0151k\u00e9k leh\u00edv\u00e1s\u00e9t, az iv\u00f3v\u00edztermel\u00e9s \u00e9s a szennyv\u00edzfeldolgoz\u00e1s korszer\u0171s\u00edt\u00e9s\u00e9t, a testv\u00e9rv\u00e1rosi kapcsolatok ki\u00e9p\u00edt\u00e9s\u00e9t. A Sz\u00e9kely Nemzeti Tan\u00e1cs (SZNT) alap\u00edt\u00f3 eln\u00f6ke (2006), aleln\u00f6ke (2007) idej\u00e9n megszervezt\u00e9k a Sz\u00e9kelyf\u00f6ld auton\u00f3mi\u00e1j\u00e1r\u00f3l sz\u00f3l\u00f3 referendumot, melynek sor\u00e1n a megk\u00e9rdezettek t\u00f6bb mint 200 ezer polg\u00e1ra mondott igent az auton\u00f3mi\u00e1ra. Egyh\u00e1ztan\u00e1csos, a Pro Vita Cristiana alap\u00edtv\u00e1ny tagja. K\u00f6z\u00f6ss\u00e9gi munk\u00e1ss\u00e1g\u00e1\u00e9rt \u00e1tvehette a Magyar K\u00f6zt\u00e1rsas\u00e1gi \u00c9rdemrend tisztikeresztj\u00e9t. -Tal\u00e1lm\u00e1nya: kriseb\u00e9szeti \u00e9s kriokezel\u00e9si k\u00e9sz\u00fcl\u00e9k (t\u00e1rsszerz\u0151je). Tanulm\u00e1nyok: Itthonmarad\u00e1s \u00e9rtelme (1990. j\u00fan. 1.); Anyanyelv a k\u00f6zigazgat\u00e1sban (Rom\u00e1niai Magyar \u00c9vk\u00f6nyv, 2002); Region\u00e1lis iparpolitika az els\u0151 sz\u00e9kely kongresszus \u00e9s ma (Rom\u00e1niai Magyar \u00c9vk\u00f6nyv, 2003); A m\u0171szaki fejl\u0151d\u00e9s sz\u00e9kelyf\u00f6ldi \u00fatt\u00f6r\u0151i (Sz\u00e9kelyf\u00f6ldi Konferencia, 2004); Fodor P\u00e1l terve az erd\u00e9lyi k\u00e9rd\u00e9s megold\u00e1s\u00e1ra (Trianon \u00fajra\u00e9rt\u00e9kel\u00e9se konferencia, Bp., 2008.); Csal\u00e1di kr\u00f3nik\u00e1ja: Tanuls\u00e1gaink k\u00e9zik\u00f6nyve, 1815\u20132015. (Mv., 2019). P\u00e1l testv\u00e9re, a csal\u00e1djuk m\u00faltj\u00e1r\u00f3l mes\u00e9l, v\u00e1laszol Ol\u00e1h G\u00e1l Elvira k\u00e9rd\u00e9seire. a Nobile Officium 2. k\u00f6t -. <br \/><strong>Irod.:<\/strong> 1956 Erd\u00e9lyben; EMKK; 2010 EMKK.; Nekrol\u00f3gok (N\u00fa., 2015. okt. 1.); T\u00f3falvi Zolt\u00e1n: Eml\u00e9kez\u00e9s-\u00e9vgy\u0171r\u00fck. K\u00e9sei sirat\u00f3 Fodor Imr\u00e9\u00e9rt (N\u00fa., 2015 okt. 5.); T\u00f3falvi Zolt\u00e1n: Fodor Imre: T anuls\u00e1gaink k\u00e9zik\u00f6nyve (N\u00fa., 2022. nov. 22.); Vajda Gy\u00f6rgy 30 \u00e9ves az Outward Bound: Az \u00e9lm\u00e9nypedag\u00f3giai oktat\u00e1s hazai \u00fatt\u00f6r\u0151i (N\u00fa., 2024. jan. 3.).<\/br><\/p>\n","protected":false},"excerpt":{"rendered":"<p>Cs\u00edksomly\u00f3, 1937. j\u00fan. 16., \u2020 Mv., 2015. szept. 29. temet\u00e9se Cs\u00edksomly\u00f3n, a Szent P\u00e9ter-P\u00e1l temet\u0151be.: energetikai m\u00e9rn\u00f6k, polg\u00e1rmester. \u2013 F. P\u00e1l, \u00e9p\u00edt\u00e9szm\u00e9rn\u00f6k (Bp. 1903. j\u00fan. 29. &#8211; Vajdahunyad, 1966. aug. 11.) \u00e9s Annamarie von Dobsch\u00fctz fia. Ikertestv\u00e9re P\u00e1l. Feles\u00e9ge: az els\u0151: sz\u00e1sz nemzetis\u00e9g\u0171 volt, disszid\u00e1lt, de nem k\u00f6vette \u0151t, m\u00e1sodik: Csutak Katalin, fogorvos. Fogadott fiaik: [&hellip;]<\/p>\n","protected":false},"featured_media":0,"comment_status":"open","ping_status":"closed","template":"","meta":[],"product_brand":[],"product_cat":[137],"product_tag":[],"class_list":{"0":"post-8150","1":"product","2":"type-product","3":"status-publish","5":"product_cat-maros-megyei-eletrajzi-lexikon","7":"first","8":"instock","9":"shipping-taxable","10":"product-type-simple"},"_links":{"self":[{"href":"https:\/\/uj.adatbank.ro\/lexikon\/wp-json\/wp\/v2\/product\/8150","targetHints":{"allow":["GET"]}}],"collection":[{"href":"https:\/\/uj.adatbank.ro\/lexikon\/wp-json\/wp\/v2\/product"}],"about":[{"href":"https:\/\/uj.adatbank.ro\/lexikon\/wp-json\/wp\/v2\/types\/product"}],"replies":[{"embeddable":true,"href":"https:\/\/uj.adatbank.ro\/lexikon\/wp-json\/wp\/v2\/comments?post=8150"}],"wp:attachment":[{"href":"https:\/\/uj.adatbank.ro\/lexikon\/wp-json\/wp\/v2\/media?parent=8150"}],"wp:term":[{"taxonomy":"product_brand","embeddable":true,"href":"https:\/\/uj.adatbank.ro\/lexikon\/wp-json\/wp\/v2\/product_brand?post=8150"},{"taxonomy":"product_cat","embeddable":true,"href":"https:\/\/uj.adatbank.ro\/lexikon\/wp-json\/wp\/v2\/product_cat?post=8150"},{"taxonomy":"product_tag","embeddable":true,"href":"https:\/\/uj.adatbank.ro\/lexikon\/wp-json\/wp\/v2\/product_tag?post=8150"}],"curies":[{"name":"wp","href":"https:\/\/api.w.org\/{rel}","templated":true}]}}

<p>Csíksomlyó, 1937. jún. 16., † Mv., 2015. szept. 29. temetése Csíksomlyón, a Szent Péter-Pál temetőbe.: energetikai mérnök, polgármester. – F. Pál, építészmérnök (Bp. 1903. jún. 29. &#8211; Vajdahunyad, 1966. aug. 11.) és Annamarie von Dobschütz fia. Ikertestvére Pál. Felesége: az első: szász nemzetiségű volt, disszidált, de nem követte őt, második: Csutak Katalin, fogorvos. Fogadott fiaik: Elek (1974–) közgazdász, ipari menedzser; András, informatikus. (1976–). – A buk.-i Műegyetem hallgatója együtt a testvérével, kizárják őket az egyetemről utolsó éven, mert apját koncepciós politikai perben 25 évi kényszermunkára itélték (1958). Szakmunkás a vajdahunyadi Hengerművekben (1959–64). Végül befejezhette egyetemi tanulmányait és mérnök a buk.-i Hidroenergetikai Kutató- és Tervezői intézetben vízi erőművek automatizálásával foglalkozott (1965–67). Mv.-en az AZOMUREȘ vegyipari kombinát mérnöke, majd automatizálási műhelyfőnőke (1967–94). Maros megye Tanácsa Állandó Küldöttségének tagja, gazdasági kérdések megoldásán munkálkodott (1992–96). A Pro Eurrópa Liga vezetőségi tagja (1990–). Int. Rainbow román-német kft. ügyvezetője (1994–96). RMDSZ SZKT-tag (1994–), az Országos Önkormányzati Tanács alelnöke, az Outward Bound Romániai Társaság az Ifjúságért alapítója és elnöke, az EME és az EMKE tagja, a csíksomlyói Csibész Alapitvány tevékenységének részese. Mv. város megválasztott polgármestere (1996–2000), alpolgármester (2000–2004). Ezen funkciókban az első kétnyelvűsítési lépéseket tette meg, megkezdte az uniós tőkék lehívásét, az ivóvíztermelés és a szennyvízfeldolgozás korszerűsítését, a testvérvárosi kapcsolatok kiépítését. A Székely Nemzeti Tanács (SZNT) alapító elnöke (2006), alelnöke (2007) idején megszervezték a Székelyföld autonómiájáról szóló referendumot, melynek során a megkérdezettek több mint 200 ezer polgára mondott igent az autonómiára. Egyháztanácsos, a Pro Vita Cristiana alapítvány tagja. Közösségi munkásságáért átvehette a Magyar Köztársasági Érdemrend tisztikeresztjét. -Találmánya: krisebészeti és kriokezelési készülék (társszerzője). Tanulmányok: Itthonmaradás értelme (1990. jún. 1.); Anyanyelv a közigazgatásban (Romániai Magyar Évkönyv, 2002); Regionális iparpolitika az első székely kongresszus és ma (Romániai Magyar Évkönyv, 2003); A műszaki fejlődés székelyföldi úttörői (Székelyföldi Konferencia, 2004); Fodor Pál terve az erdélyi kérdés megoldására (Trianon újraértékelése konferencia, Bp., 2008.); Családi krónikája: Tanulságaink kézikönyve, 1815–2015. (Mv., 2019). Pál testvére, a családjuk múltjáról mesél, válaszol Oláh Gál Elvira kérdéseire. a Nobile Officium 2. köt -. <br /><strong>Irod.:</strong> 1956 Erdélyben; EMKK; 2010 EMKK.; Nekrológok (Nú., 2015. okt. 1.); Tófalvi Zoltán: Emlékezés-évgyűrük. Kései sirató Fodor Imréért (Nú., 2015 okt. 5.); Tófalvi Zoltán: Fodor Imre: T anulságaink kézikönyve (Nú., 2022. nov. 22.); Vajda György 30 éves az Outward Bound: Az élménypedagógiai oktatás hazai úttörői (Nú., 2024. jan. 3.).</br></p>

<p>Csíksomlyó, 1937. jún. 16., † Mv., 2015. szept. 29. temetése Csíksomlyón, a Szent Péter-Pál temetőbe.: energetikai mérnök, polgármester. – F. Pál, építészmérnök (Bp. 1903. jún. 29. &#8211; Vajdahunyad, 1966. aug. 11.) és Annamarie von Dobschütz fia. Ikertestvére Pál. Felesége: az első: szász nemzetiségű volt, disszidált, de nem követte őt, második: Csutak Katalin, fogorvos. Fogadott fiaik: [&hellip;]</p>
