{"id":8157,"date":"2025-06-29T10:16:34","date_gmt":"2025-06-29T08:16:34","guid":{"rendered":"https:\/\/uj.adatbank.ro\/lexikon\/termek\/fodor-jozsef-2\/"},"modified":"2025-06-29T10:16:34","modified_gmt":"2025-06-29T08:16:34","slug":"fodor-jozsef-2","status":"publish","type":"product","link":"https:\/\/uj.adatbank.ro\/lexikon\/termek\/fodor-jozsef-2\/","title":{"rendered":"FODOR J\u00f3zsef"},"content":{"rendered":"<p>Sz\u0151kefalva, 1914., \u2020\u00a0?: tan\u00edt\u00f3. \u2013 R\u00e9gi sz\u00e9kely nemesi f\u00f6ldbirtokos csal\u00e1db\u00f3l sz\u00e1rmazott. K\u00f6z\u00e9piskol\u00e1it \u00e9s a k\u00e9pz\u0151t K\u00e9zdiv\u00e1s\u00e1rhelyen v\u00e9gezte el. B\u00f6z\u00f6d\u00fajfaluban kezdett tan\u00edtani mint felekezeti tan\u00edt\u00f3. Tan\u00edtott a jobb\u00e1gyfalvi kat. iskol\u00e1ban T\u00f6bb \u00e1llom\u00e1shelye ut\u00e1n Mez\u0151r\u00fccsre ker\u00fclt (1940\u2013), ahol \u00e1llami iskolai igazgat\u00f3-tan\u00edt\u00f3 volt. Levente f\u0151oktat\u00f3. <br \/><strong>Irod.:<\/strong> Sz\u00e9kelyf\u00f6ld \u00ed. k<\/br><\/p>\n","protected":false},"excerpt":{"rendered":"<p>Sz\u0151kefalva, 1914., \u2020\u00a0?: tan\u00edt\u00f3. \u2013 R\u00e9gi sz\u00e9kely nemesi f\u00f6ldbirtokos csal\u00e1db\u00f3l sz\u00e1rmazott. K\u00f6z\u00e9piskol\u00e1it \u00e9s a k\u00e9pz\u0151t K\u00e9zdiv\u00e1s\u00e1rhelyen v\u00e9gezte el. B\u00f6z\u00f6d\u00fajfaluban kezdett tan\u00edtani mint felekezeti tan\u00edt\u00f3. Tan\u00edtott a jobb\u00e1gyfalvi kat. iskol\u00e1ban T\u00f6bb \u00e1llom\u00e1shelye ut\u00e1n Mez\u0151r\u00fccsre ker\u00fclt (1940\u2013), ahol \u00e1llami iskolai igazgat\u00f3-tan\u00edt\u00f3 volt. Levente f\u0151oktat\u00f3. Irod.: Sz\u00e9kelyf\u00f6ld \u00ed. k<\/p>\n","protected":false},"featured_media":0,"comment_status":"open","ping_status":"closed","template":"","meta":[],"product_brand":[],"product_cat":[137],"product_tag":[],"class_list":{"0":"post-8157","1":"product","2":"type-product","3":"status-publish","5":"product_cat-maros-megyei-eletrajzi-lexikon","7":"first","8":"instock","9":"shipping-taxable","10":"product-type-simple"},"_links":{"self":[{"href":"https:\/\/uj.adatbank.ro\/lexikon\/wp-json\/wp\/v2\/product\/8157","targetHints":{"allow":["GET"]}}],"collection":[{"href":"https:\/\/uj.adatbank.ro\/lexikon\/wp-json\/wp\/v2\/product"}],"about":[{"href":"https:\/\/uj.adatbank.ro\/lexikon\/wp-json\/wp\/v2\/types\/product"}],"replies":[{"embeddable":true,"href":"https:\/\/uj.adatbank.ro\/lexikon\/wp-json\/wp\/v2\/comments?post=8157"}],"wp:attachment":[{"href":"https:\/\/uj.adatbank.ro\/lexikon\/wp-json\/wp\/v2\/media?parent=8157"}],"wp:term":[{"taxonomy":"product_brand","embeddable":true,"href":"https:\/\/uj.adatbank.ro\/lexikon\/wp-json\/wp\/v2\/product_brand?post=8157"},{"taxonomy":"product_cat","embeddable":true,"href":"https:\/\/uj.adatbank.ro\/lexikon\/wp-json\/wp\/v2\/product_cat?post=8157"},{"taxonomy":"product_tag","embeddable":true,"href":"https:\/\/uj.adatbank.ro\/lexikon\/wp-json\/wp\/v2\/product_tag?post=8157"}],"curies":[{"name":"wp","href":"https:\/\/api.w.org\/{rel}","templated":true}]}}

FODOR József

<p>Szőkefalva, 1914., † ?: tanító. – Régi székely nemesi földbirtokos családból származott. Középiskoláit és a képzőt Kézdivásárhelyen végezte el. Bözödújfaluban kezdett tanítani mint felekezeti tanító. Tanított a jobbágyfalvi kat. iskolában Több állomáshelye után Mezőrücsre került (1940–), ahol állami iskolai igazgató-tanító volt. Levente főoktató. <br /><strong>Irod.:</strong> Székelyföld í. k</br></p>

<p>Szőkefalva, 1914., † ?: tanító. – Régi székely nemesi földbirtokos családból származott. Középiskoláit és a képzőt Kézdivásárhelyen végezte el. Bözödújfaluban kezdett tanítani mint felekezeti tanító. Tanított a jobbágyfalvi kat. iskolában Több állomáshelye után Mezőrücsre került (1940–), ahol állami iskolai igazgató-tanító volt. Levente főoktató. Irod.: Székelyföld í. k</p>
