{"id":8160,"date":"2025-06-29T10:16:37","date_gmt":"2025-06-29T08:16:37","guid":{"rendered":"https:\/\/uj.adatbank.ro\/lexikon\/termek\/fodor-katalin\/"},"modified":"2025-06-29T10:16:37","modified_gmt":"2025-06-29T08:16:37","slug":"fodor-katalin","status":"publish","type":"product","link":"https:\/\/uj.adatbank.ro\/lexikon\/termek\/fodor-katalin\/","title":{"rendered":"FODOR Katalin"},"content":{"rendered":"<p>1927., \u2020\u00a0Mv., 1994. okt. 25.: pszichol\u00f3gus. \u2013 <strong>F. m.:<\/strong> Sovremennyj ruszkij literaturnyj jazyk. Izdanie 2-oe. (Curs. Buk. 1976); Probleme de semiologie rus\u0103. (Curs. Facultatea de limbi str\u0103ine. Buc.,. 1978.); Elemente de stilistic\u0103 a limbii ruse. (Curs. Facultatea de limb\u0103 \u015fi literatur\u0103 str\u0103ine. Buc., 1980); Tudat \u00e9s jelent\u00e9s. T\u00f6rt\u00e9neti \u00e1ttekint\u00e9s. ( Buk., 1983); <strong>t\u00e1rssz.:<\/strong> Orosz nyelv. Tank\u00f6nyv a XI. oszt\u00e1ly sz\u00e1m\u00e1ra. (Strofanov Sergiu \u2013 Marcu V \u2013vel; \u00c1tdolgozta: Luk\u00e1cs L\u00e1szl\u00f3; Buc., 1967, 1968, 1971); Limba rus\u0103. Manula pentru clasa a IV-a. de liceu \u015fi anii III-IV. licee de specialitate. (Stroianov Sergiu \u2013 Marcu V.: vel; Buc., 1968), Limba rus\u0103. Manual pentru clasa a XII-a liceu \u015fi anul IV \u2013 V. licee de specialitate (anul IV. de studiu). ( Popa Ninaval; Buc., 1970, 1971); Orosz nyelv. Tank\u00f6nyv a l\u00edceumok XII. oszt\u00e1ly sz\u00e1m\u00e1ra (IV. \u00e9vfolyam). (Popan Nina \u2013val. \u00c1tdolgozta: Luk\u00e1cs L\u00e1szl\u00f3. Buc., 1971); Gramatica limbii ruse. (Tudor Ortansa \u2013val; Manual pentru uz \u015fcolar. Buc., 1978); Pszichol\u00f3gia. Tank\u00f6nyv a pedag\u00f3giai l\u00edceumok sz\u00e1m\u00e1ra. (Dru\u0163u I., Kulcs\u00e1r T-al; Buc., 1979.); Limba rus\u0103. Manual pentru anul V. de studii. (Safta Anetaval; Buc, , 1983, 1986); Limba rus\u0103 contemporan\u0103. Curs special. (Dumitrescu Maria, Moraru Mihaela-val; Buc., 1984); <strong>ford.:<\/strong> Salade Dumitru: Mi legyen a gyermekem ha megn\u0151? ( Buk., 1962); Chircev A. \u2013 Pavelcu V. \u2013 Ro\u015fca Al.: Pedag\u00f3giai l\u00e9lektan. Tank\u00f6nyv egyetemi hallgat\u00f3k sz\u00e1m\u00e1ra. (Erd\u00e9lyi Roz\u00e1li\u00e1val; Buc., 1963); Popescu-Neveanu Paul \u2013 Didilescu I. \u2013 Fischein E.: \u00c1ltal\u00e1nos l\u00e9lektan. Tank\u00f6nyv a XI. oszt\u00e1ly sz\u00e1m\u00e1ra. (Buc., 1965, 1966); Didilescu I., Pavelcu Vasile: Logika. Tank\u00f6nyv a l\u00edceumok a XII. oszt\u00e1lya \u00e9s a pedag\u00f3giai l\u00edceumok V. \u00e9vfolyama sz\u00e1m\u00e1ra. (Czitrom J\u00e1nos-al;. Buc., 1968); Popescu-Neveanu Paul \u2013 Fischbein Efraim: \u00c1ltal\u00e1nos l\u00e9lektan. Tank\u00f6nyv a l\u00edceumok VII. oszt\u00e1ly sz\u00e1m\u00e1ra. (Erd\u00e9lyi Roz\u00e1li\u00e1val;. Buc., 1968); Popescu-Neveanu Paul \u2013 Fischbein Efraim: \u00c1ltal\u00e1nos l\u00e9lektan. Tank\u00f6nyv a XII. oszt\u00e1ly sz\u00e1m\u00e1ra. (Erd\u00e9lyi Roz\u00e1li\u00e1val;. Buc., 1969); Bogdan Tiberiu \u2013 Nica Iulian: A k\u00fcl\u00f6nleges gyermek. (Sz\u00fcl\u0151k sz\u00e1m\u00e1ra.) (Buk., 1970,); Popescu-Neveanu Paul \u2013 Fischbein Efraim \u2013 Didilescu I.: \u00c1ltal\u00e1nos l\u00e9lektan \u00e9s a logika alapfogalmai. Tank\u00f6nyv a l\u00edceumok XII. oszt\u00e1ly sz\u00e1m\u00e1ra. (Erd\u00e9lyi Roz\u00e1li\u00e1val; Buc., 1971, 1973, 1975); Ro\u015fca Alexandru: A kreativit\u00e1s. (Buk., 1973); Gelu Mihai \u2013 Dicu Aurel: Bevezet\u00e9s a pszichol\u00f3gi\u00e1ba. (Buk., 1974); Golu M. \u2013 Zlate M. \u2013 Didilescu I. \u2013 Manolescu C.: \u00c1ltal\u00e1nos l\u00e9lektana \u00e9s a logika alapfogalmai. Tank\u00f6nyv a XI. oszt\u00e1ly sz\u00e1m\u00e1ra. (Kulcs\u00e1r Tiborral. Buk., 1977); szerk: Arvinte Maria \u2013 Borlea Sima \u2013 Bra\u015foveanu Aurica: Manual de limba rus\u0103. Pentru \u015fcolile de specialitate. Vol. 1. (Buc., 1983); Prelegeri la limba \u015fi literatura rus\u0103. Destinate cursurilor de prefec\u0163ionare pentru cadrele didactice. Volumul 2. ( Buc, 1983); Elemente de gramatic\u0103 a limbii ruse. Pentru stunde\u0163ii din anii I-IV. ( Buc. 1985). <br \/><strong>Irod.:<\/strong> [Nekrol\u00f3g] (N\u00fa., 1994. okt. 27.) Ha 1927-ben sz\u00fcl., akkor val\u00f3sz\u00edn\u0171, hogy \u0151t deport\u00e1lt\u00e1k Mv. &#8211; (1944. m\u00e1j. 29.). <br \/><strong>Irod.:<\/strong> Mv. zsid\u00f3s\u00e1ga; R\u00e9thy-\u00dajv\u00e1ri-V\u00e1czy<\/br><\/p>\n","protected":false},"excerpt":{"rendered":"<p>1927., \u2020\u00a0Mv., 1994. okt. 25.: pszichol\u00f3gus. \u2013 F. m.: Sovremennyj ruszkij literaturnyj jazyk. Izdanie 2-oe. (Curs. Buk. 1976); Probleme de semiologie rus\u0103. (Curs. Facultatea de limbi str\u0103ine. Buc.,. 1978.); Elemente de stilistic\u0103 a limbii ruse. (Curs. Facultatea de limb\u0103 \u015fi literatur\u0103 str\u0103ine. Buc., 1980); Tudat \u00e9s jelent\u00e9s. T\u00f6rt\u00e9neti \u00e1ttekint\u00e9s. ( Buk., 1983); t\u00e1rssz.: Orosz nyelv. [&hellip;]<\/p>\n","protected":false},"featured_media":0,"comment_status":"open","ping_status":"closed","template":"","meta":[],"product_brand":[],"product_cat":[137],"product_tag":[],"class_list":{"0":"post-8160","1":"product","2":"type-product","3":"status-publish","5":"product_cat-maros-megyei-eletrajzi-lexikon","7":"first","8":"instock","9":"shipping-taxable","10":"product-type-simple"},"_links":{"self":[{"href":"https:\/\/uj.adatbank.ro\/lexikon\/wp-json\/wp\/v2\/product\/8160","targetHints":{"allow":["GET"]}}],"collection":[{"href":"https:\/\/uj.adatbank.ro\/lexikon\/wp-json\/wp\/v2\/product"}],"about":[{"href":"https:\/\/uj.adatbank.ro\/lexikon\/wp-json\/wp\/v2\/types\/product"}],"replies":[{"embeddable":true,"href":"https:\/\/uj.adatbank.ro\/lexikon\/wp-json\/wp\/v2\/comments?post=8160"}],"wp:attachment":[{"href":"https:\/\/uj.adatbank.ro\/lexikon\/wp-json\/wp\/v2\/media?parent=8160"}],"wp:term":[{"taxonomy":"product_brand","embeddable":true,"href":"https:\/\/uj.adatbank.ro\/lexikon\/wp-json\/wp\/v2\/product_brand?post=8160"},{"taxonomy":"product_cat","embeddable":true,"href":"https:\/\/uj.adatbank.ro\/lexikon\/wp-json\/wp\/v2\/product_cat?post=8160"},{"taxonomy":"product_tag","embeddable":true,"href":"https:\/\/uj.adatbank.ro\/lexikon\/wp-json\/wp\/v2\/product_tag?post=8160"}],"curies":[{"name":"wp","href":"https:\/\/api.w.org\/{rel}","templated":true}]}}