{"id":8162,"date":"2025-06-29T10:16:40","date_gmt":"2025-06-29T08:16:40","guid":{"rendered":"https:\/\/uj.adatbank.ro\/lexikon\/termek\/fodor-lorinc-varfalvi\/"},"modified":"2025-06-29T10:16:40","modified_gmt":"2025-06-29T08:16:40","slug":"fodor-lorinc-varfalvi","status":"publish","type":"product","link":"https:\/\/uj.adatbank.ro\/lexikon\/termek\/fodor-lorinc-varfalvi\/","title":{"rendered":"FODOR L\u0151rinc, v\u00e1rfalvi"},"content":{"rendered":"<p>Szentgerice, 1897., \u2020\u00a0?: k\u00f6rjegyz\u0151. \u2013 Aranyossz\u00e9ki sz\u00e9kely l\u00f3f\u0151 nemes csal\u00e1d lesz\u00e1rmazottja. \u2013 \u00c9retts\u00e9gizett Kv.-on, k\u00f6zigazgat\u00e1si tanfolyamot Fogarason v\u00e9gzett. A k\u00f6zigazgat\u00e1si p\u00e1ly\u00e1ra l\u00e9pett (1924), t\u00f6bb helyen mint jegyz\u0151 dolgozott, v\u00e9g\u00fcl Szentgerice k\u00f6rjegyz\u0151je lett (1940\u2013). <br \/><strong>Irod.:<\/strong> Sz\u00e9kelyf\u00f6ld \u00ed. k<\/br><\/p>\n","protected":false},"excerpt":{"rendered":"<p>Szentgerice, 1897., \u2020\u00a0?: k\u00f6rjegyz\u0151. \u2013 Aranyossz\u00e9ki sz\u00e9kely l\u00f3f\u0151 nemes csal\u00e1d lesz\u00e1rmazottja. \u2013 \u00c9retts\u00e9gizett Kv.-on, k\u00f6zigazgat\u00e1si tanfolyamot Fogarason v\u00e9gzett. A k\u00f6zigazgat\u00e1si p\u00e1ly\u00e1ra l\u00e9pett (1924), t\u00f6bb helyen mint jegyz\u0151 dolgozott, v\u00e9g\u00fcl Szentgerice k\u00f6rjegyz\u0151je lett (1940\u2013). Irod.: Sz\u00e9kelyf\u00f6ld \u00ed. k<\/p>\n","protected":false},"featured_media":0,"comment_status":"open","ping_status":"closed","template":"","meta":[],"product_brand":[],"product_cat":[137],"product_tag":[],"class_list":{"0":"post-8162","1":"product","2":"type-product","3":"status-publish","5":"product_cat-maros-megyei-eletrajzi-lexikon","7":"first","8":"instock","9":"shipping-taxable","10":"product-type-simple"},"_links":{"self":[{"href":"https:\/\/uj.adatbank.ro\/lexikon\/wp-json\/wp\/v2\/product\/8162","targetHints":{"allow":["GET"]}}],"collection":[{"href":"https:\/\/uj.adatbank.ro\/lexikon\/wp-json\/wp\/v2\/product"}],"about":[{"href":"https:\/\/uj.adatbank.ro\/lexikon\/wp-json\/wp\/v2\/types\/product"}],"replies":[{"embeddable":true,"href":"https:\/\/uj.adatbank.ro\/lexikon\/wp-json\/wp\/v2\/comments?post=8162"}],"wp:attachment":[{"href":"https:\/\/uj.adatbank.ro\/lexikon\/wp-json\/wp\/v2\/media?parent=8162"}],"wp:term":[{"taxonomy":"product_brand","embeddable":true,"href":"https:\/\/uj.adatbank.ro\/lexikon\/wp-json\/wp\/v2\/product_brand?post=8162"},{"taxonomy":"product_cat","embeddable":true,"href":"https:\/\/uj.adatbank.ro\/lexikon\/wp-json\/wp\/v2\/product_cat?post=8162"},{"taxonomy":"product_tag","embeddable":true,"href":"https:\/\/uj.adatbank.ro\/lexikon\/wp-json\/wp\/v2\/product_tag?post=8162"}],"curies":[{"name":"wp","href":"https:\/\/api.w.org\/{rel}","templated":true}]}}