{"id":8164,"date":"2025-06-29T10:16:44","date_gmt":"2025-06-29T08:16:44","guid":{"rendered":"https:\/\/uj.adatbank.ro\/lexikon\/termek\/fodor-miklos\/"},"modified":"2025-06-29T10:16:44","modified_gmt":"2025-06-29T08:16:44","slug":"fodor-miklos","status":"publish","type":"product","link":"https:\/\/uj.adatbank.ro\/lexikon\/termek\/fodor-miklos\/","title":{"rendered":"FODOR Mikl\u00f3s"},"content":{"rendered":"<p>Mez\u0151szava, 1882., \u2020\u00a0? : ref. elk\u00e9sz. \u2013 Tanulm\u00e1nyait Kv.-on v\u00e9gezte. Kv.-on mint seg\u00e9dlelk\u00e9sz kezdte szolg\u00e1lat\u00e1t (1910), majd Istv\u00e1nh\u00e1z\u00e1ra \u00e9s K\u00fck\u00fcll\u0151sz\u00e9plakra ker\u00fclt seg\u00e9dlelk\u00e9sznek. Lelk\u00e9szk\u00e9nt Gog\u00e1nban szolg\u00e1lt, majd Als\u00f3b\u00f6lk\u00e9nybe ker\u00fclt (1921\u2013), ahol a Gazdak\u00f6r \u00e9s a Hangya sz\u00f6vetkezet ir\u00e1ny\u00edt\u00e1s\u00e1ban is tev\u00e9kenyen r\u00e9szt vett. Az imp\u00e9riumv\u00e1ltoz\u00e1s ut\u00e1n saj\u00e1t tulajdon\u00e1t k\u00e9pez\u0151 birtok\u00e1t\u00f3l megfosztott\u00e1k, s\u00falyosan b\u00e1ntalmazt\u00e1k, lak\u00e1s\u00e1t t\u00f6nkre tett\u00e9k. <br \/><strong>Irod.:<\/strong> Sz\u00e9kelyf\u00f6ld \u00ed. k<\/br><\/p>\n","protected":false},"excerpt":{"rendered":"<p>Mez\u0151szava, 1882., \u2020\u00a0? : ref. elk\u00e9sz. \u2013 Tanulm\u00e1nyait Kv.-on v\u00e9gezte. Kv.-on mint seg\u00e9dlelk\u00e9sz kezdte szolg\u00e1lat\u00e1t (1910), majd Istv\u00e1nh\u00e1z\u00e1ra \u00e9s K\u00fck\u00fcll\u0151sz\u00e9plakra ker\u00fclt seg\u00e9dlelk\u00e9sznek. Lelk\u00e9szk\u00e9nt Gog\u00e1nban szolg\u00e1lt, majd Als\u00f3b\u00f6lk\u00e9nybe ker\u00fclt (1921\u2013), ahol a Gazdak\u00f6r \u00e9s a Hangya sz\u00f6vetkezet ir\u00e1ny\u00edt\u00e1s\u00e1ban is tev\u00e9kenyen r\u00e9szt vett. Az imp\u00e9riumv\u00e1ltoz\u00e1s ut\u00e1n saj\u00e1t tulajdon\u00e1t k\u00e9pez\u0151 birtok\u00e1t\u00f3l megfosztott\u00e1k, s\u00falyosan b\u00e1ntalmazt\u00e1k, lak\u00e1s\u00e1t t\u00f6nkre tett\u00e9k. Irod.: [&hellip;]<\/p>\n","protected":false},"featured_media":0,"comment_status":"open","ping_status":"closed","template":"","meta":[],"product_brand":[],"product_cat":[137],"product_tag":[],"class_list":{"0":"post-8164","1":"product","2":"type-product","3":"status-publish","5":"product_cat-maros-megyei-eletrajzi-lexikon","7":"first","8":"instock","9":"shipping-taxable","10":"product-type-simple"},"_links":{"self":[{"href":"https:\/\/uj.adatbank.ro\/lexikon\/wp-json\/wp\/v2\/product\/8164","targetHints":{"allow":["GET"]}}],"collection":[{"href":"https:\/\/uj.adatbank.ro\/lexikon\/wp-json\/wp\/v2\/product"}],"about":[{"href":"https:\/\/uj.adatbank.ro\/lexikon\/wp-json\/wp\/v2\/types\/product"}],"replies":[{"embeddable":true,"href":"https:\/\/uj.adatbank.ro\/lexikon\/wp-json\/wp\/v2\/comments?post=8164"}],"wp:attachment":[{"href":"https:\/\/uj.adatbank.ro\/lexikon\/wp-json\/wp\/v2\/media?parent=8164"}],"wp:term":[{"taxonomy":"product_brand","embeddable":true,"href":"https:\/\/uj.adatbank.ro\/lexikon\/wp-json\/wp\/v2\/product_brand?post=8164"},{"taxonomy":"product_cat","embeddable":true,"href":"https:\/\/uj.adatbank.ro\/lexikon\/wp-json\/wp\/v2\/product_cat?post=8164"},{"taxonomy":"product_tag","embeddable":true,"href":"https:\/\/uj.adatbank.ro\/lexikon\/wp-json\/wp\/v2\/product_tag?post=8164"}],"curies":[{"name":"wp","href":"https:\/\/api.w.org\/{rel}","templated":true}]}}

FODOR Miklós

<p>Mezőszava, 1882., † ? : ref. elkész. – Tanulmányait Kv.-on végezte. Kv.-on mint segédlelkész kezdte szolgálatát (1910), majd Istvánházára és Küküllőszéplakra került segédlelkésznek. Lelkészként Gogánban szolgált, majd Alsóbölkénybe került (1921–), ahol a Gazdakör és a Hangya szövetkezet irányításában is tevékenyen részt vett. Az impériumváltozás után saját tulajdonát képező birtokától megfosztották, súlyosan bántalmazták, lakását tönkre tették. <br /><strong>Irod.:</strong> Székelyföld í. k</br></p>

<p>Mezőszava, 1882., † ? : ref. elkész. – Tanulmányait Kv.-on végezte. Kv.-on mint segédlelkész kezdte szolgálatát (1910), majd Istvánházára és Küküllőszéplakra került segédlelkésznek. Lelkészként Gogánban szolgált, majd Alsóbölkénybe került (1921–), ahol a Gazdakör és a Hangya szövetkezet irányításában is tevékenyen részt vett. Az impériumváltozás után saját tulajdonát képező birtokától megfosztották, súlyosan bántalmazták, lakását tönkre tették. Irod.: [&hellip;]</p>
