{"id":8167,"date":"2025-06-29T10:16:48","date_gmt":"2025-06-29T08:16:48","guid":{"rendered":"https:\/\/uj.adatbank.ro\/lexikon\/termek\/fodor-pal-fodor-pavel\/"},"modified":"2025-06-29T10:16:48","modified_gmt":"2025-06-29T08:16:48","slug":"fodor-pal-fodor-pavel","status":"publish","type":"product","link":"https:\/\/uj.adatbank.ro\/lexikon\/termek\/fodor-pal-fodor-pavel\/","title":{"rendered":"FODOR P\u00e1l, Fodor Pavel"},"content":{"rendered":"<p>Bp., 1903. j\u00fan. 29., \u2020 ? : m\u00e9rn\u00f6k. &#8211; Apja: Fodor Antal, jog\u00e1sz, k\u00f6zjegyz\u0151 Bp.-en \u00e9s anyja??. Feles\u00e9ge: Annemarie von Dobsch\u00fctz. Fiaik: F. Imre \u00e9s P\u00e1l, ikrek. \u2013 Bp.-en volt m\u0171egyetemi hallgat\u00f3, \u00fat, vas\u00fat- \u00e9s h\u00edd\u00e9p\u00edt\u0151 m\u00e9rn\u00f6kk\u00e9nt v\u00e9gzett. Vas\u00fati m\u00e9rn\u00f6k, Londonban \u00e9s Berlinben tett tanulm\u00e1ny\u00fatat, ekkor ismerte meg a j\u00f6vend\u0151 feles\u00e9g\u00e9t (1929\u201330). F\u00f6ldbirtokos, az Erd\u00e9lyi M. P\u00e1rt vezet\u0151je volt Cs\u00edkban. A II. vh. idej\u00e9n a m. hadsereg tartal\u00e9kos tisztje, ut\u00e1sz, r\u00e9szt vett az oroszo.-i harcokban, fogs\u00e1gba esett (1945. m\u00e1j. 10. \u2013 1946. okt. 11.). Vasuti m\u00e9rn\u00f6k (1950\u2013). A kommunist\u00e1k hatalomra jut\u00e1sa ut\u00e1n Erd\u00e9lyben antikommunista csoportosul\u00e1st hozott l\u00e9tre. Tanulm\u00e1nyozta Erd\u00e9ly fizikai \u00e9s gazdas\u00e1gi f\u00f6ldrajz\u00e1t, demogr\u00e1fiai \u00f6sszet\u00e9tel\u00e9t. Felvette a kapcsolatot M\u00e1rton \u00c1ron p\u00fcsp\u00f6kkel is (1955). Tervet dolgozott ki Erd\u00e9ly Rom\u00e1ni\u00e1t\u00f3l val\u00f3 elv\u00e1laszt\u00e1s\u00e1ra. F\u00fcggetlen Erd\u00e9ly: Erd\u00e9ly Mo.-hoz val\u00f3 csatol\u00e1sa v. kett\u00e9osztott Erd\u00e9ly, egyik fele Mo. -hoz, m\u00e1sik fele Rom\u00e1ni\u00e1hoz val\u00f3 csatol\u00e1sa elgondol\u00e1sokkal, amelyek k\u00f6z\u00fcl az utols\u00f3 vari\u00e1nst gondolta legmegval\u00f3s\u00edthat\u00f3bbnak. A Securitate k\u00e9t \u00e9vig megfigyel\u00e9s alatt tartotta, leleplezte \u00e9s letart\u00f3ztatt\u00e1k (1957). Mv.-en a Katonai \u00dcgy\u00e9szs\u00e9g el\u00e9 \u00e1ll\u00edtott\u00e1k (1958. jan. 22.). A m. 56-os forradalom hat\u00e1s\u00e1ra kezdtek szervezkedni. 25 \u00e9v k\u00e9nyszermunk\u00e1ra \u00e9s teljes vagyonelkobz\u00e1sra \u00edt\u00e9lte a Kv.-i Kat. T\u00f6rv\u00e9nysz\u00e9k Mv. -re kihelyezett \u00fcl\u00e9s\u00e9n (1958. febr, 27.). <br \/><strong>Irod.:<\/strong> \u00c1ldozatok; Balint; Bartos 2012; Csiha K\u00e1lm\u00e1n: \u201e Akinek fel\u00fcletes hite volt, a legt\u00f6bb elveszett\u201d = T\u00f3falvi 5.; Ferenczi S\u00e1ndor 2012; Fodor Imre: Fodor P\u00e1l \u00e9s az erd\u00e9lyi k\u00e9rd\u00e9s = T\u00f3falvi 5.; Ol\u00e1h-G\u00e1l Elvira = Nobile officium2.; P\u00e1l-Antal 2013<\/br><\/p>\n","protected":false},"excerpt":{"rendered":"<p>Bp., 1903. j\u00fan. 29., \u2020 ? : m\u00e9rn\u00f6k. &#8211; Apja: Fodor Antal, jog\u00e1sz, k\u00f6zjegyz\u0151 Bp.-en \u00e9s anyja??. Feles\u00e9ge: Annemarie von Dobsch\u00fctz. Fiaik: F. Imre \u00e9s P\u00e1l, ikrek. \u2013 Bp.-en volt m\u0171egyetemi hallgat\u00f3, \u00fat, vas\u00fat- \u00e9s h\u00edd\u00e9p\u00edt\u0151 m\u00e9rn\u00f6kk\u00e9nt v\u00e9gzett. Vas\u00fati m\u00e9rn\u00f6k, Londonban \u00e9s Berlinben tett tanulm\u00e1ny\u00fatat, ekkor ismerte meg a j\u00f6vend\u0151 feles\u00e9g\u00e9t (1929\u201330). F\u00f6ldbirtokos, az Erd\u00e9lyi [&hellip;]<\/p>\n","protected":false},"featured_media":0,"comment_status":"open","ping_status":"closed","template":"","meta":[],"product_brand":[],"product_cat":[137],"product_tag":[],"class_list":{"0":"post-8167","1":"product","2":"type-product","3":"status-publish","5":"product_cat-maros-megyei-eletrajzi-lexikon","7":"first","8":"instock","9":"shipping-taxable","10":"product-type-simple"},"_links":{"self":[{"href":"https:\/\/uj.adatbank.ro\/lexikon\/wp-json\/wp\/v2\/product\/8167","targetHints":{"allow":["GET"]}}],"collection":[{"href":"https:\/\/uj.adatbank.ro\/lexikon\/wp-json\/wp\/v2\/product"}],"about":[{"href":"https:\/\/uj.adatbank.ro\/lexikon\/wp-json\/wp\/v2\/types\/product"}],"replies":[{"embeddable":true,"href":"https:\/\/uj.adatbank.ro\/lexikon\/wp-json\/wp\/v2\/comments?post=8167"}],"wp:attachment":[{"href":"https:\/\/uj.adatbank.ro\/lexikon\/wp-json\/wp\/v2\/media?parent=8167"}],"wp:term":[{"taxonomy":"product_brand","embeddable":true,"href":"https:\/\/uj.adatbank.ro\/lexikon\/wp-json\/wp\/v2\/product_brand?post=8167"},{"taxonomy":"product_cat","embeddable":true,"href":"https:\/\/uj.adatbank.ro\/lexikon\/wp-json\/wp\/v2\/product_cat?post=8167"},{"taxonomy":"product_tag","embeddable":true,"href":"https:\/\/uj.adatbank.ro\/lexikon\/wp-json\/wp\/v2\/product_tag?post=8167"}],"curies":[{"name":"wp","href":"https:\/\/api.w.org\/{rel}","templated":true}]}}

FODOR Pál, Fodor Pavel

<p>Bp., 1903. jún. 29., † ? : mérnök. &#8211; Apja: Fodor Antal, jogász, közjegyző Bp.-en és anyja??. Felesége: Annemarie von Dobschütz. Fiaik: F. Imre és Pál, ikrek. – Bp.-en volt műegyetemi hallgató, út, vasút- és hídépítő mérnökként végzett. Vasúti mérnök, Londonban és Berlinben tett tanulmányútat, ekkor ismerte meg a jövendő feleségét (1929–30). Földbirtokos, az Erdélyi M. Párt vezetője volt Csíkban. A II. vh. idején a m. hadsereg tartalékos tisztje, utász, részt vett az oroszo.-i harcokban, fogságba esett (1945. máj. 10. – 1946. okt. 11.). Vasuti mérnök (1950–). A kommunisták hatalomra jutása után Erdélyben antikommunista csoportosulást hozott létre. Tanulmányozta Erdély fizikai és gazdasági földrajzát, demográfiai összetételét. Felvette a kapcsolatot Márton Áron püspökkel is (1955). Tervet dolgozott ki Erdély Romániától való elválasztására. Független Erdély: Erdély Mo.-hoz való csatolása v. kettéosztott Erdély, egyik fele Mo. -hoz, másik fele Romániához való csatolása elgondolásokkal, amelyek közül az utolsó variánst gondolta legmegvalósíthatóbbnak. A Securitate két évig megfigyelés alatt tartotta, leleplezte és letartóztatták (1957). Mv.-en a Katonai Ügyészség elé állították (1958. jan. 22.). A m. 56-os forradalom hatására kezdtek szervezkedni. 25 év kényszermunkára és teljes vagyonelkobzásra ítélte a Kv.-i Kat. Törvényszék Mv. -re kihelyezett ülésén (1958. febr, 27.). <br /><strong>Irod.:</strong> Áldozatok; Balint; Bartos 2012; Csiha Kálmán: „ Akinek felületes hite volt, a legtöbb elveszett” = Tófalvi 5.; Ferenczi Sándor 2012; Fodor Imre: Fodor Pál és az erdélyi kérdés = Tófalvi 5.; Oláh-Gál Elvira = Nobile officium2.; Pál-Antal 2013</br></p>

<p>Bp., 1903. jún. 29., † ? : mérnök. &#8211; Apja: Fodor Antal, jogász, közjegyző Bp.-en és anyja??. Felesége: Annemarie von Dobschütz. Fiaik: F. Imre és Pál, ikrek. – Bp.-en volt műegyetemi hallgató, út, vasút- és hídépítő mérnökként végzett. Vasúti mérnök, Londonban és Berlinben tett tanulmányútat, ekkor ismerte meg a jövendő feleségét (1929–30). Földbirtokos, az Erdélyi [&hellip;]</p>
