{"id":8168,"date":"2025-06-29T10:16:49","date_gmt":"2025-06-29T08:16:49","guid":{"rendered":"https:\/\/uj.adatbank.ro\/lexikon\/termek\/fodor-piroska-fekete-janosne\/"},"modified":"2025-06-29T10:16:49","modified_gmt":"2025-06-29T08:16:49","slug":"fodor-piroska-fekete-janosne","status":"publish","type":"product","link":"https:\/\/uj.adatbank.ro\/lexikon\/termek\/fodor-piroska-fekete-janosne\/","title":{"rendered":"FODOR Piroska, Fekete J\u00e1nosn\u00e9"},"content":{"rendered":"<p>? \u2020\u00a0? : iparm\u0171v\u00e9sz. \u2013 F\u00e9rje: Fekete J\u00e1nos, ref. lelk\u00e9sz. Fi\u00fak\u00a0: Fekete Zsolt, Mv.-en \u00e9l\u0151 fest\u0151m\u0171v\u00e9sz. \u2013 Bp.-en v\u00e9gezte az iparm\u0171v\u00e9szeti iskol\u00e1t. \u00c1ll\u00e1sa is volt ott, haza j\u00f6tt szabads\u00e1gra \u00e9s megismerkedett a Gecse utcai ref. seg\u00e9dpappal \u00e9s hozz\u00e1ment feles\u00e9g\u00fcl. Ny\u00e1r\u00e1dkar\u00e1csonyfalv\u00e1ra ker\u00fcltek. Ott a falusi asszonyokkal k\u00e9zimunk\u00e1kat varratott, \u00e9s eladt\u00e1k Kv.-on \u00e9s Mv.-en. Sz\u00e9kely b\u00fatorokat is k\u00e9sz\u00edtettek, amiket a sz\u00f6vetkezet Sv\u00e1jcba k\u00fcld\u00f6tt. A II. vh. vetett v\u00e9get ennek a tev\u00e9kenys\u00e9gnek. F. J\u00e1nos b\u00f6rt\u00f6nbe ker\u00fclt. <br \/><strong>Irod.:<\/strong> Sipos<\/br><\/p>\n","protected":false},"excerpt":{"rendered":"<p>? \u2020\u00a0? : iparm\u0171v\u00e9sz. \u2013 F\u00e9rje: Fekete J\u00e1nos, ref. lelk\u00e9sz. Fi\u00fak\u00a0: Fekete Zsolt, Mv.-en \u00e9l\u0151 fest\u0151m\u0171v\u00e9sz. \u2013 Bp.-en v\u00e9gezte az iparm\u0171v\u00e9szeti iskol\u00e1t. \u00c1ll\u00e1sa is volt ott, haza j\u00f6tt szabads\u00e1gra \u00e9s megismerkedett a Gecse utcai ref. seg\u00e9dpappal \u00e9s hozz\u00e1ment feles\u00e9g\u00fcl. Ny\u00e1r\u00e1dkar\u00e1csonyfalv\u00e1ra ker\u00fcltek. Ott a falusi asszonyokkal k\u00e9zimunk\u00e1kat varratott, \u00e9s eladt\u00e1k Kv.-on \u00e9s Mv.-en. Sz\u00e9kely b\u00fatorokat is [&hellip;]<\/p>\n","protected":false},"featured_media":0,"comment_status":"open","ping_status":"closed","template":"","meta":[],"product_brand":[],"product_cat":[137],"product_tag":[],"class_list":{"0":"post-8168","1":"product","2":"type-product","3":"status-publish","5":"product_cat-maros-megyei-eletrajzi-lexikon","7":"first","8":"instock","9":"shipping-taxable","10":"product-type-simple"},"_links":{"self":[{"href":"https:\/\/uj.adatbank.ro\/lexikon\/wp-json\/wp\/v2\/product\/8168","targetHints":{"allow":["GET"]}}],"collection":[{"href":"https:\/\/uj.adatbank.ro\/lexikon\/wp-json\/wp\/v2\/product"}],"about":[{"href":"https:\/\/uj.adatbank.ro\/lexikon\/wp-json\/wp\/v2\/types\/product"}],"replies":[{"embeddable":true,"href":"https:\/\/uj.adatbank.ro\/lexikon\/wp-json\/wp\/v2\/comments?post=8168"}],"wp:attachment":[{"href":"https:\/\/uj.adatbank.ro\/lexikon\/wp-json\/wp\/v2\/media?parent=8168"}],"wp:term":[{"taxonomy":"product_brand","embeddable":true,"href":"https:\/\/uj.adatbank.ro\/lexikon\/wp-json\/wp\/v2\/product_brand?post=8168"},{"taxonomy":"product_cat","embeddable":true,"href":"https:\/\/uj.adatbank.ro\/lexikon\/wp-json\/wp\/v2\/product_cat?post=8168"},{"taxonomy":"product_tag","embeddable":true,"href":"https:\/\/uj.adatbank.ro\/lexikon\/wp-json\/wp\/v2\/product_tag?post=8168"}],"curies":[{"name":"wp","href":"https:\/\/api.w.org\/{rel}","templated":true}]}}

FODOR Piroska, Fekete Jánosné

<p>? † ? : iparművész. – Férje: Fekete János, ref. lelkész. Fiúk : Fekete Zsolt, Mv.-en élő festőművész. – Bp.-en végezte az iparművészeti iskolát. Állása is volt ott, haza jött szabadságra és megismerkedett a Gecse utcai ref. segédpappal és hozzáment feleségül. Nyárádkarácsonyfalvára kerültek. Ott a falusi asszonyokkal kézimunkákat varratott, és eladták Kv.-on és Mv.-en. Székely bútorokat is készítettek, amiket a szövetkezet Svájcba küldött. A II. vh. vetett véget ennek a tevékenységnek. F. János börtönbe került. <br /><strong>Irod.:</strong> Sipos</br></p>

<p>? † ? : iparművész. – Férje: Fekete János, ref. lelkész. Fiúk : Fekete Zsolt, Mv.-en élő festőművész. – Bp.-en végezte az iparművészeti iskolát. Állása is volt ott, haza jött szabadságra és megismerkedett a Gecse utcai ref. segédpappal és hozzáment feleségül. Nyárádkarácsonyfalvára kerültek. Ott a falusi asszonyokkal kézimunkákat varratott, és eladták Kv.-on és Mv.-en. Székely bútorokat is [&hellip;]</p>
