{"id":8169,"date":"2025-06-29T10:16:50","date_gmt":"2025-06-29T08:16:50","guid":{"rendered":"https:\/\/uj.adatbank.ro\/lexikon\/termek\/fodor-sandor\/"},"modified":"2025-06-29T10:16:50","modified_gmt":"2025-06-29T08:16:50","slug":"fodor-sandor","status":"publish","type":"product","link":"https:\/\/uj.adatbank.ro\/lexikon\/termek\/fodor-sandor\/","title":{"rendered":"FODOR S\u00e1ndor"},"content":{"rendered":"<p>Sz\u00e1szr\u00e9gen, 1884., \u2020\u00a0Mv., 1959.: faeszterg\u00e1lyos. \u2013 Fiai: S\u00e1ndor \u00e9s J\u00e1nos. \u2013 Iskol\u00e1it Sz\u00e1szr\u00e9genben v\u00e9gezte. \u00d6n\u00e1ll\u00f3 m\u0171eszterg\u00e1lyos mester Mv.-en (1918). Megvette Szab\u00f3 eszterg\u00e1lyos mester m\u0171hely\u00e9t, b\u0151v\u00edtette, korszer\u0171s\u00edtette, g\u00e9peket hozatott N\u00e9meto. -b\u00f3l, \u00e1tt\u00e9rt a villanymeghajt\u00e1sra. 12\u201314 munk\u00e1ssal is dolgoztatott. Gy\u00e1rtott hord\u00f3csapokat t\u00edz m\u00e9retben, parafa- dug\u00f3kat v\u00e1gott ki, eszterg\u00e1lt b\u00fatord\u00edszeket, sz\u00e9kl\u00e1bakat, d\u00edszes \u00e1ll\u00f3fogasokat. A V\u00e1rtemplomnak, ahol presbiter volt nagy falicsill\u00e1rt k\u00e9sz\u00edtett. Fiai folytatt\u00e1k apjuk mesters\u00e9g\u00e9t, m\u0171hely\u00fck fenn\u00e1llt (\u20131961), akkor sz\u00f6vetkezetbe k\u00e9nyszer\u00edtett\u00e9k \u0151ket. A nagyobb g\u00e9peket a Sim\u00f3 G\u00e9za gy\u00e1rba, a kisebbeket az Arta-Mobila sz\u00f6vetkezetbe vitt\u00e9k. J\u00f3indulatb\u00f3l meghagyt\u00e1k az apr\u00f3bb g\u00e9peket, amelyekkel fiai nyugd\u00edjas korukban dolgozhattak egy keveset. V\u00e9gig harcolta az els\u0151 vh. -t, a bronz. vit. \u00e9rem \u00e9s a K\u00e1roly Csapatkereszt kit\u00fcntetettje. Az Asztalos Ipartest\u00fclet p\u00e9nzt\u00e1rosa, a ref. egyh\u00e1z presbitere. <br \/><strong>Irod.:<\/strong> Sz\u00e9kelyf\u00f6ld \u00ed. k<\/br><\/p>\n","protected":false},"excerpt":{"rendered":"<p>Sz\u00e1szr\u00e9gen, 1884., \u2020\u00a0Mv., 1959.: faeszterg\u00e1lyos. \u2013 Fiai: S\u00e1ndor \u00e9s J\u00e1nos. \u2013 Iskol\u00e1it Sz\u00e1szr\u00e9genben v\u00e9gezte. \u00d6n\u00e1ll\u00f3 m\u0171eszterg\u00e1lyos mester Mv.-en (1918). Megvette Szab\u00f3 eszterg\u00e1lyos mester m\u0171hely\u00e9t, b\u0151v\u00edtette, korszer\u0171s\u00edtette, g\u00e9peket hozatott N\u00e9meto. -b\u00f3l, \u00e1tt\u00e9rt a villanymeghajt\u00e1sra. 12\u201314 munk\u00e1ssal is dolgoztatott. Gy\u00e1rtott hord\u00f3csapokat t\u00edz m\u00e9retben, parafa- dug\u00f3kat v\u00e1gott ki, eszterg\u00e1lt b\u00fatord\u00edszeket, sz\u00e9kl\u00e1bakat, d\u00edszes \u00e1ll\u00f3fogasokat. A V\u00e1rtemplomnak, ahol presbiter volt [&hellip;]<\/p>\n","protected":false},"featured_media":0,"comment_status":"open","ping_status":"closed","template":"","meta":[],"product_brand":[],"product_cat":[137],"product_tag":[],"class_list":{"0":"post-8169","1":"product","2":"type-product","3":"status-publish","5":"product_cat-maros-megyei-eletrajzi-lexikon","7":"first","8":"instock","9":"shipping-taxable","10":"product-type-simple"},"_links":{"self":[{"href":"https:\/\/uj.adatbank.ro\/lexikon\/wp-json\/wp\/v2\/product\/8169","targetHints":{"allow":["GET"]}}],"collection":[{"href":"https:\/\/uj.adatbank.ro\/lexikon\/wp-json\/wp\/v2\/product"}],"about":[{"href":"https:\/\/uj.adatbank.ro\/lexikon\/wp-json\/wp\/v2\/types\/product"}],"replies":[{"embeddable":true,"href":"https:\/\/uj.adatbank.ro\/lexikon\/wp-json\/wp\/v2\/comments?post=8169"}],"wp:attachment":[{"href":"https:\/\/uj.adatbank.ro\/lexikon\/wp-json\/wp\/v2\/media?parent=8169"}],"wp:term":[{"taxonomy":"product_brand","embeddable":true,"href":"https:\/\/uj.adatbank.ro\/lexikon\/wp-json\/wp\/v2\/product_brand?post=8169"},{"taxonomy":"product_cat","embeddable":true,"href":"https:\/\/uj.adatbank.ro\/lexikon\/wp-json\/wp\/v2\/product_cat?post=8169"},{"taxonomy":"product_tag","embeddable":true,"href":"https:\/\/uj.adatbank.ro\/lexikon\/wp-json\/wp\/v2\/product_tag?post=8169"}],"curies":[{"name":"wp","href":"https:\/\/api.w.org\/{rel}","templated":true}]}}

FODOR Sándor

<p>Szászrégen, 1884., † Mv., 1959.: faesztergályos. – Fiai: Sándor és János. – Iskoláit Szászrégenben végezte. Önálló műesztergályos mester Mv.-en (1918). Megvette Szabó esztergályos mester műhelyét, bővítette, korszerűsítette, gépeket hozatott Németo. -ból, áttért a villanymeghajtásra. 12–14 munkással is dolgoztatott. Gyártott hordócsapokat tíz méretben, parafa- dugókat vágott ki, esztergált bútordíszeket, széklábakat, díszes állófogasokat. A Vártemplomnak, ahol presbiter volt nagy falicsillárt készített. Fiai folytatták apjuk mesterségét, műhelyük fennállt (–1961), akkor szövetkezetbe kényszerítették őket. A nagyobb gépeket a Simó Géza gyárba, a kisebbeket az Arta-Mobila szövetkezetbe vitték. Jóindulatból meghagyták az apróbb gépeket, amelyekkel fiai nyugdíjas korukban dolgozhattak egy keveset. Végig harcolta az első vh. -t, a bronz. vit. érem és a Károly Csapatkereszt kitüntetettje. Az Asztalos Ipartestület pénztárosa, a ref. egyház presbitere. <br /><strong>Irod.:</strong> Székelyföld í. k</br></p>

<p>Szászrégen, 1884., † Mv., 1959.: faesztergályos. – Fiai: Sándor és János. – Iskoláit Szászrégenben végezte. Önálló műesztergályos mester Mv.-en (1918). Megvette Szabó esztergályos mester műhelyét, bővítette, korszerűsítette, gépeket hozatott Németo. -ból, áttért a villanymeghajtásra. 12–14 munkással is dolgoztatott. Gyártott hordócsapokat tíz méretben, parafa- dugókat vágott ki, esztergált bútordíszeket, széklábakat, díszes állófogasokat. A Vártemplomnak, ahol presbiter volt [&hellip;]</p>
