{"id":8176,"date":"2025-06-29T10:17:00","date_gmt":"2025-06-29T08:17:00","guid":{"rendered":"https:\/\/uj.adatbank.ro\/lexikon\/termek\/fogarasi-istvan\/"},"modified":"2025-06-29T10:17:00","modified_gmt":"2025-06-29T08:17:00","slug":"fogarasi-istvan","status":"publish","type":"product","link":"https:\/\/uj.adatbank.ro\/lexikon\/termek\/fogarasi-istvan\/","title":{"rendered":"FOGARASI Istv\u00e1n"},"content":{"rendered":"<p>? \u2020\u00a0? 17. sz.: ref. lelk\u00e9sz. \u2013 Lugoson a rom\u00e1n-m. ekl\u00e9zsia lelkip\u00e1sztora (1648). Rom\u00e1n nyelvre ford\u00edtotta a Heidelbergi k\u00e1t\u00e9t, amely meg is jelent Gyulafeh\u00e9rv\u00e1ron, egyetlen p\u00e9ld\u00e1nya a mv.-i Ref. Koll. k\u00f6nyvt\u00e1r\u00e1ban van, csak az 1\u20136 lap, a c\u00edmlev\u00e9l \u00e9s az aj\u00e1nl\u00e1s m. nyelv\u0171 a t\u00f6bbi rom\u00e1n. Az aj\u00e1nl\u00e1sb\u00f3l kit\u00fcnik hogy F. Szent D\u00e1vid zsolt\u00e1rait is leford\u00edtotta rom\u00e1n nyelvre \u00e9s Barcsai seg\u00edts\u00e9g\u00e9vel ki is sz\u00e1nd\u00e9kozott adni, de nem jelent meg. \u2013 <strong>F. m.:<\/strong> Catechismus Az az\u00a0: a Kereszty\u00e9ni Vall\u00e1snak \u00e9s H\u00fctnek R\u00f6vid k\u00e9rd\u00e9sekben \u00e9s feleletekben foglaltatott szent ir\u00e1sb\u00e9li bizonyoss\u00e1gokval meg-er\u0151s\u00edtettet summ\u00e1ja avagy veleje, Mellyet De\u00e1k \u00e9s Magyar nyelvr\u0151l Ol\u00e1h nyelvre ford\u00edtott (Gyulafeh\u00e9rv\u00e1r, 1648) <br \/><strong>Irod.:<\/strong> M\u00c9L; Szinnyei; \u00daM\u00c9L<\/br><\/p>\n","protected":false},"excerpt":{"rendered":"<p>? \u2020\u00a0? 17. sz.: ref. lelk\u00e9sz. \u2013 Lugoson a rom\u00e1n-m. ekl\u00e9zsia lelkip\u00e1sztora (1648). Rom\u00e1n nyelvre ford\u00edtotta a Heidelbergi k\u00e1t\u00e9t, amely meg is jelent Gyulafeh\u00e9rv\u00e1ron, egyetlen p\u00e9ld\u00e1nya a mv.-i Ref. Koll. k\u00f6nyvt\u00e1r\u00e1ban van, csak az 1\u20136 lap, a c\u00edmlev\u00e9l \u00e9s az aj\u00e1nl\u00e1s m. nyelv\u0171 a t\u00f6bbi rom\u00e1n. Az aj\u00e1nl\u00e1sb\u00f3l kit\u00fcnik hogy F. Szent D\u00e1vid zsolt\u00e1rait is [&hellip;]<\/p>\n","protected":false},"featured_media":0,"comment_status":"open","ping_status":"closed","template":"","meta":[],"product_brand":[],"product_cat":[137],"product_tag":[],"class_list":{"0":"post-8176","1":"product","2":"type-product","3":"status-publish","5":"product_cat-maros-megyei-eletrajzi-lexikon","7":"first","8":"instock","9":"shipping-taxable","10":"product-type-simple"},"_links":{"self":[{"href":"https:\/\/uj.adatbank.ro\/lexikon\/wp-json\/wp\/v2\/product\/8176","targetHints":{"allow":["GET"]}}],"collection":[{"href":"https:\/\/uj.adatbank.ro\/lexikon\/wp-json\/wp\/v2\/product"}],"about":[{"href":"https:\/\/uj.adatbank.ro\/lexikon\/wp-json\/wp\/v2\/types\/product"}],"replies":[{"embeddable":true,"href":"https:\/\/uj.adatbank.ro\/lexikon\/wp-json\/wp\/v2\/comments?post=8176"}],"wp:attachment":[{"href":"https:\/\/uj.adatbank.ro\/lexikon\/wp-json\/wp\/v2\/media?parent=8176"}],"wp:term":[{"taxonomy":"product_brand","embeddable":true,"href":"https:\/\/uj.adatbank.ro\/lexikon\/wp-json\/wp\/v2\/product_brand?post=8176"},{"taxonomy":"product_cat","embeddable":true,"href":"https:\/\/uj.adatbank.ro\/lexikon\/wp-json\/wp\/v2\/product_cat?post=8176"},{"taxonomy":"product_tag","embeddable":true,"href":"https:\/\/uj.adatbank.ro\/lexikon\/wp-json\/wp\/v2\/product_tag?post=8176"}],"curies":[{"name":"wp","href":"https:\/\/api.w.org\/{rel}","templated":true}]}}

FOGARASI István

<p>? † ? 17. sz.: ref. lelkész. – Lugoson a román-m. eklézsia lelkipásztora (1648). Román nyelvre fordította a Heidelbergi kátét, amely meg is jelent Gyulafehérváron, egyetlen példánya a mv.-i Ref. Koll. könyvtárában van, csak az 1–6 lap, a címlevél és az ajánlás m. nyelvű a többi román. Az ajánlásból kitünik hogy F. Szent Dávid zsoltárait is lefordította román nyelvre és Barcsai segítségével ki is szándékozott adni, de nem jelent meg. – <strong>F. m.:</strong> Catechismus Az az : a Keresztyéni Vallásnak és Hütnek Rövid kérdésekben és feleletekben foglaltatott szent irásbéli bizonyosságokval meg-erősítettet summája avagy veleje, Mellyet Deák és Magyar nyelvről Oláh nyelvre fordított (Gyulafehérvár, 1648) <br /><strong>Irod.:</strong> MÉL; Szinnyei; ÚMÉL</br></p>

<p>? † ? 17. sz.: ref. lelkész. – Lugoson a román-m. eklézsia lelkipásztora (1648). Román nyelvre fordította a Heidelbergi kátét, amely meg is jelent Gyulafehérváron, egyetlen példánya a mv.-i Ref. Koll. könyvtárában van, csak az 1–6 lap, a címlevél és az ajánlás m. nyelvű a többi román. Az ajánlásból kitünik hogy F. Szent Dávid zsoltárait is [&hellip;]</p>
