{"id":8180,"date":"2025-06-29T10:17:09","date_gmt":"2025-06-29T08:17:09","guid":{"rendered":"https:\/\/uj.adatbank.ro\/lexikon\/termek\/fogarasi-jozsef-fogarasi-szabo-jozsef\/"},"modified":"2025-06-29T10:17:09","modified_gmt":"2025-06-29T08:17:09","slug":"fogarasi-jozsef-fogarasi-szabo-jozsef","status":"publish","type":"product","link":"https:\/\/uj.adatbank.ro\/lexikon\/termek\/fogarasi-jozsef-fogarasi-szabo-jozsef\/","title":{"rendered":"FOGARASI J\u00f3zsef, Fogarasi Szab\u00f3 J\u00f3zsef"},"content":{"rendered":"<p>1716., \u2020 ? : szab\u00f3. \u2013 Feles\u00e9ge\u00a0: Bonyhai Verest\u00f3i Zsuzs\u00e1nna (esk\u00fcv\u0151: 1764). Fi\u00fak: S\u00e1muel (1770. j\u00fan. 19.). \u2013 T\u00f6bb esztend\u0151n \u00e1t szolg\u00e1lt. Mv.-en \u00dcstgy\u00e1rt\u00f3 Szab\u00f3 S\u00e1muelhez \u00e1llt be szab\u00f3inasnak. Felszabadul\u00e1sa ut\u00e1n 8 \u00e9vet \u00e9lt Magyaro.-on. Visszat\u00e9rve Nagyszebenben dolgozott (1754\u2013) Haller P\u00e1lnak, B\u00e1nffi Farkas a Kir. T\u00e1bla eln\u00f6k\u00e9nek udvari szab\u00f3ja lett, \u00e9s \u00e1tk\u00f6lt\u00f6z\u00f6tt a Kir. T\u00e1bl\u00e1val egy\u00fctt Mv. -re. Leg\u00e9nyeket \u00e9s isnasokat is tartott, 48 \u00e9ves kor\u00e1ban h\u00e1zasodott meg. Ir\u00e1studatlan volt, de gyermekeit tan\u00edttatta. Igen h\u00edres mesterember volt, dolgozott D\u00e9sen, Szebenben, Kv.-on is. <br \/><strong>Irod.:<\/strong> Fogarasi; Ny\u00e1r\u00e1dszentbenedek<\/br><\/p>\n","protected":false},"excerpt":{"rendered":"<p>1716., \u2020 ? : szab\u00f3. \u2013 Feles\u00e9ge\u00a0: Bonyhai Verest\u00f3i Zsuzs\u00e1nna (esk\u00fcv\u0151: 1764). Fi\u00fak: S\u00e1muel (1770. j\u00fan. 19.). \u2013 T\u00f6bb esztend\u0151n \u00e1t szolg\u00e1lt. Mv.-en \u00dcstgy\u00e1rt\u00f3 Szab\u00f3 S\u00e1muelhez \u00e1llt be szab\u00f3inasnak. Felszabadul\u00e1sa ut\u00e1n 8 \u00e9vet \u00e9lt Magyaro.-on. Visszat\u00e9rve Nagyszebenben dolgozott (1754\u2013) Haller P\u00e1lnak, B\u00e1nffi Farkas a Kir. T\u00e1bla eln\u00f6k\u00e9nek udvari szab\u00f3ja lett, \u00e9s \u00e1tk\u00f6lt\u00f6z\u00f6tt a Kir. T\u00e1bl\u00e1val [&hellip;]<\/p>\n","protected":false},"featured_media":0,"comment_status":"open","ping_status":"closed","template":"","meta":[],"product_brand":[],"product_cat":[137],"product_tag":[],"class_list":{"0":"post-8180","1":"product","2":"type-product","3":"status-publish","5":"product_cat-maros-megyei-eletrajzi-lexikon","7":"first","8":"instock","9":"shipping-taxable","10":"product-type-simple"},"_links":{"self":[{"href":"https:\/\/uj.adatbank.ro\/lexikon\/wp-json\/wp\/v2\/product\/8180","targetHints":{"allow":["GET"]}}],"collection":[{"href":"https:\/\/uj.adatbank.ro\/lexikon\/wp-json\/wp\/v2\/product"}],"about":[{"href":"https:\/\/uj.adatbank.ro\/lexikon\/wp-json\/wp\/v2\/types\/product"}],"replies":[{"embeddable":true,"href":"https:\/\/uj.adatbank.ro\/lexikon\/wp-json\/wp\/v2\/comments?post=8180"}],"wp:attachment":[{"href":"https:\/\/uj.adatbank.ro\/lexikon\/wp-json\/wp\/v2\/media?parent=8180"}],"wp:term":[{"taxonomy":"product_brand","embeddable":true,"href":"https:\/\/uj.adatbank.ro\/lexikon\/wp-json\/wp\/v2\/product_brand?post=8180"},{"taxonomy":"product_cat","embeddable":true,"href":"https:\/\/uj.adatbank.ro\/lexikon\/wp-json\/wp\/v2\/product_cat?post=8180"},{"taxonomy":"product_tag","embeddable":true,"href":"https:\/\/uj.adatbank.ro\/lexikon\/wp-json\/wp\/v2\/product_tag?post=8180"}],"curies":[{"name":"wp","href":"https:\/\/api.w.org\/{rel}","templated":true}]}}

FOGARASI József, Fogarasi Szabó József

<p>1716., † ? : szabó. – Felesége : Bonyhai Verestói Zsuzsánna (esküvő: 1764). Fiúk: Sámuel (1770. jún. 19.). – Több esztendőn át szolgált. Mv.-en Üstgyártó Szabó Sámuelhez állt be szabóinasnak. Felszabadulása után 8 évet élt Magyaro.-on. Visszatérve Nagyszebenben dolgozott (1754–) Haller Pálnak, Bánffi Farkas a Kir. Tábla elnökének udvari szabója lett, és átköltözött a Kir. Táblával együtt Mv. -re. Legényeket és isnasokat is tartott, 48 éves korában házasodott meg. Irástudatlan volt, de gyermekeit taníttatta. Igen híres mesterember volt, dolgozott Désen, Szebenben, Kv.-on is. <br /><strong>Irod.:</strong> Fogarasi; Nyárádszentbenedek</br></p>

<p>1716., † ? : szabó. – Felesége : Bonyhai Verestói Zsuzsánna (esküvő: 1764). Fiúk: Sámuel (1770. jún. 19.). – Több esztendőn át szolgált. Mv.-en Üstgyártó Szabó Sámuelhez állt be szabóinasnak. Felszabadulása után 8 évet élt Magyaro.-on. Visszatérve Nagyszebenben dolgozott (1754–) Haller Pálnak, Bánffi Farkas a Kir. Tábla elnökének udvari szabója lett, és átköltözött a Kir. Táblával [&hellip;]</p>
