{"id":8182,"date":"2025-06-29T10:17:14","date_gmt":"2025-06-29T08:17:14","guid":{"rendered":"https:\/\/uj.adatbank.ro\/lexikon\/termek\/fogarasi-laszlo-fogarasi-ladislau\/"},"modified":"2025-06-29T10:17:14","modified_gmt":"2025-06-29T08:17:14","slug":"fogarasi-laszlo-fogarasi-ladislau","status":"publish","type":"product","link":"https:\/\/uj.adatbank.ro\/lexikon\/termek\/fogarasi-laszlo-fogarasi-ladislau\/","title":{"rendered":"FOGARASI L\u00e1szl\u00f3, Fogarasi Ladislau"},"content":{"rendered":"<p>Sz\u00e1szr\u00e9gen, 1922. febr. 1., \u2020 Sz\u00e1sz\u00e9gen, 2009. okt.: b\u00fatorasztalos, f\u00e9nyk\u00e9p\u00e9sz. \u2013 Elemi isk. -t \u00e9s szakisk. -t Sz\u00e1szr\u00e9genben v\u00e9gzett. Inask\u00e9nt dolgozott Kloss Richard \u00e9s Herzkovics Adolf m\u0171hely\u00e9ben. R\u00e9genben W\u00e9ber \u00d6d\u00f6n \u00e9s Linda J\u00f3zsef mag\u00e1nasztalosokn\u00e1l dolgozott (1941\u201343). A m. hadseregben teljes\u00edtett katonai szolg\u00e1latot, kivitt\u00e9k a frontra (1944. m\u00e1rc. 15. \u2013 1945. m\u00e1j. 10). Hadifogoly (1945. m\u00e1j. 2. -aug. 25.). Asztalosk\u00e9nt a Reghinul SA alkalmazottja (1947. \u00e1pr. \u2013), csoportvezet\u0151k\u00e9nt vezette a Cimbora vitorl\u00e1z\u00f3g\u00e9p minden jav\u00edt\u00e1si munk\u00e1lat\u00e1t\u00e1t (1948\u201349). A L\u00e9ghaj\u00f3 \u00c9p\u00edt\u0151 R\u00e9szleg megalakul\u00e1s\u00e1t\u00f3l Vladimir Novi\u0163chi technikus legfontosabb munkat\u00e1rsa. Sab\u0103u Zaharieval egy\u00fctt ir\u00e1ny\u00edtotta ennek a r\u00e9szlegnek a 3 asztalos m\u0171hely\u00e9t. Asztalosmesterr\u00e9 l\u00e9ptett\u00e9k el\u0151 (1956\u2013). A r\u00e9szleg megsz\u0171n\u00e9se ut\u00e1n is a v\u00e1llalatn\u00e1l maradt, ahol nyugd\u00edjaz\u00e1s\u00e1ig dolgozott (1982. febr.). Fiatalon kezdett f\u00e9nyk\u00e9pezni, r\u00f6gz\u00edtette a v\u00e1ros m\u0171vel\u0151d\u00e9si \u00e9s sport\u00e9let\u00e9t. <br \/><strong>Irod.:<\/strong> Bartos \u2013 Bitto-Magyary; Szab\u00f3: In memoriam F. L. (N\u00fa., 2009. okt. 19.)<\/br><\/p>\n","protected":false},"excerpt":{"rendered":"<p>Sz\u00e1szr\u00e9gen, 1922. febr. 1., \u2020 Sz\u00e1sz\u00e9gen, 2009. okt.: b\u00fatorasztalos, f\u00e9nyk\u00e9p\u00e9sz. \u2013 Elemi isk. -t \u00e9s szakisk. -t Sz\u00e1szr\u00e9genben v\u00e9gzett. Inask\u00e9nt dolgozott Kloss Richard \u00e9s Herzkovics Adolf m\u0171hely\u00e9ben. R\u00e9genben W\u00e9ber \u00d6d\u00f6n \u00e9s Linda J\u00f3zsef mag\u00e1nasztalosokn\u00e1l dolgozott (1941\u201343). A m. hadseregben teljes\u00edtett katonai szolg\u00e1latot, kivitt\u00e9k a frontra (1944. m\u00e1rc. 15. \u2013 1945. m\u00e1j. 10). Hadifogoly (1945. m\u00e1j. [&hellip;]<\/p>\n","protected":false},"featured_media":0,"comment_status":"open","ping_status":"closed","template":"","meta":[],"product_brand":[],"product_cat":[137],"product_tag":[],"class_list":{"0":"post-8182","1":"product","2":"type-product","3":"status-publish","5":"product_cat-maros-megyei-eletrajzi-lexikon","7":"first","8":"instock","9":"shipping-taxable","10":"product-type-simple"},"_links":{"self":[{"href":"https:\/\/uj.adatbank.ro\/lexikon\/wp-json\/wp\/v2\/product\/8182","targetHints":{"allow":["GET"]}}],"collection":[{"href":"https:\/\/uj.adatbank.ro\/lexikon\/wp-json\/wp\/v2\/product"}],"about":[{"href":"https:\/\/uj.adatbank.ro\/lexikon\/wp-json\/wp\/v2\/types\/product"}],"replies":[{"embeddable":true,"href":"https:\/\/uj.adatbank.ro\/lexikon\/wp-json\/wp\/v2\/comments?post=8182"}],"wp:attachment":[{"href":"https:\/\/uj.adatbank.ro\/lexikon\/wp-json\/wp\/v2\/media?parent=8182"}],"wp:term":[{"taxonomy":"product_brand","embeddable":true,"href":"https:\/\/uj.adatbank.ro\/lexikon\/wp-json\/wp\/v2\/product_brand?post=8182"},{"taxonomy":"product_cat","embeddable":true,"href":"https:\/\/uj.adatbank.ro\/lexikon\/wp-json\/wp\/v2\/product_cat?post=8182"},{"taxonomy":"product_tag","embeddable":true,"href":"https:\/\/uj.adatbank.ro\/lexikon\/wp-json\/wp\/v2\/product_tag?post=8182"}],"curies":[{"name":"wp","href":"https:\/\/api.w.org\/{rel}","templated":true}]}}