{"id":8188,"date":"2025-06-29T10:17:30","date_gmt":"2025-06-29T08:17:30","guid":{"rendered":"https:\/\/uj.adatbank.ro\/lexikon\/termek\/fogarasi-rudolf-fagarasanu-rudolf\/"},"modified":"2025-06-29T10:17:30","modified_gmt":"2025-06-29T08:17:30","slug":"fogarasi-rudolf-fagarasanu-rudolf","status":"publish","type":"product","link":"https:\/\/uj.adatbank.ro\/lexikon\/termek\/fogarasi-rudolf-fagarasanu-rudolf\/","title":{"rendered":"FOGARASI Rudolf, F\u0103g\u0103r\u0103\u015fanu Rudolf"},"content":{"rendered":"<p>1838? \u2020 Brass\u00f3, 1888. m\u00e1j. 2.: v\u00e1llalkoz\u00f3. \u2013 F\u0103g\u0103r\u0103\u015fanu Dimitrie Ioan, Fogarasi Demeter fia. \u2013 T\u00e1rsult Imre S\u00e1ndorral \u00e9s Nagy Lajossal, nyomd\u00e1t v\u00e1s\u00e1roltak Mv.-en (1865). <br \/><strong>Irod.:<\/strong> Gy\u00e1szjelent\u0151; Id\u0151t\u00e1r 2<\/br><\/p>\n","protected":false},"excerpt":{"rendered":"<p>1838? \u2020 Brass\u00f3, 1888. m\u00e1j. 2.: v\u00e1llalkoz\u00f3. \u2013 F\u0103g\u0103r\u0103\u015fanu Dimitrie Ioan, Fogarasi Demeter fia. \u2013 T\u00e1rsult Imre S\u00e1ndorral \u00e9s Nagy Lajossal, nyomd\u00e1t v\u00e1s\u00e1roltak Mv.-en (1865). Irod.: Gy\u00e1szjelent\u0151; Id\u0151t\u00e1r 2<\/p>\n","protected":false},"featured_media":0,"comment_status":"open","ping_status":"closed","template":"","meta":[],"product_brand":[],"product_cat":[137],"product_tag":[],"class_list":{"0":"post-8188","1":"product","2":"type-product","3":"status-publish","5":"product_cat-maros-megyei-eletrajzi-lexikon","7":"first","8":"instock","9":"shipping-taxable","10":"product-type-simple"},"_links":{"self":[{"href":"https:\/\/uj.adatbank.ro\/lexikon\/wp-json\/wp\/v2\/product\/8188","targetHints":{"allow":["GET"]}}],"collection":[{"href":"https:\/\/uj.adatbank.ro\/lexikon\/wp-json\/wp\/v2\/product"}],"about":[{"href":"https:\/\/uj.adatbank.ro\/lexikon\/wp-json\/wp\/v2\/types\/product"}],"replies":[{"embeddable":true,"href":"https:\/\/uj.adatbank.ro\/lexikon\/wp-json\/wp\/v2\/comments?post=8188"}],"wp:attachment":[{"href":"https:\/\/uj.adatbank.ro\/lexikon\/wp-json\/wp\/v2\/media?parent=8188"}],"wp:term":[{"taxonomy":"product_brand","embeddable":true,"href":"https:\/\/uj.adatbank.ro\/lexikon\/wp-json\/wp\/v2\/product_brand?post=8188"},{"taxonomy":"product_cat","embeddable":true,"href":"https:\/\/uj.adatbank.ro\/lexikon\/wp-json\/wp\/v2\/product_cat?post=8188"},{"taxonomy":"product_tag","embeddable":true,"href":"https:\/\/uj.adatbank.ro\/lexikon\/wp-json\/wp\/v2\/product_tag?post=8188"}],"curies":[{"name":"wp","href":"https:\/\/api.w.org\/{rel}","templated":true}]}}