{"id":8189,"date":"2025-06-29T10:17:32","date_gmt":"2025-06-29T08:17:32","guid":{"rendered":"https:\/\/uj.adatbank.ro\/lexikon\/termek\/fogarasi-samuel\/"},"modified":"2025-06-29T10:17:32","modified_gmt":"2025-06-29T08:17:32","slug":"fogarasi-samuel","status":"publish","type":"product","link":"https:\/\/uj.adatbank.ro\/lexikon\/termek\/fogarasi-samuel\/","title":{"rendered":"FOGARASI S\u00e1muel"},"content":{"rendered":"<p>Fogaras, 1670 k. \u2020 Kv., 1724.: tan\u00e1r, rektor, orvos. \u2013 Feles\u00e9ge: fricsi Fekete Erzs\u00e9bet. \u2013 A Nagyenyedi Koll.-ban tanult, latin g\u00f6r\u00f6g nyelvet, b\u00f6lcseletet \u00e9s teol\u00f3gi\u00e1t v\u00e9gzett. Az enyedi koll. szeniora volt (1695). Megh\u00edvt\u00e1k Mv. -re. rektornak (1696. m\u00e1j. 6. \u2013 1698. aug.), beiktat\u00e1sakor sz\u00e9kfoglal\u00f3 besz\u00e9det tartott (1696. m\u00e1j. 17.). \u00d6t oszt\u00e1lytan\u00edt\u00f3 k\u00f6zrem\u0171k\u0151d\u00e9s\u00e9vel foglalkozozott a matrikul\u00e1ban be\u00edrt 36 tanul\u00f3val. K\u00e9t \u00e9vi igazgat\u00e1s ut\u00e1n a franekeri egyetemen folytatta tanulm\u00e1nyait, ahol orvosi diplom\u00e1t szerzett (1698\u20131703.). Patr\u00f3nusai gr. Bethlen Mikl\u00f3s erd\u00e9lyi kancell\u00e1r, Bethlen S\u00e1muel K\u00fck\u00fcll\u0151 megyei f\u0151isp\u00e1n \u00e9s Bethlen J\u00e1nos voltak. Fogarason gyakorl\u00f3 orvos. H\u00e1zass\u00e1ga ut\u00e1n S\u00f6v\u00e9nyfalv\u00e1n, a feles\u00e9ge birtok\u00e1n \u00e9ltek. Hamis v\u00e1dak alapj\u00e1n fogs\u00e1gba ker\u00fclt Kv.-ra, ott is halt meg. \u2013 <strong>F. m.:<\/strong> Dissertatio inaug. med. de scorbuto (Franequerae, 1703); Dissertatio medica de scorbuto (Franequerae, 1708); <strong>antol\u00f3g.:<\/strong> Mv. \u00e9s V\u00e1rtemploma (Bp., 1990); <strong>K\u00e9ziratban:<\/strong> Observationes medicae varii generis, Tentamina inpromis novorum medicamentorum in morbis falminarum curandis instituta. <br \/><strong>Irod.:<\/strong> Gy\u0151ry; Koncz; Kozma; Kozma B\u00e9la: Koll\u00e9giumunk \u00e9s az Erd\u00e9lyi Magyar Nyelvm\u00edvel\u0151 T\u00e1rsas\u00e1g (1.) (N\u00fa., 1993. aug. 4.); Pataki; Szinnyei<\/br><\/p>\n","protected":false},"excerpt":{"rendered":"<p>Fogaras, 1670 k. \u2020 Kv., 1724.: tan\u00e1r, rektor, orvos. \u2013 Feles\u00e9ge: fricsi Fekete Erzs\u00e9bet. \u2013 A Nagyenyedi Koll.-ban tanult, latin g\u00f6r\u00f6g nyelvet, b\u00f6lcseletet \u00e9s teol\u00f3gi\u00e1t v\u00e9gzett. Az enyedi koll. szeniora volt (1695). Megh\u00edvt\u00e1k Mv. -re. rektornak (1696. m\u00e1j. 6. \u2013 1698. aug.), beiktat\u00e1sakor sz\u00e9kfoglal\u00f3 besz\u00e9det tartott (1696. m\u00e1j. 17.). \u00d6t oszt\u00e1lytan\u00edt\u00f3 k\u00f6zrem\u0171k\u0151d\u00e9s\u00e9vel foglalkozozott a matrikul\u00e1ban [&hellip;]<\/p>\n","protected":false},"featured_media":0,"comment_status":"open","ping_status":"closed","template":"","meta":[],"product_brand":[],"product_cat":[137],"product_tag":[],"class_list":{"0":"post-8189","1":"product","2":"type-product","3":"status-publish","5":"product_cat-maros-megyei-eletrajzi-lexikon","7":"first","8":"instock","9":"shipping-taxable","10":"product-type-simple"},"_links":{"self":[{"href":"https:\/\/uj.adatbank.ro\/lexikon\/wp-json\/wp\/v2\/product\/8189","targetHints":{"allow":["GET"]}}],"collection":[{"href":"https:\/\/uj.adatbank.ro\/lexikon\/wp-json\/wp\/v2\/product"}],"about":[{"href":"https:\/\/uj.adatbank.ro\/lexikon\/wp-json\/wp\/v2\/types\/product"}],"replies":[{"embeddable":true,"href":"https:\/\/uj.adatbank.ro\/lexikon\/wp-json\/wp\/v2\/comments?post=8189"}],"wp:attachment":[{"href":"https:\/\/uj.adatbank.ro\/lexikon\/wp-json\/wp\/v2\/media?parent=8189"}],"wp:term":[{"taxonomy":"product_brand","embeddable":true,"href":"https:\/\/uj.adatbank.ro\/lexikon\/wp-json\/wp\/v2\/product_brand?post=8189"},{"taxonomy":"product_cat","embeddable":true,"href":"https:\/\/uj.adatbank.ro\/lexikon\/wp-json\/wp\/v2\/product_cat?post=8189"},{"taxonomy":"product_tag","embeddable":true,"href":"https:\/\/uj.adatbank.ro\/lexikon\/wp-json\/wp\/v2\/product_tag?post=8189"}],"curies":[{"name":"wp","href":"https:\/\/api.w.org\/{rel}","templated":true}]}}

FOGARASI Sámuel

<p>Fogaras, 1670 k. † Kv., 1724.: tanár, rektor, orvos. – Felesége: fricsi Fekete Erzsébet. – A Nagyenyedi Koll.-ban tanult, latin görög nyelvet, bölcseletet és teológiát végzett. Az enyedi koll. szeniora volt (1695). Meghívták Mv. -re. rektornak (1696. máj. 6. – 1698. aug.), beiktatásakor székfoglaló beszédet tartott (1696. máj. 17.). Öt osztálytanító közreműkődésével foglalkozozott a matrikulában beírt 36 tanulóval. Két évi igazgatás után a franekeri egyetemen folytatta tanulmányait, ahol orvosi diplomát szerzett (1698–1703.). Patrónusai gr. Bethlen Miklós erdélyi kancellár, Bethlen Sámuel Küküllő megyei főispán és Bethlen János voltak. Fogarason gyakorló orvos. Házassága után Sövényfalván, a felesége birtokán éltek. Hamis vádak alapján fogságba került Kv.-ra, ott is halt meg. – <strong>F. m.:</strong> Dissertatio inaug. med. de scorbuto (Franequerae, 1703); Dissertatio medica de scorbuto (Franequerae, 1708); <strong>antológ.:</strong> Mv. és Vártemploma (Bp., 1990); <strong>Kéziratban:</strong> Observationes medicae varii generis, Tentamina inpromis novorum medicamentorum in morbis falminarum curandis instituta. <br /><strong>Irod.:</strong> Győry; Koncz; Kozma; Kozma Béla: Kollégiumunk és az Erdélyi Magyar Nyelvmívelő Társaság (1.) (Nú., 1993. aug. 4.); Pataki; Szinnyei</br></p>

<p>Fogaras, 1670 k. † Kv., 1724.: tanár, rektor, orvos. – Felesége: fricsi Fekete Erzsébet. – A Nagyenyedi Koll.-ban tanult, latin görög nyelvet, bölcseletet és teológiát végzett. Az enyedi koll. szeniora volt (1695). Meghívták Mv. -re. rektornak (1696. máj. 6. – 1698. aug.), beiktatásakor székfoglaló beszédet tartott (1696. máj. 17.). Öt osztálytanító közreműkődésével foglalkozozott a matrikulában [&hellip;]</p>
