{"id":8192,"date":"2025-06-29T10:17:37","date_gmt":"2025-06-29T08:17:37","guid":{"rendered":"https:\/\/uj.adatbank.ro\/lexikon\/termek\/fogarasi-samuel-fogarassy-samuel\/"},"modified":"2025-06-29T10:17:37","modified_gmt":"2025-06-29T08:17:37","slug":"fogarasi-samuel-fogarassy-samuel","status":"publish","type":"product","link":"https:\/\/uj.adatbank.ro\/lexikon\/termek\/fogarasi-samuel-fogarassy-samuel\/","title":{"rendered":"FOGARASI S\u00e1muel, Fogarassy S\u00e1muel"},"content":{"rendered":"<p>Gog\u00e1nv\u00e1ralja, 1804. m\u00e1j. 24., \u2020 V\u00e1mosg\u00e1lfalva, 1864. m\u00e1rc. 27.: ref. lelk\u00e9sz. \u2013 F. S. (1770\u20131830) \u00e9s Nagy Borb\u00e1la fia. Feles\u00e9ge: Cseh Zsuzs\u00e1nna. Gyermekeik: F. Anna Er\u0151sdi Mih\u00e1lyn\u00e9; Krisztina Nagy S\u00e1ndorn\u00e9; Zsuzs\u00e1nna. \u2013 Iskol\u00e1it Mv.-en v\u00e9gezte. A d\u00e9si gener\u00e1lison szentelt\u00e9k papp\u00e1 (1830), V\u00e1mosg\u00e1lfalv\u00e1n lelk\u00e9sz, az erd\u00e9lyi ref. zsinati f\u0151jegyz\u0151, not\u00e1rius (1845\u2013), a k\u00fck\u00fcll\u0151i egyh\u00e1z ker\u00fcleti esperes (1847\u201364), k\u00f6zjegyz\u0151i helyettes (1855\u2013), f\u0151jegyz\u0151nek v\u00e1lasztott\u00e1k (1858\u2013). Jelent\u0151s k\u00fck\u00fcll\u0151i egyh\u00e1zvid\u00e9ki t\u00f6rt\u00e9n\u00e9sz, meg\u00edrta az Arch\u00edvum t\u00f6rt\u00e9net\u00e9t, \u00f6ssze\u00e1ll\u00edtotta a K\u00fck\u00fcll\u0151i Egyh\u00e1zvid\u00e9k Esperesi N\u00e9vsor\u00e1t, a Partialis Synodusok tart\u00e1s\u00e1nak rendj\u00e9t (1638\u20131858). <br \/><strong>Irod.:<\/strong> Gy\u00e1szjelent\u0151; Nagy L\u00e1szl\u00f3: Tanulm\u00e1nyok a Cs\u00e1v\u00e1si Ref. Egyh\u00e1zk\u00f6zs\u00e9g t\u00f6rt\u00e9net\u00e9b\u0151l (Cs\u00e1v\u00e1s, 1995); Zov\u00e1nyi<\/br><\/p>\n","protected":false},"excerpt":{"rendered":"<p>Gog\u00e1nv\u00e1ralja, 1804. m\u00e1j. 24., \u2020 V\u00e1mosg\u00e1lfalva, 1864. m\u00e1rc. 27.: ref. lelk\u00e9sz. \u2013 F. S. (1770\u20131830) \u00e9s Nagy Borb\u00e1la fia. Feles\u00e9ge: Cseh Zsuzs\u00e1nna. Gyermekeik: F. Anna Er\u0151sdi Mih\u00e1lyn\u00e9; Krisztina Nagy S\u00e1ndorn\u00e9; Zsuzs\u00e1nna. \u2013 Iskol\u00e1it Mv.-en v\u00e9gezte. A d\u00e9si gener\u00e1lison szentelt\u00e9k papp\u00e1 (1830), V\u00e1mosg\u00e1lfalv\u00e1n lelk\u00e9sz, az erd\u00e9lyi ref. zsinati f\u0151jegyz\u0151, not\u00e1rius (1845\u2013), a k\u00fck\u00fcll\u0151i egyh\u00e1z ker\u00fcleti esperes [&hellip;]<\/p>\n","protected":false},"featured_media":0,"comment_status":"open","ping_status":"closed","template":"","meta":[],"product_brand":[],"product_cat":[137],"product_tag":[],"class_list":{"0":"post-8192","1":"product","2":"type-product","3":"status-publish","5":"product_cat-maros-megyei-eletrajzi-lexikon","7":"first","8":"instock","9":"shipping-taxable","10":"product-type-simple"},"_links":{"self":[{"href":"https:\/\/uj.adatbank.ro\/lexikon\/wp-json\/wp\/v2\/product\/8192","targetHints":{"allow":["GET"]}}],"collection":[{"href":"https:\/\/uj.adatbank.ro\/lexikon\/wp-json\/wp\/v2\/product"}],"about":[{"href":"https:\/\/uj.adatbank.ro\/lexikon\/wp-json\/wp\/v2\/types\/product"}],"replies":[{"embeddable":true,"href":"https:\/\/uj.adatbank.ro\/lexikon\/wp-json\/wp\/v2\/comments?post=8192"}],"wp:attachment":[{"href":"https:\/\/uj.adatbank.ro\/lexikon\/wp-json\/wp\/v2\/media?parent=8192"}],"wp:term":[{"taxonomy":"product_brand","embeddable":true,"href":"https:\/\/uj.adatbank.ro\/lexikon\/wp-json\/wp\/v2\/product_brand?post=8192"},{"taxonomy":"product_cat","embeddable":true,"href":"https:\/\/uj.adatbank.ro\/lexikon\/wp-json\/wp\/v2\/product_cat?post=8192"},{"taxonomy":"product_tag","embeddable":true,"href":"https:\/\/uj.adatbank.ro\/lexikon\/wp-json\/wp\/v2\/product_tag?post=8192"}],"curies":[{"name":"wp","href":"https:\/\/api.w.org\/{rel}","templated":true}]}}

FOGARASI Sámuel, Fogarassy Sámuel

<p>Gogánváralja, 1804. máj. 24., † Vámosgálfalva, 1864. márc. 27.: ref. lelkész. – F. S. (1770–1830) és Nagy Borbála fia. Felesége: Cseh Zsuzsánna. Gyermekeik: F. Anna Erősdi Mihályné; Krisztina Nagy Sándorné; Zsuzsánna. – Iskoláit Mv.-en végezte. A dési generálison szentelték pappá (1830), Vámosgálfalván lelkész, az erdélyi ref. zsinati főjegyző, notárius (1845–), a küküllői egyház kerületi esperes (1847–64), közjegyzői helyettes (1855–), főjegyzőnek választották (1858–). Jelentős küküllői egyházvidéki történész, megírta az Archívum történetét, összeállította a Küküllői Egyházvidék Esperesi Névsorát, a Partialis Synodusok tartásának rendjét (1638–1858). <br /><strong>Irod.:</strong> Gyászjelentő; Nagy László: Tanulmányok a Csávási Ref. Egyházközség történetéből (Csávás, 1995); Zoványi</br></p>

<p>Gogánváralja, 1804. máj. 24., † Vámosgálfalva, 1864. márc. 27.: ref. lelkész. – F. S. (1770–1830) és Nagy Borbála fia. Felesége: Cseh Zsuzsánna. Gyermekeik: F. Anna Erősdi Mihályné; Krisztina Nagy Sándorné; Zsuzsánna. – Iskoláit Mv.-en végezte. A dési generálison szentelték pappá (1830), Vámosgálfalván lelkész, az erdélyi ref. zsinati főjegyző, notárius (1845–), a küküllői egyház kerületi esperes [&hellip;]</p>
