{"id":8194,"date":"2025-06-29T10:17:39","date_gmt":"2025-06-29T08:17:39","guid":{"rendered":"https:\/\/uj.adatbank.ro\/lexikon\/termek\/fogarassy-elemer\/"},"modified":"2025-06-29T10:17:39","modified_gmt":"2025-06-29T08:17:39","slug":"fogarassy-elemer","status":"publish","type":"product","link":"https:\/\/uj.adatbank.ro\/lexikon\/termek\/fogarassy-elemer\/","title":{"rendered":"FOGARASSY Elem\u00e9r"},"content":{"rendered":"<p>Marosillye, 1936. dec. 28., \u2020\u00a0Mv., 1986. szept. 27. ellen\u0151r\u00edzni kell\u00a0!.: m\u00e9rn\u00f6k. \u2013 Cs\u00edkszered\u00e1ban a k\u00f6z\u00e9piskol\u00e1t, Temesv\u00e1ron m\u00e9rn\u00f6ki karon v\u00e9gzett. A vajdahunyadi koh\u00e1szati kombin\u00e1tn\u00e1l dolgozott, ahol tal\u00e1lkozott volt oszt\u00e1lyt\u00e1rsaival, Fodor P\u00e1l ikerfiaival Imr\u00e9vel \u00e9s P\u00e1llal, akiket apjuk politikai el\u00edt\u00e9l\u00e9se miatt t\u00e1vol\u00edtottak el a Buk.-i M\u0171egyetemr\u0151l. Majd a sz\u00ednesf\u00e9m-koh\u00e1szati kombin\u00e1tn\u00e1l dolgozott Nagyv\u00e1radon (1963\u2013). Mv-re ker\u00fclt az \u00e9p\u00fcl\u0151 vegyipari kombin\u00e1thoz, az \u00e9p\u00edtkez\u00e9si \u00e9s szerel\u00e9si v\u00e1llalat m\u00e9rn\u00f6ke, f\u0151m\u00e9rn\u00f6ke, majd igazgat\u00f3ja. <br \/><strong>Irod.:<\/strong> T\u00f3falvi Zolt\u00e1n: 1956 erd\u00e9lyi m\u00e1rt\u00edrjai. 4. k\u00f6t.: A Fodor P\u00e1l-csoport (Mv., 2010)<\/br><\/p>\n","protected":false},"excerpt":{"rendered":"<p>Marosillye, 1936. dec. 28., \u2020\u00a0Mv., 1986. szept. 27. ellen\u0151r\u00edzni kell\u00a0!.: m\u00e9rn\u00f6k. \u2013 Cs\u00edkszered\u00e1ban a k\u00f6z\u00e9piskol\u00e1t, Temesv\u00e1ron m\u00e9rn\u00f6ki karon v\u00e9gzett. A vajdahunyadi koh\u00e1szati kombin\u00e1tn\u00e1l dolgozott, ahol tal\u00e1lkozott volt oszt\u00e1lyt\u00e1rsaival, Fodor P\u00e1l ikerfiaival Imr\u00e9vel \u00e9s P\u00e1llal, akiket apjuk politikai el\u00edt\u00e9l\u00e9se miatt t\u00e1vol\u00edtottak el a Buk.-i M\u0171egyetemr\u0151l. Majd a sz\u00ednesf\u00e9m-koh\u00e1szati kombin\u00e1tn\u00e1l dolgozott Nagyv\u00e1radon (1963\u2013). Mv-re ker\u00fclt az \u00e9p\u00fcl\u0151 [&hellip;]<\/p>\n","protected":false},"featured_media":0,"comment_status":"open","ping_status":"closed","template":"","meta":[],"product_brand":[],"product_cat":[137],"product_tag":[],"class_list":{"0":"post-8194","1":"product","2":"type-product","3":"status-publish","5":"product_cat-maros-megyei-eletrajzi-lexikon","7":"first","8":"instock","9":"shipping-taxable","10":"product-type-simple"},"_links":{"self":[{"href":"https:\/\/uj.adatbank.ro\/lexikon\/wp-json\/wp\/v2\/product\/8194","targetHints":{"allow":["GET"]}}],"collection":[{"href":"https:\/\/uj.adatbank.ro\/lexikon\/wp-json\/wp\/v2\/product"}],"about":[{"href":"https:\/\/uj.adatbank.ro\/lexikon\/wp-json\/wp\/v2\/types\/product"}],"replies":[{"embeddable":true,"href":"https:\/\/uj.adatbank.ro\/lexikon\/wp-json\/wp\/v2\/comments?post=8194"}],"wp:attachment":[{"href":"https:\/\/uj.adatbank.ro\/lexikon\/wp-json\/wp\/v2\/media?parent=8194"}],"wp:term":[{"taxonomy":"product_brand","embeddable":true,"href":"https:\/\/uj.adatbank.ro\/lexikon\/wp-json\/wp\/v2\/product_brand?post=8194"},{"taxonomy":"product_cat","embeddable":true,"href":"https:\/\/uj.adatbank.ro\/lexikon\/wp-json\/wp\/v2\/product_cat?post=8194"},{"taxonomy":"product_tag","embeddable":true,"href":"https:\/\/uj.adatbank.ro\/lexikon\/wp-json\/wp\/v2\/product_tag?post=8194"}],"curies":[{"name":"wp","href":"https:\/\/api.w.org\/{rel}","templated":true}]}}

FOGARASSY Elemér

<p>Marosillye, 1936. dec. 28., † Mv., 1986. szept. 27. ellenőrízni kell !.: mérnök. – Csíkszeredában a középiskolát, Temesváron mérnöki karon végzett. A vajdahunyadi kohászati kombinátnál dolgozott, ahol találkozott volt osztálytársaival, Fodor Pál ikerfiaival Imrével és Pállal, akiket apjuk politikai elítélése miatt távolítottak el a Buk.-i Műegyetemről. Majd a színesfém-kohászati kombinátnál dolgozott Nagyváradon (1963–). Mv-re került az épülő vegyipari kombináthoz, az építkezési és szerelési vállalat mérnöke, főmérnöke, majd igazgatója. <br /><strong>Irod.:</strong> Tófalvi Zoltán: 1956 erdélyi mártírjai. 4. köt.: A Fodor Pál-csoport (Mv., 2010)</br></p>

<p>Marosillye, 1936. dec. 28., † Mv., 1986. szept. 27. ellenőrízni kell !.: mérnök. – Csíkszeredában a középiskolát, Temesváron mérnöki karon végzett. A vajdahunyadi kohászati kombinátnál dolgozott, ahol találkozott volt osztálytársaival, Fodor Pál ikerfiaival Imrével és Pállal, akiket apjuk politikai elítélése miatt távolítottak el a Buk.-i Műegyetemről. Majd a színesfém-kohászati kombinátnál dolgozott Nagyváradon (1963–). Mv-re került az épülő [&hellip;]</p>
