{"id":8200,"date":"2025-06-29T10:17:55","date_gmt":"2025-06-29T08:17:55","guid":{"rendered":"https:\/\/uj.adatbank.ro\/lexikon\/termek\/folberth-joseph-johann\/"},"modified":"2025-06-29T10:17:55","modified_gmt":"2025-06-29T08:17:55","slug":"folberth-joseph-johann","status":"publish","type":"product","link":"https:\/\/uj.adatbank.ro\/lexikon\/termek\/folberth-joseph-johann\/","title":{"rendered":"FOLBERTH Joseph Johann"},"content":{"rendered":"<p>Segesv\u00e1r, 1807. j\u00fal. 7., \u2020 1858.: gy\u00f3gyszer\u00e9sz. \u2013 Tanult B\u00e9csben \u00e9s oklevelet kapott (1828). Medgyesen volt gy\u00f3gyszer\u00e9sz (1831\u201358). <br \/><strong>Irod.:<\/strong> P\u00e9ter H. M.; Szab\u00f3\u2013Sz\u00f6gi<\/br><\/p>\n","protected":false},"excerpt":{"rendered":"<p>Segesv\u00e1r, 1807. j\u00fal. 7., \u2020 1858.: gy\u00f3gyszer\u00e9sz. \u2013 Tanult B\u00e9csben \u00e9s oklevelet kapott (1828). Medgyesen volt gy\u00f3gyszer\u00e9sz (1831\u201358). Irod.: P\u00e9ter H. M.; Szab\u00f3\u2013Sz\u00f6gi<\/p>\n","protected":false},"featured_media":0,"comment_status":"open","ping_status":"closed","template":"","meta":[],"product_brand":[],"product_cat":[137],"product_tag":[],"class_list":{"0":"post-8200","1":"product","2":"type-product","3":"status-publish","5":"product_cat-maros-megyei-eletrajzi-lexikon","7":"first","8":"instock","9":"shipping-taxable","10":"product-type-simple"},"_links":{"self":[{"href":"https:\/\/uj.adatbank.ro\/lexikon\/wp-json\/wp\/v2\/product\/8200","targetHints":{"allow":["GET"]}}],"collection":[{"href":"https:\/\/uj.adatbank.ro\/lexikon\/wp-json\/wp\/v2\/product"}],"about":[{"href":"https:\/\/uj.adatbank.ro\/lexikon\/wp-json\/wp\/v2\/types\/product"}],"replies":[{"embeddable":true,"href":"https:\/\/uj.adatbank.ro\/lexikon\/wp-json\/wp\/v2\/comments?post=8200"}],"wp:attachment":[{"href":"https:\/\/uj.adatbank.ro\/lexikon\/wp-json\/wp\/v2\/media?parent=8200"}],"wp:term":[{"taxonomy":"product_brand","embeddable":true,"href":"https:\/\/uj.adatbank.ro\/lexikon\/wp-json\/wp\/v2\/product_brand?post=8200"},{"taxonomy":"product_cat","embeddable":true,"href":"https:\/\/uj.adatbank.ro\/lexikon\/wp-json\/wp\/v2\/product_cat?post=8200"},{"taxonomy":"product_tag","embeddable":true,"href":"https:\/\/uj.adatbank.ro\/lexikon\/wp-json\/wp\/v2\/product_tag?post=8200"}],"curies":[{"name":"wp","href":"https:\/\/api.w.org\/{rel}","templated":true}]}}