{"id":8201,"date":"2025-06-29T10:17:57","date_gmt":"2025-06-29T08:17:57","guid":{"rendered":"https:\/\/uj.adatbank.ro\/lexikon\/termek\/folberth-samuel\/"},"modified":"2025-06-29T10:17:57","modified_gmt":"2025-06-29T08:17:57","slug":"folberth-samuel","status":"publish","type":"product","link":"https:\/\/uj.adatbank.ro\/lexikon\/termek\/folberth-samuel\/","title":{"rendered":"FOLBERTH Samuel"},"content":{"rendered":"<p>Segesv\u00e1r, ? \u2020 Nagyszeben, 1855. okt. 23.: tan\u00e1r. \u2013 Tanult T\u00fcbingenben (1804). Pr\u00e9dik\u00e1tor \u00e9s tan\u00e1r Segesv\u00e1ron. Lelkip\u00e1sztor Holdvil\u00e1gon (1835\u2013). <br \/><strong>Irod.:<\/strong> Szab\u00f3\u2013Sz\u00f6gi<\/br><\/p>\n","protected":false},"excerpt":{"rendered":"<p>Segesv\u00e1r, ? \u2020 Nagyszeben, 1855. okt. 23.: tan\u00e1r. \u2013 Tanult T\u00fcbingenben (1804). Pr\u00e9dik\u00e1tor \u00e9s tan\u00e1r Segesv\u00e1ron. Lelkip\u00e1sztor Holdvil\u00e1gon (1835\u2013). Irod.: Szab\u00f3\u2013Sz\u00f6gi<\/p>\n","protected":false},"featured_media":0,"comment_status":"open","ping_status":"closed","template":"","meta":[],"product_brand":[],"product_cat":[137],"product_tag":[],"class_list":{"0":"post-8201","1":"product","2":"type-product","3":"status-publish","5":"product_cat-maros-megyei-eletrajzi-lexikon","7":"first","8":"instock","9":"shipping-taxable","10":"product-type-simple"},"_links":{"self":[{"href":"https:\/\/uj.adatbank.ro\/lexikon\/wp-json\/wp\/v2\/product\/8201","targetHints":{"allow":["GET"]}}],"collection":[{"href":"https:\/\/uj.adatbank.ro\/lexikon\/wp-json\/wp\/v2\/product"}],"about":[{"href":"https:\/\/uj.adatbank.ro\/lexikon\/wp-json\/wp\/v2\/types\/product"}],"replies":[{"embeddable":true,"href":"https:\/\/uj.adatbank.ro\/lexikon\/wp-json\/wp\/v2\/comments?post=8201"}],"wp:attachment":[{"href":"https:\/\/uj.adatbank.ro\/lexikon\/wp-json\/wp\/v2\/media?parent=8201"}],"wp:term":[{"taxonomy":"product_brand","embeddable":true,"href":"https:\/\/uj.adatbank.ro\/lexikon\/wp-json\/wp\/v2\/product_brand?post=8201"},{"taxonomy":"product_cat","embeddable":true,"href":"https:\/\/uj.adatbank.ro\/lexikon\/wp-json\/wp\/v2\/product_cat?post=8201"},{"taxonomy":"product_tag","embeddable":true,"href":"https:\/\/uj.adatbank.ro\/lexikon\/wp-json\/wp\/v2\/product_tag?post=8201"}],"curies":[{"name":"wp","href":"https:\/\/api.w.org\/{rel}","templated":true}]}}