{"id":8202,"date":"2025-06-29T10:17:58","date_gmt":"2025-06-29T08:17:58","guid":{"rendered":"https:\/\/uj.adatbank.ro\/lexikon\/termek\/foldes-ferenc\/"},"modified":"2025-06-29T10:17:58","modified_gmt":"2025-06-29T08:17:58","slug":"foldes-ferenc","status":"publish","type":"product","link":"https:\/\/uj.adatbank.ro\/lexikon\/termek\/foldes-ferenc\/","title":{"rendered":"F\u00d6LDES Ferenc"},"content":{"rendered":"<p>M\u00e9ra, 1887. dec. 2., \u2020\u00a0? : tan\u00edt\u00f3, igazgat\u00f3, lapszerkeszt\u0151. \u2013 Kolozsv\u00e1ron v\u00e9gzett (1908). \u00c1llami tan\u00edt\u00f3 Mv.-en, Gy\u00f6mr\u0151n ig. tan\u00edt\u00f3 (\u20131929). Felel\u0151s szerk.-je a Gy\u00f6mr\u0151 \u00e9s Vid\u00e9ke c. hetilapnak. Cikkeit k\u00f6z\u00f6lte a Csal\u00e1d \u00e9s Iskola, Sz\u00e9kely Tan\u00fcgy, melynek seg\u00e9dszerk.-je (1909), Tan\u00edt\u00f3k Lapja, melynek t\u00e1rsszerk.-je (1925), Tan\u00edt\u00f3k Sz\u00f6vets\u00e9ge. \u2013 <strong>F. m.:<\/strong> \u00dcnnepi besz\u00e9d a Mv.-i K\u00f6zs\u00e9gi Iparostanoncotthon \u00e9rtekezlet\u00e9n (1909). <br \/><strong>Irod.:<\/strong> Guly\u00e1s<\/br><\/p>\n","protected":false},"excerpt":{"rendered":"<p>M\u00e9ra, 1887. dec. 2., \u2020\u00a0? : tan\u00edt\u00f3, igazgat\u00f3, lapszerkeszt\u0151. \u2013 Kolozsv\u00e1ron v\u00e9gzett (1908). \u00c1llami tan\u00edt\u00f3 Mv.-en, Gy\u00f6mr\u0151n ig. tan\u00edt\u00f3 (\u20131929). Felel\u0151s szerk.-je a Gy\u00f6mr\u0151 \u00e9s Vid\u00e9ke c. hetilapnak. Cikkeit k\u00f6z\u00f6lte a Csal\u00e1d \u00e9s Iskola, Sz\u00e9kely Tan\u00fcgy, melynek seg\u00e9dszerk.-je (1909), Tan\u00edt\u00f3k Lapja, melynek t\u00e1rsszerk.-je (1925), Tan\u00edt\u00f3k Sz\u00f6vets\u00e9ge. \u2013 F. m.: \u00dcnnepi besz\u00e9d a Mv.-i K\u00f6zs\u00e9gi Iparostanoncotthon [&hellip;]<\/p>\n","protected":false},"featured_media":0,"comment_status":"open","ping_status":"closed","template":"","meta":[],"product_brand":[],"product_cat":[137],"product_tag":[],"class_list":{"0":"post-8202","1":"product","2":"type-product","3":"status-publish","5":"product_cat-maros-megyei-eletrajzi-lexikon","7":"first","8":"instock","9":"shipping-taxable","10":"product-type-simple"},"_links":{"self":[{"href":"https:\/\/uj.adatbank.ro\/lexikon\/wp-json\/wp\/v2\/product\/8202","targetHints":{"allow":["GET"]}}],"collection":[{"href":"https:\/\/uj.adatbank.ro\/lexikon\/wp-json\/wp\/v2\/product"}],"about":[{"href":"https:\/\/uj.adatbank.ro\/lexikon\/wp-json\/wp\/v2\/types\/product"}],"replies":[{"embeddable":true,"href":"https:\/\/uj.adatbank.ro\/lexikon\/wp-json\/wp\/v2\/comments?post=8202"}],"wp:attachment":[{"href":"https:\/\/uj.adatbank.ro\/lexikon\/wp-json\/wp\/v2\/media?parent=8202"}],"wp:term":[{"taxonomy":"product_brand","embeddable":true,"href":"https:\/\/uj.adatbank.ro\/lexikon\/wp-json\/wp\/v2\/product_brand?post=8202"},{"taxonomy":"product_cat","embeddable":true,"href":"https:\/\/uj.adatbank.ro\/lexikon\/wp-json\/wp\/v2\/product_cat?post=8202"},{"taxonomy":"product_tag","embeddable":true,"href":"https:\/\/uj.adatbank.ro\/lexikon\/wp-json\/wp\/v2\/product_tag?post=8202"}],"curies":[{"name":"wp","href":"https:\/\/api.w.org\/{rel}","templated":true}]}}

FÖLDES Ferenc

<p>Méra, 1887. dec. 2., † ? : tanító, igazgató, lapszerkesztő. – Kolozsváron végzett (1908). Állami tanító Mv.-en, Gyömrőn ig. tanító (–1929). Felelős szerk.-je a Gyömrő és Vidéke c. hetilapnak. Cikkeit közölte a Család és Iskola, Székely Tanügy, melynek segédszerk.-je (1909), Tanítók Lapja, melynek társszerk.-je (1925), Tanítók Szövetsége. – <strong>F. m.:</strong> Ünnepi beszéd a Mv.-i Községi Iparostanoncotthon értekezletén (1909). <br /><strong>Irod.:</strong> Gulyás</br></p>

<p>Méra, 1887. dec. 2., † ? : tanító, igazgató, lapszerkesztő. – Kolozsváron végzett (1908). Állami tanító Mv.-en, Gyömrőn ig. tanító (–1929). Felelős szerk.-je a Gyömrő és Vidéke c. hetilapnak. Cikkeit közölte a Család és Iskola, Székely Tanügy, melynek segédszerk.-je (1909), Tanítók Lapja, melynek társszerk.-je (1925), Tanítók Szövetsége. – F. m.: Ünnepi beszéd a Mv.-i Községi Iparostanoncotthon [&hellip;]</p>
