{"id":8205,"date":"2025-06-29T10:18:05","date_gmt":"2025-06-29T08:18:05","guid":{"rendered":"https:\/\/uj.adatbank.ro\/lexikon\/termek\/foldessy-gyorgy-%c2%a7-vagy-foldesy-gyorgy\/"},"modified":"2025-06-29T10:18:05","modified_gmt":"2025-06-29T08:18:05","slug":"foldessy-gyorgy-%c2%a7-vagy-foldesy-gyorgy","status":"publish","type":"product","link":"https:\/\/uj.adatbank.ro\/lexikon\/termek\/foldessy-gyorgy-%c2%a7-vagy-foldesy-gyorgy\/","title":{"rendered":"F\u00d6LDESSY Gy\u00f6rgy, \u00a7 vagy F\u00f6ldesy Gy\u00f6rgy"},"content":{"rendered":"<p>Erzs\u00e9betv\u00e1ros, 1888., \u2020\u00a0?: orvos, szerk. \u2013 Az egyetemet Kv.-on v\u00e9gezte \u00e9s doktor\u00e1lt (1913); Tan\u00e1rseg\u00e9d a kv.-i klinika f\u00fcl- \u00e9s g\u00e9geoszt\u00e1ly\u00e1n. R\u00e9szt vett az els\u0151 vh.-ban (1914\u201318), az 51. k. gy. e. 6. sz\u00e1zad\u00e1ban Belgr\u00e1dban \u00e9s Pr\u00e1g\u00e1ban szolg\u00e1lt, majd Galici\u00e1ban az orosz fronton harcolt, kit\u00fcntet\u00e9sekkel szerelt le (1918). Mv.-en orr- f\u00fcl- g\u00e9g\u00e9szeti rendel\u0151t nyitott (1919). \u00c9l\u00e9nk t\u00e1rsadalmi tev\u00e9kenys\u00e9get fejtett ki: sz\u00e1mos egyes\u00fclet tagja, szenved\u00e9lyes vad\u00e1sz, szerk.-je a Vad\u00e1sz\u00fajs\u00e1gnak (1921\u201331), a Marosmenti Sport c. lapnak (1922). A Nimr\u00f3d Vad\u00e1szegyes\u00fclet eln\u00f6ke; orvosi szaklapokban \u00edrt, valamint vad\u00e1szati \u00e9s term\u00e9szettudom\u00e1nyi cikkeket bel- \u00e9s k\u00fclf\u00f6ldi lapokban k\u00f6z\u00f6lt. <br \/><strong>Irod.:<\/strong> Ki kicsoda\u00a0?; K\u00e1d\u00e1r Zsombor: Elfelejtett vad\u00e1szati szak\u00edr\u00f3k  =  K\u00e1d\u00e1r Zsombor: Sz\u00e9kelyf\u00f6ldi erd\u00e9szeti arck\u00e9pcsarnok (Bp., 1999); \u00d6kr\u00f6s; Popt\u0103ma\u015f\u2013M\u00f3zes; RMIL<\/br><\/p>\n","protected":false},"excerpt":{"rendered":"<p>Erzs\u00e9betv\u00e1ros, 1888., \u2020\u00a0?: orvos, szerk. \u2013 Az egyetemet Kv.-on v\u00e9gezte \u00e9s doktor\u00e1lt (1913); Tan\u00e1rseg\u00e9d a kv.-i klinika f\u00fcl- \u00e9s g\u00e9geoszt\u00e1ly\u00e1n. R\u00e9szt vett az els\u0151 vh.-ban (1914\u201318), az 51. k. gy. e. 6. sz\u00e1zad\u00e1ban Belgr\u00e1dban \u00e9s Pr\u00e1g\u00e1ban szolg\u00e1lt, majd Galici\u00e1ban az orosz fronton harcolt, kit\u00fcntet\u00e9sekkel szerelt le (1918). Mv.-en orr- f\u00fcl- g\u00e9g\u00e9szeti rendel\u0151t nyitott (1919). \u00c9l\u00e9nk [&hellip;]<\/p>\n","protected":false},"featured_media":0,"comment_status":"open","ping_status":"closed","template":"","meta":[],"product_brand":[],"product_cat":[137],"product_tag":[],"class_list":{"0":"post-8205","1":"product","2":"type-product","3":"status-publish","5":"product_cat-maros-megyei-eletrajzi-lexikon","7":"first","8":"instock","9":"shipping-taxable","10":"product-type-simple"},"_links":{"self":[{"href":"https:\/\/uj.adatbank.ro\/lexikon\/wp-json\/wp\/v2\/product\/8205","targetHints":{"allow":["GET"]}}],"collection":[{"href":"https:\/\/uj.adatbank.ro\/lexikon\/wp-json\/wp\/v2\/product"}],"about":[{"href":"https:\/\/uj.adatbank.ro\/lexikon\/wp-json\/wp\/v2\/types\/product"}],"replies":[{"embeddable":true,"href":"https:\/\/uj.adatbank.ro\/lexikon\/wp-json\/wp\/v2\/comments?post=8205"}],"wp:attachment":[{"href":"https:\/\/uj.adatbank.ro\/lexikon\/wp-json\/wp\/v2\/media?parent=8205"}],"wp:term":[{"taxonomy":"product_brand","embeddable":true,"href":"https:\/\/uj.adatbank.ro\/lexikon\/wp-json\/wp\/v2\/product_brand?post=8205"},{"taxonomy":"product_cat","embeddable":true,"href":"https:\/\/uj.adatbank.ro\/lexikon\/wp-json\/wp\/v2\/product_cat?post=8205"},{"taxonomy":"product_tag","embeddable":true,"href":"https:\/\/uj.adatbank.ro\/lexikon\/wp-json\/wp\/v2\/product_tag?post=8205"}],"curies":[{"name":"wp","href":"https:\/\/api.w.org\/{rel}","templated":true}]}}

FÖLDESSY György, § vagy Földesy György

<p>Erzsébetváros, 1888., † ?: orvos, szerk. – Az egyetemet Kv.-on végezte és doktorált (1913); Tanársegéd a kv.-i klinika fül- és gégeosztályán. Részt vett az első vh.-ban (1914–18), az 51. k. gy. e. 6. századában Belgrádban és Prágában szolgált, majd Galiciában az orosz fronton harcolt, kitüntetésekkel szerelt le (1918). Mv.-en orr- fül- gégészeti rendelőt nyitott (1919). Élénk társadalmi tevékenységet fejtett ki: számos egyesület tagja, szenvedélyes vadász, szerk.-je a Vadászújságnak (1921–31), a Marosmenti Sport c. lapnak (1922). A Nimród Vadászegyesület elnöke; orvosi szaklapokban írt, valamint vadászati és természettudományi cikkeket bel- és külföldi lapokban közölt. <br /><strong>Irod.:</strong> Ki kicsoda ?; Kádár Zsombor: Elfelejtett vadászati szakírók  =  Kádár Zsombor: Székelyföldi erdészeti arcképcsarnok (Bp., 1999); Ökrös; Poptămaş–Mózes; RMIL</br></p>

<p>Erzsébetváros, 1888., † ?: orvos, szerk. – Az egyetemet Kv.-on végezte és doktorált (1913); Tanársegéd a kv.-i klinika fül- és gégeosztályán. Részt vett az első vh.-ban (1914–18), az 51. k. gy. e. 6. századában Belgrádban és Prágában szolgált, majd Galiciában az orosz fronton harcolt, kitüntetésekkel szerelt le (1918). Mv.-en orr- fül- gégészeti rendelőt nyitott (1919). Élénk [&hellip;]</p>
