{"id":8206,"date":"2025-06-29T10:18:08","date_gmt":"2025-06-29T08:18:08","guid":{"rendered":"https:\/\/uj.adatbank.ro\/lexikon\/termek\/foldessy-istvan-harasztosi\/"},"modified":"2025-06-29T10:18:08","modified_gmt":"2025-06-29T08:18:08","slug":"foldessy-istvan-harasztosi","status":"publish","type":"product","link":"https:\/\/uj.adatbank.ro\/lexikon\/termek\/foldessy-istvan-harasztosi\/","title":{"rendered":"F\u00d6LDESSY Istv\u00e1n, harasztosi"},"content":{"rendered":"<p>? \u2020\u00a0? : arm\u00e1lis. \u2013 A csal\u00e1db\u00f3l I. R\u00e1k\u00f3czi Gy\u00f6rgyt\u0151l kapott arm\u00e1list (1644. m\u00e1rc. 26.). <br \/><strong>Irod.:<\/strong> P\u00e1lmay<\/br><\/p>\n","protected":false},"excerpt":{"rendered":"<p>? \u2020\u00a0? : arm\u00e1lis. \u2013 A csal\u00e1db\u00f3l I. R\u00e1k\u00f3czi Gy\u00f6rgyt\u0151l kapott arm\u00e1list (1644. m\u00e1rc. 26.). Irod.: P\u00e1lmay<\/p>\n","protected":false},"featured_media":0,"comment_status":"open","ping_status":"closed","template":"","meta":[],"product_brand":[],"product_cat":[137],"product_tag":[],"class_list":{"0":"post-8206","1":"product","2":"type-product","3":"status-publish","5":"product_cat-maros-megyei-eletrajzi-lexikon","7":"first","8":"instock","9":"shipping-taxable","10":"product-type-simple"},"_links":{"self":[{"href":"https:\/\/uj.adatbank.ro\/lexikon\/wp-json\/wp\/v2\/product\/8206","targetHints":{"allow":["GET"]}}],"collection":[{"href":"https:\/\/uj.adatbank.ro\/lexikon\/wp-json\/wp\/v2\/product"}],"about":[{"href":"https:\/\/uj.adatbank.ro\/lexikon\/wp-json\/wp\/v2\/types\/product"}],"replies":[{"embeddable":true,"href":"https:\/\/uj.adatbank.ro\/lexikon\/wp-json\/wp\/v2\/comments?post=8206"}],"wp:attachment":[{"href":"https:\/\/uj.adatbank.ro\/lexikon\/wp-json\/wp\/v2\/media?parent=8206"}],"wp:term":[{"taxonomy":"product_brand","embeddable":true,"href":"https:\/\/uj.adatbank.ro\/lexikon\/wp-json\/wp\/v2\/product_brand?post=8206"},{"taxonomy":"product_cat","embeddable":true,"href":"https:\/\/uj.adatbank.ro\/lexikon\/wp-json\/wp\/v2\/product_cat?post=8206"},{"taxonomy":"product_tag","embeddable":true,"href":"https:\/\/uj.adatbank.ro\/lexikon\/wp-json\/wp\/v2\/product_tag?post=8206"}],"curies":[{"name":"wp","href":"https:\/\/api.w.org\/{rel}","templated":true}]}}