{"id":8208,"date":"2025-06-29T10:18:13","date_gmt":"2025-06-29T08:18:13","guid":{"rendered":"https:\/\/uj.adatbank.ro\/lexikon\/termek\/foldi-sandor-%c2%a7\/"},"modified":"2025-06-29T10:18:13","modified_gmt":"2025-06-29T08:18:13","slug":"foldi-sandor-%c2%a7","status":"publish","type":"product","link":"https:\/\/uj.adatbank.ro\/lexikon\/termek\/foldi-sandor-%c2%a7\/","title":{"rendered":"F\u00d6LDI S\u00e1ndor, \u00a7"},"content":{"rendered":"<p>Sz\u00e1szr\u00e9gen, 1867., \u2020\u00a0? : m\u0171b\u00fatorgy\u00e1ros. \u2013 Iskol\u00e1i elv\u00e9gz\u00e9se ut\u00e1n a kitanulta a m\u0171b\u00fatoros szakm\u00e1t, majd \u00f6n\u00e1ll\u00f3s\u00edtotta mag\u00e1t. Sz\u00e1szr\u00e9genben, Mv.-en, Gyulafeh\u00e9rv\u00e1ron m\u00fck\u00f6d\u00f6tt. K\u00e9zdiv\u00e1s\u00e1rhelyen (1893\u2013) m\u0171b\u00fatorgy\u00e1ra volt, ugyanakkor a v\u00e1rosi tan\u00e1cs tagja, a r. k. egyh\u00e1zk\u00f6z\u00f6ss\u00e9g tan\u00e1csosa, a G\u00e9pm\u0171hely Sz\u00f6vets\u00e9g igazgat\u00f3ja, a Vegyes Ipart\u00e1rsulat v\u00e1lasztm\u00e1nyi tagja volt. A mill\u00e9niumi ki\u00e1ll\u00edt\u00e1son elismer\u0151 oklevelet (1896), az bp.-i ki\u00e1ll\u00edt\u00e1son bronz\u00e9rmet nyert (1910). <br \/><strong>Irod.:<\/strong> Ki kicsoda\u00a0?<\/br><\/p>\n","protected":false},"excerpt":{"rendered":"<p>Sz\u00e1szr\u00e9gen, 1867., \u2020\u00a0? : m\u0171b\u00fatorgy\u00e1ros. \u2013 Iskol\u00e1i elv\u00e9gz\u00e9se ut\u00e1n a kitanulta a m\u0171b\u00fatoros szakm\u00e1t, majd \u00f6n\u00e1ll\u00f3s\u00edtotta mag\u00e1t. Sz\u00e1szr\u00e9genben, Mv.-en, Gyulafeh\u00e9rv\u00e1ron m\u00fck\u00f6d\u00f6tt. K\u00e9zdiv\u00e1s\u00e1rhelyen (1893\u2013) m\u0171b\u00fatorgy\u00e1ra volt, ugyanakkor a v\u00e1rosi tan\u00e1cs tagja, a r. k. egyh\u00e1zk\u00f6z\u00f6ss\u00e9g tan\u00e1csosa, a G\u00e9pm\u0171hely Sz\u00f6vets\u00e9g igazgat\u00f3ja, a Vegyes Ipart\u00e1rsulat v\u00e1lasztm\u00e1nyi tagja volt. A mill\u00e9niumi ki\u00e1ll\u00edt\u00e1son elismer\u0151 oklevelet (1896), az bp.-i ki\u00e1ll\u00edt\u00e1son bronz\u00e9rmet [&hellip;]<\/p>\n","protected":false},"featured_media":0,"comment_status":"open","ping_status":"closed","template":"","meta":[],"product_brand":[],"product_cat":[137],"product_tag":[],"class_list":{"0":"post-8208","1":"product","2":"type-product","3":"status-publish","5":"product_cat-maros-megyei-eletrajzi-lexikon","7":"first","8":"instock","9":"shipping-taxable","10":"product-type-simple"},"_links":{"self":[{"href":"https:\/\/uj.adatbank.ro\/lexikon\/wp-json\/wp\/v2\/product\/8208","targetHints":{"allow":["GET"]}}],"collection":[{"href":"https:\/\/uj.adatbank.ro\/lexikon\/wp-json\/wp\/v2\/product"}],"about":[{"href":"https:\/\/uj.adatbank.ro\/lexikon\/wp-json\/wp\/v2\/types\/product"}],"replies":[{"embeddable":true,"href":"https:\/\/uj.adatbank.ro\/lexikon\/wp-json\/wp\/v2\/comments?post=8208"}],"wp:attachment":[{"href":"https:\/\/uj.adatbank.ro\/lexikon\/wp-json\/wp\/v2\/media?parent=8208"}],"wp:term":[{"taxonomy":"product_brand","embeddable":true,"href":"https:\/\/uj.adatbank.ro\/lexikon\/wp-json\/wp\/v2\/product_brand?post=8208"},{"taxonomy":"product_cat","embeddable":true,"href":"https:\/\/uj.adatbank.ro\/lexikon\/wp-json\/wp\/v2\/product_cat?post=8208"},{"taxonomy":"product_tag","embeddable":true,"href":"https:\/\/uj.adatbank.ro\/lexikon\/wp-json\/wp\/v2\/product_tag?post=8208"}],"curies":[{"name":"wp","href":"https:\/\/api.w.org\/{rel}","templated":true}]}}