{"id":8216,"date":"2025-06-29T10:18:27","date_gmt":"2025-06-29T08:18:27","guid":{"rendered":"https:\/\/uj.adatbank.ro\/lexikon\/termek\/foldvary-ferenc-tancsi\/"},"modified":"2025-06-29T10:18:27","modified_gmt":"2025-06-29T08:18:27","slug":"foldvary-ferenc-tancsi","status":"publish","type":"product","link":"https:\/\/uj.adatbank.ro\/lexikon\/termek\/foldvary-ferenc-tancsi\/","title":{"rendered":"F\u00d6LDV\u00c1RY Ferenc, tancsi"},"content":{"rendered":"<p>G\u00e1lfalva, 1797, \u2020 1871 k. \/ ut\u00e1n: hadapr\u00f3fd, test\u0151r, szolgab\u00edr\u00f3. \u2013 Hadapr\u00f3d volt a 17. hat\u00e1r\u0151rezredben, majd a 33. gyalogezredben szolg\u00e1lt. H\u00e1rom \u00e9vig volt a test\u0151rs\u00e9g tagja (1815. m\u00e1j. 26. \u2013 1818. m\u00e1j. 20.). Az 1846-os ogy.-en Tancs k\u00f6vete. A forradalom el\u0151tt K\u00fck\u00fcll\u0151 megye f\u0151szolgab\u00edr\u00e1ja volt. K\u00fck\u00fcll\u0151 vm. f\u0151isp\u00e1nja, aki Haller Ign\u00e1c gr. -ot k\u00f6vette ebben a tiszts\u00e9gben (1848. m\u00e1j. 25. \u2013). K\u00f6vetelte a r\u00f6gt\u00f6n\u00edt\u00e9l\u0151 b\u00edr\u00f3s\u00e1gok fel\u00e1ll\u00edt\u00e1s\u00e1t Dics\u0151 j\u00e1r\u00e1sban is (1848. m\u00e1j. 26.). Miut\u00e1n ez l\u00e9trej\u00f6tt, kinevezt\u00e9k annak eln\u00f6k\u00e9v\u00e9 (1848. m\u00e1j. 31.). Kir. hivatalos az erd\u00e9lyi 1848. \u00e9vi utols\u00f3 rendi ogy.-en (Kv., 1848. m\u00e1j. 29. -j\u00fal. 18.). A v\u00e1mosg\u00e1lfalvi ref. egyh\u00e1zk\u00f6zs\u00e9gnek ez\u00fcst keresztel\u0151 kancs\u00f3t adom\u00e1nyozott (1871). <br \/><strong>Irod.:<\/strong> 1848\u20131849 Transilvania; Egyed \u00c1.: Erd\u00e9ly 1848. ogy.; Az Erd\u00e9lyi Nagyfejedelems\u00e9g Kv. v\u00e1ros\u00e1ba 1846. szept. 9. k\u00f6z\u00f6ns\u00e9ges gy\u0171l\u00e9sre \u00f6sszeh\u00edvott tek. nemes rendeinek n\u00e9vsora \u00e9s kirendelt sz\u00e1ll\u00e1sainak kimutat\u00e1sa (Kv., 1848); K\u00fck\u00fcll\u0151i Ref. Egyh\u00e1zm. 4.; MTN, P\u00e1lffy<\/br><\/p>\n","protected":false},"excerpt":{"rendered":"<p>G\u00e1lfalva, 1797, \u2020 1871 k. \/ ut\u00e1n: hadapr\u00f3fd, test\u0151r, szolgab\u00edr\u00f3. \u2013 Hadapr\u00f3d volt a 17. hat\u00e1r\u0151rezredben, majd a 33. gyalogezredben szolg\u00e1lt. H\u00e1rom \u00e9vig volt a test\u0151rs\u00e9g tagja (1815. m\u00e1j. 26. \u2013 1818. m\u00e1j. 20.). Az 1846-os ogy.-en Tancs k\u00f6vete. A forradalom el\u0151tt K\u00fck\u00fcll\u0151 megye f\u0151szolgab\u00edr\u00e1ja volt. K\u00fck\u00fcll\u0151 vm. f\u0151isp\u00e1nja, aki Haller Ign\u00e1c gr. -ot k\u00f6vette [&hellip;]<\/p>\n","protected":false},"featured_media":0,"comment_status":"open","ping_status":"closed","template":"","meta":[],"product_brand":[],"product_cat":[137],"product_tag":[],"class_list":{"0":"post-8216","1":"product","2":"type-product","3":"status-publish","5":"product_cat-maros-megyei-eletrajzi-lexikon","7":"first","8":"instock","9":"shipping-taxable","10":"product-type-simple"},"_links":{"self":[{"href":"https:\/\/uj.adatbank.ro\/lexikon\/wp-json\/wp\/v2\/product\/8216","targetHints":{"allow":["GET"]}}],"collection":[{"href":"https:\/\/uj.adatbank.ro\/lexikon\/wp-json\/wp\/v2\/product"}],"about":[{"href":"https:\/\/uj.adatbank.ro\/lexikon\/wp-json\/wp\/v2\/types\/product"}],"replies":[{"embeddable":true,"href":"https:\/\/uj.adatbank.ro\/lexikon\/wp-json\/wp\/v2\/comments?post=8216"}],"wp:attachment":[{"href":"https:\/\/uj.adatbank.ro\/lexikon\/wp-json\/wp\/v2\/media?parent=8216"}],"wp:term":[{"taxonomy":"product_brand","embeddable":true,"href":"https:\/\/uj.adatbank.ro\/lexikon\/wp-json\/wp\/v2\/product_brand?post=8216"},{"taxonomy":"product_cat","embeddable":true,"href":"https:\/\/uj.adatbank.ro\/lexikon\/wp-json\/wp\/v2\/product_cat?post=8216"},{"taxonomy":"product_tag","embeddable":true,"href":"https:\/\/uj.adatbank.ro\/lexikon\/wp-json\/wp\/v2\/product_tag?post=8216"}],"curies":[{"name":"wp","href":"https:\/\/api.w.org\/{rel}","templated":true}]}}

FÖLDVÁRY Ferenc, tancsi

<p>Gálfalva, 1797, † 1871 k. / után: hadaprófd, testőr, szolgabíró. – Hadapród volt a 17. határőrezredben, majd a 33. gyalogezredben szolgált. Három évig volt a testőrség tagja (1815. máj. 26. – 1818. máj. 20.). Az 1846-os ogy.-en Tancs követe. A forradalom előtt Küküllő megye főszolgabírája volt. Küküllő vm. főispánja, aki Haller Ignác gr. -ot követte ebben a tisztségben (1848. máj. 25. –). Követelte a rögtönítélő bíróságok felállítását Dicső járásban is (1848. máj. 26.). Miután ez létrejött, kinevezték annak elnökévé (1848. máj. 31.). Kir. hivatalos az erdélyi 1848. évi utolsó rendi ogy.-en (Kv., 1848. máj. 29. -júl. 18.). A vámosgálfalvi ref. egyházközségnek ezüst keresztelő kancsót adományozott (1871). <br /><strong>Irod.:</strong> 1848–1849 Transilvania; Egyed Á.: Erdély 1848. ogy.; Az Erdélyi Nagyfejedelemség Kv. városába 1846. szept. 9. közönséges gyűlésre összehívott tek. nemes rendeinek névsora és kirendelt szállásainak kimutatása (Kv., 1848); Küküllői Ref. Egyházm. 4.; MTN, Pálffy</br></p>

<p>Gálfalva, 1797, † 1871 k. / után: hadaprófd, testőr, szolgabíró. – Hadapród volt a 17. határőrezredben, majd a 33. gyalogezredben szolgált. Három évig volt a testőrség tagja (1815. máj. 26. – 1818. máj. 20.). Az 1846-os ogy.-en Tancs követe. A forradalom előtt Küküllő megye főszolgabírája volt. Küküllő vm. főispánja, aki Haller Ignác gr. -ot követte [&hellip;]</p>
