{"id":8223,"date":"2025-06-29T10:18:43","date_gmt":"2025-06-29T08:18:43","guid":{"rendered":"https:\/\/uj.adatbank.ro\/lexikon\/termek\/folea-agustin\/"},"modified":"2025-06-29T10:18:43","modified_gmt":"2025-06-29T08:18:43","slug":"folea-agustin","status":"publish","type":"product","link":"https:\/\/uj.adatbank.ro\/lexikon\/termek\/folea-agustin\/","title":{"rendered":"FOLEA Agustin"},"content":{"rendered":"<p>1885., \u2020\u00a01970.: g\u00f6r. kat. pap, nyomdaigazgat\u00f3, szerk. \u2013 A dics\u0151szentm\u00e1rtoni Cartea Rom\u00e2neasc\u0103 din Valea T\u00e2rnavei v\u00e1llalat igazgat\u00f3ja (alap\u00edt\u00e1si \u00e9v 1919). Vezet\u00e9se alatt a v\u00e1llalat minden ig\u00e9nyt kiel\u00e9g\u00edt\u0151 term\u00e9keket produk\u00e1lt, felszerel\u00e9se modernebb lett az \u00e1lland\u00f3 fejleszt\u00e9s k\u00f6vetkezt\u00e9ben. Ebben a nyomd\u00e1ban l\u00e1tott napvil\u00e1got az els\u0151 rom\u00e1n nyelv\u0171 napilap a T\u00e2rnava (1921. aug. 1. \u2013 1938), amelynek felel\u0151s szerk.-je. <br \/><strong>Irod.:<\/strong> B\u00e1lint Tibor: 100 \u00e9ve jelent meg az els\u0151 \u00fajs\u00e1g Dics\u0151szentm\u00e1rtonban (N\u00fa., 1991. m\u00e1rc. 23.); EBKL; T\u00e2rn\u0103veni, cult. &#8211; ist.<\/br><\/p>\n","protected":false},"excerpt":{"rendered":"<p>1885., \u2020\u00a01970.: g\u00f6r. kat. pap, nyomdaigazgat\u00f3, szerk. \u2013 A dics\u0151szentm\u00e1rtoni Cartea Rom\u00e2neasc\u0103 din Valea T\u00e2rnavei v\u00e1llalat igazgat\u00f3ja (alap\u00edt\u00e1si \u00e9v 1919). Vezet\u00e9se alatt a v\u00e1llalat minden ig\u00e9nyt kiel\u00e9g\u00edt\u0151 term\u00e9keket produk\u00e1lt, felszerel\u00e9se modernebb lett az \u00e1lland\u00f3 fejleszt\u00e9s k\u00f6vetkezt\u00e9ben. Ebben a nyomd\u00e1ban l\u00e1tott napvil\u00e1got az els\u0151 rom\u00e1n nyelv\u0171 napilap a T\u00e2rnava (1921. aug. 1. \u2013 1938), amelynek felel\u0151s [&hellip;]<\/p>\n","protected":false},"featured_media":0,"comment_status":"open","ping_status":"closed","template":"","meta":[],"product_brand":[],"product_cat":[137],"product_tag":[],"class_list":{"0":"post-8223","1":"product","2":"type-product","3":"status-publish","5":"product_cat-maros-megyei-eletrajzi-lexikon","7":"first","8":"instock","9":"shipping-taxable","10":"product-type-simple"},"_links":{"self":[{"href":"https:\/\/uj.adatbank.ro\/lexikon\/wp-json\/wp\/v2\/product\/8223","targetHints":{"allow":["GET"]}}],"collection":[{"href":"https:\/\/uj.adatbank.ro\/lexikon\/wp-json\/wp\/v2\/product"}],"about":[{"href":"https:\/\/uj.adatbank.ro\/lexikon\/wp-json\/wp\/v2\/types\/product"}],"replies":[{"embeddable":true,"href":"https:\/\/uj.adatbank.ro\/lexikon\/wp-json\/wp\/v2\/comments?post=8223"}],"wp:attachment":[{"href":"https:\/\/uj.adatbank.ro\/lexikon\/wp-json\/wp\/v2\/media?parent=8223"}],"wp:term":[{"taxonomy":"product_brand","embeddable":true,"href":"https:\/\/uj.adatbank.ro\/lexikon\/wp-json\/wp\/v2\/product_brand?post=8223"},{"taxonomy":"product_cat","embeddable":true,"href":"https:\/\/uj.adatbank.ro\/lexikon\/wp-json\/wp\/v2\/product_cat?post=8223"},{"taxonomy":"product_tag","embeddable":true,"href":"https:\/\/uj.adatbank.ro\/lexikon\/wp-json\/wp\/v2\/product_tag?post=8223"}],"curies":[{"name":"wp","href":"https:\/\/api.w.org\/{rel}","templated":true}]}}

<p>1885., † 1970.: gör. kat. pap, nyomdaigazgató, szerk. – A dicsőszentmártoni Cartea Românească din Valea Târnavei vállalat igazgatója (alapítási év 1919). Vezetése alatt a vállalat minden igényt kielégítő termékeket produkált, felszerelése modernebb lett az állandó fejlesztés következtében. Ebben a nyomdában látott napvilágot az első román nyelvű napilap a Târnava (1921. aug. 1. – 1938), amelynek felelős szerk.-je. <br /><strong>Irod.:</strong> Bálint Tibor: 100 éve jelent meg az első újság Dicsőszentmártonban (Nú., 1991. márc. 23.); EBKL; Târnăveni, cult. &#8211; ist.</br></p>

<p>1885., † 1970.: gör. kat. pap, nyomdaigazgató, szerk. – A dicsőszentmártoni Cartea Românească din Valea Târnavei vállalat igazgatója (alapítási év 1919). Vezetése alatt a vállalat minden igényt kielégítő termékeket produkált, felszerelése modernebb lett az állandó fejlesztés következtében. Ebben a nyomdában látott napvilágot az első román nyelvű napilap a Târnava (1921. aug. 1. – 1938), amelynek felelős [&hellip;]</p>
