{"id":8226,"date":"2025-06-29T10:18:49","date_gmt":"2025-06-29T08:18:49","guid":{"rendered":"https:\/\/uj.adatbank.ro\/lexikon\/termek\/follinusz-janos\/"},"modified":"2025-06-29T10:18:49","modified_gmt":"2025-06-29T08:18:49","slug":"follinusz-janos","status":"publish","type":"product","link":"https:\/\/uj.adatbank.ro\/lexikon\/termek\/follinusz-janos\/","title":{"rendered":"FOLLINUSZ J\u00e1nos"},"content":{"rendered":"<p>1818., \u2020\u00a01881.: sz\u00edn\u00e9sz, sz\u00ednigazgat\u00f3, ford\u00edt\u00f3. &#8211; Sz\u00ednigazgat\u00f3 volt Kv.-on, Aradon, Debrecenben. Kv.-i t\u00e1rsulat\u00e1val Mv.-en megkis\u00e9relt \u00e1lland\u00f3 sz\u00ednh\u00e1zat meghonos\u00edtani (1861\u201362), deszka-sz\u00ednk\u00f6rt \u00e9p\u00edtett az Elba szigeten. N\u00e9pszer\u0171, de m\u0171v\u00e9szi m\u0171sorral szerepeltek. Hetente h\u00e1rom operael\u0151ad\u00e1s tartottak (Rigoletto, Trubadur, Lammermori Lucia, Traviata), \u00e9s pr\u00f3zai darabok (Scriebe, Moliere, Dumas, Szigligeti) is szerepeltek a m\u0171sor\u00e1n. <br \/><strong>Irod.:<\/strong> Chereji Peris T.: A mv.-i sz\u00ednh\u00e1z \u00e9s sz\u00ednj\u00e1tsz\u00e1s megteremt\u00e9s\u00e9r\u0151l = Mv. t\u00f6rt\u00e9net\u00e9b\u0151l, Fodor Zeno; Id\u0151t\u00e1r 2; Sz\u00e9pr\u00e9ti Lilla: Az Apoll\u00f3 sz\u00e1la (Erd\u00e9lyi Figyel\u0151, 7. sz., 1996. m\u00e1rc.)<\/br><\/p>\n","protected":false},"excerpt":{"rendered":"<p>1818., \u2020\u00a01881.: sz\u00edn\u00e9sz, sz\u00ednigazgat\u00f3, ford\u00edt\u00f3. &#8211; Sz\u00ednigazgat\u00f3 volt Kv.-on, Aradon, Debrecenben. Kv.-i t\u00e1rsulat\u00e1val Mv.-en megkis\u00e9relt \u00e1lland\u00f3 sz\u00ednh\u00e1zat meghonos\u00edtani (1861\u201362), deszka-sz\u00ednk\u00f6rt \u00e9p\u00edtett az Elba szigeten. N\u00e9pszer\u0171, de m\u0171v\u00e9szi m\u0171sorral szerepeltek. Hetente h\u00e1rom operael\u0151ad\u00e1s tartottak (Rigoletto, Trubadur, Lammermori Lucia, Traviata), \u00e9s pr\u00f3zai darabok (Scriebe, Moliere, Dumas, Szigligeti) is szerepeltek a m\u0171sor\u00e1n. Irod.: Chereji Peris T.: A mv.-i [&hellip;]<\/p>\n","protected":false},"featured_media":0,"comment_status":"open","ping_status":"closed","template":"","meta":[],"product_brand":[],"product_cat":[137],"product_tag":[],"class_list":{"0":"post-8226","1":"product","2":"type-product","3":"status-publish","5":"product_cat-maros-megyei-eletrajzi-lexikon","7":"first","8":"instock","9":"shipping-taxable","10":"product-type-simple"},"_links":{"self":[{"href":"https:\/\/uj.adatbank.ro\/lexikon\/wp-json\/wp\/v2\/product\/8226","targetHints":{"allow":["GET"]}}],"collection":[{"href":"https:\/\/uj.adatbank.ro\/lexikon\/wp-json\/wp\/v2\/product"}],"about":[{"href":"https:\/\/uj.adatbank.ro\/lexikon\/wp-json\/wp\/v2\/types\/product"}],"replies":[{"embeddable":true,"href":"https:\/\/uj.adatbank.ro\/lexikon\/wp-json\/wp\/v2\/comments?post=8226"}],"wp:attachment":[{"href":"https:\/\/uj.adatbank.ro\/lexikon\/wp-json\/wp\/v2\/media?parent=8226"}],"wp:term":[{"taxonomy":"product_brand","embeddable":true,"href":"https:\/\/uj.adatbank.ro\/lexikon\/wp-json\/wp\/v2\/product_brand?post=8226"},{"taxonomy":"product_cat","embeddable":true,"href":"https:\/\/uj.adatbank.ro\/lexikon\/wp-json\/wp\/v2\/product_cat?post=8226"},{"taxonomy":"product_tag","embeddable":true,"href":"https:\/\/uj.adatbank.ro\/lexikon\/wp-json\/wp\/v2\/product_tag?post=8226"}],"curies":[{"name":"wp","href":"https:\/\/api.w.org\/{rel}","templated":true}]}}