{"id":8228,"date":"2025-06-29T10:18:52","date_gmt":"2025-06-29T08:18:52","guid":{"rendered":"https:\/\/uj.adatbank.ro\/lexikon\/termek\/fontu-petre-%c2%a7\/"},"modified":"2025-06-29T10:18:52","modified_gmt":"2025-06-29T08:18:52","slug":"fontu-petre-%c2%a7","status":"publish","type":"product","link":"https:\/\/uj.adatbank.ro\/lexikon\/termek\/fontu-petre-%c2%a7\/","title":{"rendered":"FONTU Petre, \u00a7"},"content":{"rendered":"<p>Mittye, 1941. szept. 5., \u2020 Mv., 1990. aug. 24.: tan\u00e1r, r\u00e1di\u00f3szerk. \u2013 Tanulm\u00e1nyait sz\u00fcl\u0151faluj\u00e1ban kezdte, Nasz\u00f3don folytatta \u00e9s a kv.-i filol\u00f3gi\u00e1n fejezte be (1964). A ny\u00e1r\u00e1dt\u0151i \u00e1ltal\u00e1nos iskol\u00e1ban volt rom\u00e1n nyelv \u00e9s irodalom tan\u00e1r (1964\u201367). A mv.-i R\u00e1di\u00f3 riportere, szerk.-je, a m\u0171vel\u0151d\u00e9si oszt\u00e1ly rovatvezet\u0151je (1968\u201385; 1989\u201390). K\u00f6nyvt\u00e1ros-oszt\u00e1lyvezet\u0151 a MMK-ban (1985\u201389). Visszat\u00e9rt az \u00fajraindult R\u00e1di\u00f3hoz az 1989-es v\u00e1ltoz\u00e1sok ut\u00e1n. <br \/><strong>Irod.:<\/strong> Elhunyt P. F. (N\u00fa., 1990. aug. 25.); C. l. (1990. aug. 22.; aug. 25; aug. 30); Sz\u00f3l a r\u00e1di\u00f3<\/br><\/p>\n","protected":false},"excerpt":{"rendered":"<p>Mittye, 1941. szept. 5., \u2020 Mv., 1990. aug. 24.: tan\u00e1r, r\u00e1di\u00f3szerk. \u2013 Tanulm\u00e1nyait sz\u00fcl\u0151faluj\u00e1ban kezdte, Nasz\u00f3don folytatta \u00e9s a kv.-i filol\u00f3gi\u00e1n fejezte be (1964). A ny\u00e1r\u00e1dt\u0151i \u00e1ltal\u00e1nos iskol\u00e1ban volt rom\u00e1n nyelv \u00e9s irodalom tan\u00e1r (1964\u201367). A mv.-i R\u00e1di\u00f3 riportere, szerk.-je, a m\u0171vel\u0151d\u00e9si oszt\u00e1ly rovatvezet\u0151je (1968\u201385; 1989\u201390). K\u00f6nyvt\u00e1ros-oszt\u00e1lyvezet\u0151 a MMK-ban (1985\u201389). Visszat\u00e9rt az \u00fajraindult R\u00e1di\u00f3hoz az [&hellip;]<\/p>\n","protected":false},"featured_media":0,"comment_status":"open","ping_status":"closed","template":"","meta":[],"product_brand":[],"product_cat":[137],"product_tag":[],"class_list":{"0":"post-8228","1":"product","2":"type-product","3":"status-publish","5":"product_cat-maros-megyei-eletrajzi-lexikon","7":"first","8":"instock","9":"shipping-taxable","10":"product-type-simple"},"_links":{"self":[{"href":"https:\/\/uj.adatbank.ro\/lexikon\/wp-json\/wp\/v2\/product\/8228","targetHints":{"allow":["GET"]}}],"collection":[{"href":"https:\/\/uj.adatbank.ro\/lexikon\/wp-json\/wp\/v2\/product"}],"about":[{"href":"https:\/\/uj.adatbank.ro\/lexikon\/wp-json\/wp\/v2\/types\/product"}],"replies":[{"embeddable":true,"href":"https:\/\/uj.adatbank.ro\/lexikon\/wp-json\/wp\/v2\/comments?post=8228"}],"wp:attachment":[{"href":"https:\/\/uj.adatbank.ro\/lexikon\/wp-json\/wp\/v2\/media?parent=8228"}],"wp:term":[{"taxonomy":"product_brand","embeddable":true,"href":"https:\/\/uj.adatbank.ro\/lexikon\/wp-json\/wp\/v2\/product_brand?post=8228"},{"taxonomy":"product_cat","embeddable":true,"href":"https:\/\/uj.adatbank.ro\/lexikon\/wp-json\/wp\/v2\/product_cat?post=8228"},{"taxonomy":"product_tag","embeddable":true,"href":"https:\/\/uj.adatbank.ro\/lexikon\/wp-json\/wp\/v2\/product_tag?post=8228"}],"curies":[{"name":"wp","href":"https:\/\/api.w.org\/{rel}","templated":true}]}}

<p>Mittye, 1941. szept. 5., † Mv., 1990. aug. 24.: tanár, rádiószerk. – Tanulmányait szülőfalujában kezdte, Naszódon folytatta és a kv.-i filológián fejezte be (1964). A nyárádtői általános iskolában volt román nyelv és irodalom tanár (1964–67). A mv.-i Rádió riportere, szerk.-je, a művelődési osztály rovatvezetője (1968–85; 1989–90). Könyvtáros-osztályvezető a MMK-ban (1985–89). Visszatért az újraindult Rádióhoz az 1989-es változások után. <br /><strong>Irod.:</strong> Elhunyt P. F. (Nú., 1990. aug. 25.); C. l. (1990. aug. 22.; aug. 25; aug. 30); Szól a rádió</br></p>

<p>Mittye, 1941. szept. 5., † Mv., 1990. aug. 24.: tanár, rádiószerk. – Tanulmányait szülőfalujában kezdte, Naszódon folytatta és a kv.-i filológián fejezte be (1964). A nyárádtői általános iskolában volt román nyelv és irodalom tanár (1964–67). A mv.-i Rádió riportere, szerk.-je, a művelődési osztály rovatvezetője (1968–85; 1989–90). Könyvtáros-osztályvezető a MMK-ban (1985–89). Visszatért az újraindult Rádióhoz az [&hellip;]</p>
