{"id":8231,"date":"2025-06-29T10:18:59","date_gmt":"2025-06-29T08:18:59","guid":{"rendered":"https:\/\/uj.adatbank.ro\/lexikon\/termek\/fonyo-pal\/"},"modified":"2025-06-29T10:18:59","modified_gmt":"2025-06-29T08:18:59","slug":"fonyo-pal","status":"publish","type":"product","link":"https:\/\/uj.adatbank.ro\/lexikon\/termek\/fonyo-pal\/","title":{"rendered":"FONY\u00d3 P\u00e1l"},"content":{"rendered":"<p>Szeged, 1847. j\u00fan. 4., \u2020 Segesv\u00e1r, 1911. m\u00e1rc. 1. : p\u00e1pai kamar\u00e1s, r. k. pl\u00e9b\u00e1nos. \u2013 Iskol\u00e1it Szegeden, Temesv\u00e1rt \u00e9s Kalocs\u00e1n v\u00e9gezte (1871) ahol mis\u00e9spapp\u00e1 szentelt\u00e9k. M\u0171k\u00f6d\u00f6tt Ragic\u00e1n, Temerinben, \u00d3becs\u00e9n, Kalocs\u00e1n mint seg\u00e9dpap; k\u00e9pz\u0151int\u00e9zeti hittantan\u00e1r Baj\u00e1n (1876\u2013); rendes tan\u00e1r Kalocs\u00e1n (1883\u2013); pl\u00e9b\u00e1nos S\u00fck\u00f6sd\u00f6n (1886\u2013), \u00d3becs\u00e9n (1890\u201399), Szent\u00e1got\u00e1n (1907\u2013); k\u00f6zben Kv., Bp., Pad\u00e9ban \u00e9lt. Katolikus tan\u00edt\u00f3 egyleteket l\u00e9tes\u00edtett egyh\u00e1zmegy\u00e9nk\u00e9nt, valamint a f\u0151papok t\u00e1mogat\u00e1s\u00e1val kat. \u00e1ltal\u00e1nos tan\u00edt\u00f3i seg\u00e9lyalapot. A p\u00e1pa titkos k\u00e1pl\u00e1nj\u00e1v\u00e1 nevezte ki (1899)\u00a0; a Szent Istv\u00e1n T\u00e1sulat irodalmi oszt\u00e1lya tagjai k\u00f6z\u00e9 v\u00e1lasztotta (1890); kat. leg\u00e9nyegyleteket szervezett Kalocs\u00e1n, Szabadk\u00e1n, Baj\u00e1n, \u00d3becs\u00e9n. \u2013 <strong>F. m.:<\/strong> \u00c1poljuk-e a hit\u00e9letet\u00a0? (Pest, 1873); Gyakorlati hitelemz\u00e9sek a r. k. n\u00e9piskol\u00e1k I. oszt. sz\u00e1m\u00e1ra (Baja, 1879); Magyar\u00e1zott elemi katekizmus vagy m\u00f3dszertanilag kidolgzott hitelemz\u00e9dek a r. k. n\u00e9piskol\u00e1k II. o. sz\u00e1m\u00e1ra (Baja, 1881); A kath. szertart\u00e1sok elemei n\u00e9piskolai haszn\u00e1latra (Bp, 1881, 1883, 1886, Pozsony, 1889, 1892); Katholikus egyh\u00e1zt\u00f6rt\u00e9net di\u00f3h\u00e9jban a r. k. n\u00e9piskol\u00e1k fels\u0151bb oszt\u00e1lyai sz\u00e1m\u00e1ra (Baja, 1881); M\u00f3dszertani hitelemz\u00e9sek a r. k. n\u00e9piskol\u00e1k III. o. sz\u00e1m\u00e1ra (Baja, 1882); Az I. orsz\u00e1gos tan\u00edt\u00f3i gy\u0171l\u00e9s lefoly\u00e1sa \u00e9s elvi jelent\u0151s\u00e9g\u0171 f\u0151bb mozzanatai kath. szempontb\u00f3l megvil\u00e1g\u00edtva (Baja, 1882); Hitelemz\u00e9s\u00fcnk emel\u00e9se (Eger, 1883); A magyarorsz\u00e1gi r\u00f3mai \u00e9s g\u00f6r\u00f6g kat. tan\u00edt\u00f3egyes\u00fcletek kimutat\u00e1sa (Bp, 1883); A legszentebb nap, vagy im\u00e1k elm\u00e9lked\u00e9sek a sz. gy\u00f3n\u00e1s \u00e9s \u00e1ldoz\u00e1s napj\u00e1ra (Kalocsa, 1884); \u00c9vk\u00f6nyv a kalocsai Kath. Leg\u00e9nyegylet 1885. \u00e9vi m\u0171k\u00f6d\u00e9s\u00e9r\u0151l (Kalocsa, 1886); \u00daj elemi k\u00e1t\u00e9 (Kalocsa, 1887); A kath. k\u00e1t\u00e9k\u00e9rd\u00e9s megold\u00e1sa (\u00d3becse, 1892). <br \/><strong>Irod.:<\/strong> Guly\u00e1s; Szinnyei<\/br><\/p>\n","protected":false},"excerpt":{"rendered":"<p>Szeged, 1847. j\u00fan. 4., \u2020 Segesv\u00e1r, 1911. m\u00e1rc. 1. : p\u00e1pai kamar\u00e1s, r. k. pl\u00e9b\u00e1nos. \u2013 Iskol\u00e1it Szegeden, Temesv\u00e1rt \u00e9s Kalocs\u00e1n v\u00e9gezte (1871) ahol mis\u00e9spapp\u00e1 szentelt\u00e9k. M\u0171k\u00f6d\u00f6tt Ragic\u00e1n, Temerinben, \u00d3becs\u00e9n, Kalocs\u00e1n mint seg\u00e9dpap; k\u00e9pz\u0151int\u00e9zeti hittantan\u00e1r Baj\u00e1n (1876\u2013); rendes tan\u00e1r Kalocs\u00e1n (1883\u2013); pl\u00e9b\u00e1nos S\u00fck\u00f6sd\u00f6n (1886\u2013), \u00d3becs\u00e9n (1890\u201399), Szent\u00e1got\u00e1n (1907\u2013); k\u00f6zben Kv., Bp., Pad\u00e9ban \u00e9lt. Katolikus tan\u00edt\u00f3 [&hellip;]<\/p>\n","protected":false},"featured_media":0,"comment_status":"open","ping_status":"closed","template":"","meta":[],"product_brand":[],"product_cat":[137],"product_tag":[],"class_list":{"0":"post-8231","1":"product","2":"type-product","3":"status-publish","5":"product_cat-maros-megyei-eletrajzi-lexikon","7":"first","8":"instock","9":"shipping-taxable","10":"product-type-simple"},"_links":{"self":[{"href":"https:\/\/uj.adatbank.ro\/lexikon\/wp-json\/wp\/v2\/product\/8231","targetHints":{"allow":["GET"]}}],"collection":[{"href":"https:\/\/uj.adatbank.ro\/lexikon\/wp-json\/wp\/v2\/product"}],"about":[{"href":"https:\/\/uj.adatbank.ro\/lexikon\/wp-json\/wp\/v2\/types\/product"}],"replies":[{"embeddable":true,"href":"https:\/\/uj.adatbank.ro\/lexikon\/wp-json\/wp\/v2\/comments?post=8231"}],"wp:attachment":[{"href":"https:\/\/uj.adatbank.ro\/lexikon\/wp-json\/wp\/v2\/media?parent=8231"}],"wp:term":[{"taxonomy":"product_brand","embeddable":true,"href":"https:\/\/uj.adatbank.ro\/lexikon\/wp-json\/wp\/v2\/product_brand?post=8231"},{"taxonomy":"product_cat","embeddable":true,"href":"https:\/\/uj.adatbank.ro\/lexikon\/wp-json\/wp\/v2\/product_cat?post=8231"},{"taxonomy":"product_tag","embeddable":true,"href":"https:\/\/uj.adatbank.ro\/lexikon\/wp-json\/wp\/v2\/product_tag?post=8231"}],"curies":[{"name":"wp","href":"https:\/\/api.w.org\/{rel}","templated":true}]}}

FONYÓ Pál

<p>Szeged, 1847. jún. 4., † Segesvár, 1911. márc. 1. : pápai kamarás, r. k. plébános. – Iskoláit Szegeden, Temesvárt és Kalocsán végezte (1871) ahol miséspappá szentelték. Működött Ragicán, Temerinben, Óbecsén, Kalocsán mint segédpap; képzőintézeti hittantanár Baján (1876–); rendes tanár Kalocsán (1883–); plébános Sükösdön (1886–), Óbecsén (1890–99), Szentágotán (1907–); közben Kv., Bp., Padéban élt. Katolikus tanító egyleteket létesített egyházmegyénként, valamint a főpapok támogatásával kat. általános tanítói segélyalapot. A pápa titkos káplánjává nevezte ki (1899) ; a Szent István Tásulat irodalmi osztálya tagjai közé választotta (1890); kat. legényegyleteket szervezett Kalocsán, Szabadkán, Baján, Óbecsén. – <strong>F. m.:</strong> Ápoljuk-e a hitéletet ? (Pest, 1873); Gyakorlati hitelemzések a r. k. népiskolák I. oszt. számára (Baja, 1879); Magyarázott elemi katekizmus vagy módszertanilag kidolgzott hitelemzédek a r. k. népiskolák II. o. számára (Baja, 1881); A kath. szertartások elemei népiskolai használatra (Bp, 1881, 1883, 1886, Pozsony, 1889, 1892); Katholikus egyháztörténet dióhéjban a r. k. népiskolák felsőbb osztályai számára (Baja, 1881); Módszertani hitelemzések a r. k. népiskolák III. o. számára (Baja, 1882); Az I. országos tanítói gyűlés lefolyása és elvi jelentőségű főbb mozzanatai kath. szempontból megvilágítva (Baja, 1882); Hitelemzésünk emelése (Eger, 1883); A magyarországi római és görög kat. tanítóegyesületek kimutatása (Bp, 1883); A legszentebb nap, vagy imák elmélkedések a sz. gyónás és áldozás napjára (Kalocsa, 1884); Évkönyv a kalocsai Kath. Legényegylet 1885. évi működéséről (Kalocsa, 1886); Új elemi káté (Kalocsa, 1887); A kath. kátékérdés megoldása (Óbecse, 1892). <br /><strong>Irod.:</strong> Gulyás; Szinnyei</br></p>

<p>Szeged, 1847. jún. 4., † Segesvár, 1911. márc. 1. : pápai kamarás, r. k. plébános. – Iskoláit Szegeden, Temesvárt és Kalocsán végezte (1871) ahol miséspappá szentelték. Működött Ragicán, Temerinben, Óbecsén, Kalocsán mint segédpap; képzőintézeti hittantanár Baján (1876–); rendes tanár Kalocsán (1883–); plébános Sükösdön (1886–), Óbecsén (1890–99), Szentágotán (1907–); közben Kv., Bp., Padéban élt. Katolikus tanító [&hellip;]</p>
