{"id":8249,"date":"2025-06-29T10:19:35","date_gmt":"2025-06-29T08:19:35","guid":{"rendered":"https:\/\/uj.adatbank.ro\/lexikon\/termek\/forro-gyula\/"},"modified":"2025-06-29T10:19:35","modified_gmt":"2025-06-29T08:19:35","slug":"forro-gyula","status":"publish","type":"product","link":"https:\/\/uj.adatbank.ro\/lexikon\/termek\/forro-gyula\/","title":{"rendered":"FORR\u00d3 Gyula"},"content":{"rendered":"<p>Teke\u00fajfalu, 1900., \u2020\u00a0? : b\u00e1nyatulajdonos. \u2013 Iskol\u00e1it Mv.-en \u00e9s Bp.-en v\u00e9gezte. Mint b\u00e1nyavezet\u0151 dolgozott, \u00f6n\u00e1ll\u00f3 b\u00e1nyatulajdonos G\u00f6demesterh\u00e1z\u00e1n (1941\u2013), mely b\u00e1nya 150 csal\u00e1dnak ny\u00fajtott meg\u00e9lhet\u00e9st. <br \/><strong>Irod.:<\/strong> Sz\u00e9kelyf\u00f6ld \u00ed. k.<\/br><\/p>\n","protected":false},"excerpt":{"rendered":"<p>Teke\u00fajfalu, 1900., \u2020\u00a0? : b\u00e1nyatulajdonos. \u2013 Iskol\u00e1it Mv.-en \u00e9s Bp.-en v\u00e9gezte. Mint b\u00e1nyavezet\u0151 dolgozott, \u00f6n\u00e1ll\u00f3 b\u00e1nyatulajdonos G\u00f6demesterh\u00e1z\u00e1n (1941\u2013), mely b\u00e1nya 150 csal\u00e1dnak ny\u00fajtott meg\u00e9lhet\u00e9st. Irod.: Sz\u00e9kelyf\u00f6ld \u00ed. k.<\/p>\n","protected":false},"featured_media":0,"comment_status":"open","ping_status":"closed","template":"","meta":[],"product_brand":[],"product_cat":[137],"product_tag":[],"class_list":{"0":"post-8249","1":"product","2":"type-product","3":"status-publish","5":"product_cat-maros-megyei-eletrajzi-lexikon","7":"first","8":"instock","9":"shipping-taxable","10":"product-type-simple"},"_links":{"self":[{"href":"https:\/\/uj.adatbank.ro\/lexikon\/wp-json\/wp\/v2\/product\/8249","targetHints":{"allow":["GET"]}}],"collection":[{"href":"https:\/\/uj.adatbank.ro\/lexikon\/wp-json\/wp\/v2\/product"}],"about":[{"href":"https:\/\/uj.adatbank.ro\/lexikon\/wp-json\/wp\/v2\/types\/product"}],"replies":[{"embeddable":true,"href":"https:\/\/uj.adatbank.ro\/lexikon\/wp-json\/wp\/v2\/comments?post=8249"}],"wp:attachment":[{"href":"https:\/\/uj.adatbank.ro\/lexikon\/wp-json\/wp\/v2\/media?parent=8249"}],"wp:term":[{"taxonomy":"product_brand","embeddable":true,"href":"https:\/\/uj.adatbank.ro\/lexikon\/wp-json\/wp\/v2\/product_brand?post=8249"},{"taxonomy":"product_cat","embeddable":true,"href":"https:\/\/uj.adatbank.ro\/lexikon\/wp-json\/wp\/v2\/product_cat?post=8249"},{"taxonomy":"product_tag","embeddable":true,"href":"https:\/\/uj.adatbank.ro\/lexikon\/wp-json\/wp\/v2\/product_tag?post=8249"}],"curies":[{"name":"wp","href":"https:\/\/api.w.org\/{rel}","templated":true}]}}