{"id":8256,"date":"2025-06-29T10:19:51","date_gmt":"2025-06-29T08:19:51","guid":{"rendered":"https:\/\/uj.adatbank.ro\/lexikon\/termek\/francisci-andreas\/"},"modified":"2025-06-29T10:19:51","modified_gmt":"2025-06-29T08:19:51","slug":"francisci-andreas","status":"publish","type":"product","link":"https:\/\/uj.adatbank.ro\/lexikon\/termek\/francisci-andreas\/","title":{"rendered":"FRANCISCI Andreas"},"content":{"rendered":"<p>Sz\u00e9naver\u0151s, ? \u2020\u00a0? : tan\u00e1r, ref. lelk\u00e9sz. \u2013 J\u00e9n\u00e1ban tanult (1751). Sz\u00e1szsebesen tan\u00e1r, lelkip\u00e1sztor Sz\u00e1szpi\u00e1n. <br \/><strong>Irod.:<\/strong> Szab\u00f3\u2013Sz\u00f6gi<\/br><\/p>\n","protected":false},"excerpt":{"rendered":"<p>Sz\u00e9naver\u0151s, ? \u2020\u00a0? : tan\u00e1r, ref. lelk\u00e9sz. \u2013 J\u00e9n\u00e1ban tanult (1751). Sz\u00e1szsebesen tan\u00e1r, lelkip\u00e1sztor Sz\u00e1szpi\u00e1n. Irod.: Szab\u00f3\u2013Sz\u00f6gi<\/p>\n","protected":false},"featured_media":0,"comment_status":"open","ping_status":"closed","template":"","meta":[],"product_brand":[],"product_cat":[137],"product_tag":[],"class_list":{"0":"post-8256","1":"product","2":"type-product","3":"status-publish","5":"product_cat-maros-megyei-eletrajzi-lexikon","7":"first","8":"instock","9":"shipping-taxable","10":"product-type-simple"},"_links":{"self":[{"href":"https:\/\/uj.adatbank.ro\/lexikon\/wp-json\/wp\/v2\/product\/8256","targetHints":{"allow":["GET"]}}],"collection":[{"href":"https:\/\/uj.adatbank.ro\/lexikon\/wp-json\/wp\/v2\/product"}],"about":[{"href":"https:\/\/uj.adatbank.ro\/lexikon\/wp-json\/wp\/v2\/types\/product"}],"replies":[{"embeddable":true,"href":"https:\/\/uj.adatbank.ro\/lexikon\/wp-json\/wp\/v2\/comments?post=8256"}],"wp:attachment":[{"href":"https:\/\/uj.adatbank.ro\/lexikon\/wp-json\/wp\/v2\/media?parent=8256"}],"wp:term":[{"taxonomy":"product_brand","embeddable":true,"href":"https:\/\/uj.adatbank.ro\/lexikon\/wp-json\/wp\/v2\/product_brand?post=8256"},{"taxonomy":"product_cat","embeddable":true,"href":"https:\/\/uj.adatbank.ro\/lexikon\/wp-json\/wp\/v2\/product_cat?post=8256"},{"taxonomy":"product_tag","embeddable":true,"href":"https:\/\/uj.adatbank.ro\/lexikon\/wp-json\/wp\/v2\/product_tag?post=8256"}],"curies":[{"name":"wp","href":"https:\/\/api.w.org\/{rel}","templated":true}]}}