{"id":8261,"date":"2025-06-29T10:19:59","date_gmt":"2025-06-29T08:19:59","guid":{"rendered":"https:\/\/uj.adatbank.ro\/lexikon\/termek\/francu-ioan-joseph\/"},"modified":"2025-06-29T10:19:59","modified_gmt":"2025-06-29T08:19:59","slug":"francu-ioan-joseph","status":"publish","type":"product","link":"https:\/\/uj.adatbank.ro\/lexikon\/termek\/francu-ioan-joseph\/","title":{"rendered":"FR\u00c2NCU Ioan\u2013Joseph"},"content":{"rendered":"<p>Mv., 1938., \u2020 Mv., 2019.: orvos. \u2013 A Papiu Ilarian l\u00edc.-ban \u00e9retts\u00e9gizett \u00e9s v\u00e9gzett az OGYI orvosi szak\u00e1n (1961). K\u00f6rzeti orvos Gerebenesen (1961\u20131966). A Rom\u00e1n Akad. mv.-i fi\u00f3kint\u00e9zet\u00e9ben kutat\u00f3 orvos (1966\u201376). Sz\u00fcl\u00e9sz \u2013n\u0151gy\u00f3gy\u00e1sz alorvos, majd szakorvos, tan\u00e1rseg\u00e9d a Sz\u00fcl\u00e9szeti-N\u0151gy\u00f3gy\u00e1szati Klinik\u00e1n. k\u00f3rh\u00e1zi f\u0151orvos (1991\u20132005). Nyugd\u00edjask\u00e9nt mag\u00e1nrendel\u0151kben dolgozott (2006\u201316). <br \/><strong>Irod.:<\/strong> Kiss-P.-P.<\/br><\/p>\n","protected":false},"excerpt":{"rendered":"<p>Mv., 1938., \u2020 Mv., 2019.: orvos. \u2013 A Papiu Ilarian l\u00edc.-ban \u00e9retts\u00e9gizett \u00e9s v\u00e9gzett az OGYI orvosi szak\u00e1n (1961). K\u00f6rzeti orvos Gerebenesen (1961\u20131966). A Rom\u00e1n Akad. mv.-i fi\u00f3kint\u00e9zet\u00e9ben kutat\u00f3 orvos (1966\u201376). Sz\u00fcl\u00e9sz \u2013n\u0151gy\u00f3gy\u00e1sz alorvos, majd szakorvos, tan\u00e1rseg\u00e9d a Sz\u00fcl\u00e9szeti-N\u0151gy\u00f3gy\u00e1szati Klinik\u00e1n. k\u00f3rh\u00e1zi f\u0151orvos (1991\u20132005). Nyugd\u00edjask\u00e9nt mag\u00e1nrendel\u0151kben dolgozott (2006\u201316). Irod.: Kiss-P.-P.<\/p>\n","protected":false},"featured_media":0,"comment_status":"open","ping_status":"closed","template":"","meta":[],"product_brand":[],"product_cat":[137],"product_tag":[],"class_list":{"0":"post-8261","1":"product","2":"type-product","3":"status-publish","5":"product_cat-maros-megyei-eletrajzi-lexikon","7":"first","8":"instock","9":"shipping-taxable","10":"product-type-simple"},"_links":{"self":[{"href":"https:\/\/uj.adatbank.ro\/lexikon\/wp-json\/wp\/v2\/product\/8261","targetHints":{"allow":["GET"]}}],"collection":[{"href":"https:\/\/uj.adatbank.ro\/lexikon\/wp-json\/wp\/v2\/product"}],"about":[{"href":"https:\/\/uj.adatbank.ro\/lexikon\/wp-json\/wp\/v2\/types\/product"}],"replies":[{"embeddable":true,"href":"https:\/\/uj.adatbank.ro\/lexikon\/wp-json\/wp\/v2\/comments?post=8261"}],"wp:attachment":[{"href":"https:\/\/uj.adatbank.ro\/lexikon\/wp-json\/wp\/v2\/media?parent=8261"}],"wp:term":[{"taxonomy":"product_brand","embeddable":true,"href":"https:\/\/uj.adatbank.ro\/lexikon\/wp-json\/wp\/v2\/product_brand?post=8261"},{"taxonomy":"product_cat","embeddable":true,"href":"https:\/\/uj.adatbank.ro\/lexikon\/wp-json\/wp\/v2\/product_cat?post=8261"},{"taxonomy":"product_tag","embeddable":true,"href":"https:\/\/uj.adatbank.ro\/lexikon\/wp-json\/wp\/v2\/product_tag?post=8261"}],"curies":[{"name":"wp","href":"https:\/\/api.w.org\/{rel}","templated":true}]}}

FRÂNCU Ioan–Joseph

<p>Mv., 1938., † Mv., 2019.: orvos. – A Papiu Ilarian líc.-ban érettségizett és végzett az OGYI orvosi szakán (1961). Körzeti orvos Gerebenesen (1961–1966). A Román Akad. mv.-i fiókintézetében kutató orvos (1966–76). Szülész –nőgyógyász alorvos, majd szakorvos, tanársegéd a Szülészeti-Nőgyógyászati Klinikán. kórházi főorvos (1991–2005). Nyugdíjasként magánrendelőkben dolgozott (2006–16). <br /><strong>Irod.:</strong> Kiss-P.-P.</br></p>

<p>Mv., 1938., † Mv., 2019.: orvos. – A Papiu Ilarian líc.-ban érettségizett és végzett az OGYI orvosi szakán (1961). Körzeti orvos Gerebenesen (1961–1966). A Román Akad. mv.-i fiókintézetében kutató orvos (1966–76). Szülész –nőgyógyász alorvos, majd szakorvos, tanársegéd a Szülészeti-Nőgyógyászati Klinikán. kórházi főorvos (1991–2005). Nyugdíjasként magánrendelőkben dolgozott (2006–16). Irod.: Kiss-P.-P.</p>
