{"id":8263,"date":"2025-06-29T10:20:04","date_gmt":"2025-06-29T08:20:04","guid":{"rendered":"https:\/\/uj.adatbank.ro\/lexikon\/termek\/frandes-zaharie\/"},"modified":"2025-06-29T10:20:04","modified_gmt":"2025-06-29T08:20:04","slug":"frandes-zaharie","status":"publish","type":"product","link":"https:\/\/uj.adatbank.ro\/lexikon\/termek\/frandes-zaharie\/","title":{"rendered":"FRANDE\u015e Zaharie"},"content":{"rendered":"<p>? \u2020\u00a0? : tan\u00edt\u00f3. \u2013 G\u00f6rg\u00e9nyhod\u00e1kban tan\u00edtott. Az els\u0151 tan\u00edt\u00f3i konferenci\u00e1n, amelyet G\u00f6rg\u00e9nys\u00f3akn\u00e1ban tartottak, Cristea Elie Miron kezdem\u00e9nyez\u00e9s\u00e9re \u00e9s vezet\u00e9s\u00e9vel, el\u0151ad\u00e1st tartott a tanul\u00f3k vall\u00e1sos-erk\u00f6lcsi nevel\u00e9s\u00e9nek fontoss\u00e1g\u00e1r\u00f3l: Care este metodul cel mai bun pt. dezvoltarea sim\u0163\u0103muntului religios-moral la elevi? c. (1898. aug. 18\u201330). A k\u00f6v. \u00e9vben el\u0151ad\u00e1s\u00e1nak c. Via\u0163a \u015fi faptele arhiereului Sava Brancovici ca tip de b\u0103rbat religios-moral \u015fi de model de ortodox. <br \/><strong>Irod.:<\/strong> \u015eerban 2006<\/br><\/p>\n","protected":false},"excerpt":{"rendered":"<p>? \u2020\u00a0? : tan\u00edt\u00f3. \u2013 G\u00f6rg\u00e9nyhod\u00e1kban tan\u00edtott. Az els\u0151 tan\u00edt\u00f3i konferenci\u00e1n, amelyet G\u00f6rg\u00e9nys\u00f3akn\u00e1ban tartottak, Cristea Elie Miron kezdem\u00e9nyez\u00e9s\u00e9re \u00e9s vezet\u00e9s\u00e9vel, el\u0151ad\u00e1st tartott a tanul\u00f3k vall\u00e1sos-erk\u00f6lcsi nevel\u00e9s\u00e9nek fontoss\u00e1g\u00e1r\u00f3l: Care este metodul cel mai bun pt. dezvoltarea sim\u0163\u0103muntului religios-moral la elevi? c. (1898. aug. 18\u201330). A k\u00f6v. \u00e9vben el\u0151ad\u00e1s\u00e1nak c. Via\u0163a \u015fi faptele arhiereului Sava Brancovici ca [&hellip;]<\/p>\n","protected":false},"featured_media":0,"comment_status":"open","ping_status":"closed","template":"","meta":[],"product_brand":[],"product_cat":[137],"product_tag":[],"class_list":{"0":"post-8263","1":"product","2":"type-product","3":"status-publish","5":"product_cat-maros-megyei-eletrajzi-lexikon","7":"first","8":"instock","9":"shipping-taxable","10":"product-type-simple"},"_links":{"self":[{"href":"https:\/\/uj.adatbank.ro\/lexikon\/wp-json\/wp\/v2\/product\/8263","targetHints":{"allow":["GET"]}}],"collection":[{"href":"https:\/\/uj.adatbank.ro\/lexikon\/wp-json\/wp\/v2\/product"}],"about":[{"href":"https:\/\/uj.adatbank.ro\/lexikon\/wp-json\/wp\/v2\/types\/product"}],"replies":[{"embeddable":true,"href":"https:\/\/uj.adatbank.ro\/lexikon\/wp-json\/wp\/v2\/comments?post=8263"}],"wp:attachment":[{"href":"https:\/\/uj.adatbank.ro\/lexikon\/wp-json\/wp\/v2\/media?parent=8263"}],"wp:term":[{"taxonomy":"product_brand","embeddable":true,"href":"https:\/\/uj.adatbank.ro\/lexikon\/wp-json\/wp\/v2\/product_brand?post=8263"},{"taxonomy":"product_cat","embeddable":true,"href":"https:\/\/uj.adatbank.ro\/lexikon\/wp-json\/wp\/v2\/product_cat?post=8263"},{"taxonomy":"product_tag","embeddable":true,"href":"https:\/\/uj.adatbank.ro\/lexikon\/wp-json\/wp\/v2\/product_tag?post=8263"}],"curies":[{"name":"wp","href":"https:\/\/api.w.org\/{rel}","templated":true}]}}

FRANDEŞ Zaharie

<p>? † ? : tanító. – Görgényhodákban tanított. Az első tanítói konferencián, amelyet Görgénysóaknában tartottak, Cristea Elie Miron kezdeményezésére és vezetésével, előadást tartott a tanulók vallásos-erkölcsi nevelésének fontosságáról: Care este metodul cel mai bun pt. dezvoltarea simţămuntului religios-moral la elevi? c. (1898. aug. 18–30). A köv. évben előadásának c. Viaţa şi faptele arhiereului Sava Brancovici ca tip de bărbat religios-moral şi de model de ortodox. <br /><strong>Irod.:</strong> Şerban 2006</br></p>

<p>? † ? : tanító. – Görgényhodákban tanított. Az első tanítói konferencián, amelyet Görgénysóaknában tartottak, Cristea Elie Miron kezdeményezésére és vezetésével, előadást tartott a tanulók vallásos-erkölcsi nevelésének fontosságáról: Care este metodul cel mai bun pt. dezvoltarea simţămuntului religios-moral la elevi? c. (1898. aug. 18–30). A köv. évben előadásának c. Viaţa şi faptele arhiereului Sava Brancovici ca [&hellip;]</p>
