{"id":8268,"date":"2025-06-29T10:20:13","date_gmt":"2025-06-29T08:20:13","guid":{"rendered":"https:\/\/uj.adatbank.ro\/lexikon\/termek\/frankel-dezso\/"},"modified":"2025-06-29T10:20:13","modified_gmt":"2025-06-29T08:20:13","slug":"frankel-dezso","status":"publish","type":"product","link":"https:\/\/uj.adatbank.ro\/lexikon\/termek\/frankel-dezso\/","title":{"rendered":"FRANKEL Dezs\u0151"},"content":{"rendered":"<p>? \u2020\u00a0? : mv.-i v\u00e1llalkoz\u00f3. \u2013 Mv.-en m\u00fck\u00f6d\u00f6tt a Pannonia g\u0151zmos\u00f3gy\u00e1ra (1908), 16 alkalmazottal. <br \/><strong>Irod.:<\/strong> Maros megyei m. -s\u00e1g. 4.<\/br><\/p>\n","protected":false},"excerpt":{"rendered":"<p>? \u2020\u00a0? : mv.-i v\u00e1llalkoz\u00f3. \u2013 Mv.-en m\u00fck\u00f6d\u00f6tt a Pannonia g\u0151zmos\u00f3gy\u00e1ra (1908), 16 alkalmazottal. Irod.: Maros megyei m. -s\u00e1g. 4.<\/p>\n","protected":false},"featured_media":0,"comment_status":"open","ping_status":"closed","template":"","meta":[],"product_brand":[],"product_cat":[137],"product_tag":[],"class_list":{"0":"post-8268","1":"product","2":"type-product","3":"status-publish","5":"product_cat-maros-megyei-eletrajzi-lexikon","7":"first","8":"instock","9":"shipping-taxable","10":"product-type-simple"},"_links":{"self":[{"href":"https:\/\/uj.adatbank.ro\/lexikon\/wp-json\/wp\/v2\/product\/8268","targetHints":{"allow":["GET"]}}],"collection":[{"href":"https:\/\/uj.adatbank.ro\/lexikon\/wp-json\/wp\/v2\/product"}],"about":[{"href":"https:\/\/uj.adatbank.ro\/lexikon\/wp-json\/wp\/v2\/types\/product"}],"replies":[{"embeddable":true,"href":"https:\/\/uj.adatbank.ro\/lexikon\/wp-json\/wp\/v2\/comments?post=8268"}],"wp:attachment":[{"href":"https:\/\/uj.adatbank.ro\/lexikon\/wp-json\/wp\/v2\/media?parent=8268"}],"wp:term":[{"taxonomy":"product_brand","embeddable":true,"href":"https:\/\/uj.adatbank.ro\/lexikon\/wp-json\/wp\/v2\/product_brand?post=8268"},{"taxonomy":"product_cat","embeddable":true,"href":"https:\/\/uj.adatbank.ro\/lexikon\/wp-json\/wp\/v2\/product_cat?post=8268"},{"taxonomy":"product_tag","embeddable":true,"href":"https:\/\/uj.adatbank.ro\/lexikon\/wp-json\/wp\/v2\/product_tag?post=8268"}],"curies":[{"name":"wp","href":"https:\/\/api.w.org\/{rel}","templated":true}]}}