{"id":8273,"date":"2025-06-29T10:20:22","date_gmt":"2025-06-29T08:20:22","guid":{"rendered":"https:\/\/uj.adatbank.ro\/lexikon\/termek\/frater-ilona-hajos-gergelyne-majd-zsigmond-dezsone-ducika\/"},"modified":"2025-06-29T10:20:22","modified_gmt":"2025-06-29T08:20:22","slug":"frater-ilona-hajos-gergelyne-majd-zsigmond-dezsone-ducika","status":"publish","type":"product","link":"https:\/\/uj.adatbank.ro\/lexikon\/termek\/frater-ilona-hajos-gergelyne-majd-zsigmond-dezsone-ducika\/","title":{"rendered":"FR\u00c1TER Ilona, Haj\u00f3s Gergelyn\u00e9, majd Zsigmond Dezs\u0151n\u00e9, Ducika"},"content":{"rendered":"<p>1896, \u2020 Bp., 1974.: k\u00e1ntor. \u2013 F. B\u00e9la \u00e9s Mik\u00f3 Ilona le\u00e1nya. F\u00e9rje cs. \u00e9s kir. kamar\u00e1s, f\u00f6ldbirtokos D\u00f6ms\u00f6d\u00f6n. Fiaik: Haj\u00f3s Gergely (1920\u2013) \u00e9s Haj\u00f3s J\u00f3zsef (1921\u201397), hat unok\u00e1ja \u00e9s tizenhat d\u00e9dunok\u00e1ja volt. Els\u0151 f\u00e9rje hal\u00e1la ut\u00e1n visszat\u00e9rt Disznaj\u00f3ra \u00e9s f\u00e9rjhezment Zsigmond Dezs\u0151 ref. lelk\u00e9szhez (1945). K\u00e1ntori \u00e1ll\u00e1st v\u00e1llalt. Az apja kast\u00e9ly\u00e1b\u00f3l kilakoltatt\u00e1k \u00e9s tehetetlen\u00fcl n\u00e9zte a kast\u00e9lyuk lerombol\u00e1s\u00e1t (1947). F\u00e9rje megbetegedett. (1952\u2013), hal\u00e1la ut\u00e1n (1958) t\u00e1voznia kellett a par\u00f3ki\u00e1r\u00f3l. Holtmarosra \u00f6regotthonba ker\u00fclt, majd a fiai Bp. -re vitt\u00e9k. A b\u00fatorokat elosztogatta. A kast\u00e9lyb\u00f3l kitett k\u00f6nyveket \u00e9s a lev\u00e9lt\u00e1rat az egyh\u00e1zvezet\u0151k a pap vezet\u00e9s\u00e9vel kihordt\u00e1k, m\u00e1gly\u00e1ba rakva el\u00e9gett\u00e9k. <br \/><strong>Irod.:<\/strong> Rh\u00e9deyek \u00e9s Fr\u00e1terek<\/br><\/p>\n","protected":false},"excerpt":{"rendered":"<p>1896, \u2020 Bp., 1974.: k\u00e1ntor. \u2013 F. B\u00e9la \u00e9s Mik\u00f3 Ilona le\u00e1nya. F\u00e9rje cs. \u00e9s kir. kamar\u00e1s, f\u00f6ldbirtokos D\u00f6ms\u00f6d\u00f6n. Fiaik: Haj\u00f3s Gergely (1920\u2013) \u00e9s Haj\u00f3s J\u00f3zsef (1921\u201397), hat unok\u00e1ja \u00e9s tizenhat d\u00e9dunok\u00e1ja volt. Els\u0151 f\u00e9rje hal\u00e1la ut\u00e1n visszat\u00e9rt Disznaj\u00f3ra \u00e9s f\u00e9rjhezment Zsigmond Dezs\u0151 ref. lelk\u00e9szhez (1945). K\u00e1ntori \u00e1ll\u00e1st v\u00e1llalt. Az apja kast\u00e9ly\u00e1b\u00f3l kilakoltatt\u00e1k \u00e9s tehetetlen\u00fcl [&hellip;]<\/p>\n","protected":false},"featured_media":0,"comment_status":"open","ping_status":"closed","template":"","meta":[],"product_brand":[],"product_cat":[137],"product_tag":[],"class_list":{"0":"post-8273","1":"product","2":"type-product","3":"status-publish","5":"product_cat-maros-megyei-eletrajzi-lexikon","7":"first","8":"instock","9":"shipping-taxable","10":"product-type-simple"},"_links":{"self":[{"href":"https:\/\/uj.adatbank.ro\/lexikon\/wp-json\/wp\/v2\/product\/8273","targetHints":{"allow":["GET"]}}],"collection":[{"href":"https:\/\/uj.adatbank.ro\/lexikon\/wp-json\/wp\/v2\/product"}],"about":[{"href":"https:\/\/uj.adatbank.ro\/lexikon\/wp-json\/wp\/v2\/types\/product"}],"replies":[{"embeddable":true,"href":"https:\/\/uj.adatbank.ro\/lexikon\/wp-json\/wp\/v2\/comments?post=8273"}],"wp:attachment":[{"href":"https:\/\/uj.adatbank.ro\/lexikon\/wp-json\/wp\/v2\/media?parent=8273"}],"wp:term":[{"taxonomy":"product_brand","embeddable":true,"href":"https:\/\/uj.adatbank.ro\/lexikon\/wp-json\/wp\/v2\/product_brand?post=8273"},{"taxonomy":"product_cat","embeddable":true,"href":"https:\/\/uj.adatbank.ro\/lexikon\/wp-json\/wp\/v2\/product_cat?post=8273"},{"taxonomy":"product_tag","embeddable":true,"href":"https:\/\/uj.adatbank.ro\/lexikon\/wp-json\/wp\/v2\/product_tag?post=8273"}],"curies":[{"name":"wp","href":"https:\/\/api.w.org\/{rel}","templated":true}]}}