{"id":8274,"date":"2025-06-29T10:20:26","date_gmt":"2025-06-29T08:20:26","guid":{"rendered":"https:\/\/uj.adatbank.ro\/lexikon\/termek\/frater-lorand-ippi-es-erkeserui\/"},"modified":"2025-06-29T10:20:26","modified_gmt":"2025-06-29T08:20:26","slug":"frater-lorand-ippi-es-erkeserui","status":"publish","type":"product","link":"https:\/\/uj.adatbank.ro\/lexikon\/termek\/frater-lorand-ippi-es-erkeserui\/","title":{"rendered":"FR\u00c1TER L\u00f3r\u00e1nd, ippi \u00e9s \u00e9rkeser\u0171i"},"content":{"rendered":"<p>\u00c9rsemly\u00e9n, 1872. j\u00fan. 17., \u2020 Bp., 1930. m\u00e1rc. 12. : zeneszerz\u0151, f\u0151hadnagy. \u2013 F. B\u00e9la \u00f6ccse. \u2013 Eml\u00e9kezetes a Mv.-en tartott hangversenye (1928). \u00daj kiad\u00e1s\u00fa k\u00f6tet r\u00f3la: Fr\u00e1ter Lor\u00e1nd, a n\u00f3t\u00e1s kapit\u00e1ny. Cs\u0151sz Irma \u00f3v\u00f3n\u0151 , Barab\u00e1s Abig\u00e9l \u00e9s Vita Zsigmond Aliz k\u00e9zirat\u00e1t a Kreat\u00edv Kiad\u00f3 adta ki. A k\u00f6tetet a disznaj\u00f3i N\u0151szervezet mutatta be. <br \/><strong>Irod.:<\/strong> : Vita Piroska. Fr\u00e1ter Lor\u00e1nd, a n\u00f3t\u00e1s kapit\u00e1ny Disznaj\u00f3n (N\u00fa., 2023. aug. 8.)<\/br><\/p>\n","protected":false},"excerpt":{"rendered":"<p>\u00c9rsemly\u00e9n, 1872. j\u00fan. 17., \u2020 Bp., 1930. m\u00e1rc. 12. : zeneszerz\u0151, f\u0151hadnagy. \u2013 F. B\u00e9la \u00f6ccse. \u2013 Eml\u00e9kezetes a Mv.-en tartott hangversenye (1928). \u00daj kiad\u00e1s\u00fa k\u00f6tet r\u00f3la: Fr\u00e1ter Lor\u00e1nd, a n\u00f3t\u00e1s kapit\u00e1ny. Cs\u0151sz Irma \u00f3v\u00f3n\u0151 , Barab\u00e1s Abig\u00e9l \u00e9s Vita Zsigmond Aliz k\u00e9zirat\u00e1t a Kreat\u00edv Kiad\u00f3 adta ki. A k\u00f6tetet a disznaj\u00f3i N\u0151szervezet mutatta be. [&hellip;]<\/p>\n","protected":false},"featured_media":0,"comment_status":"open","ping_status":"closed","template":"","meta":[],"product_brand":[],"product_cat":[137],"product_tag":[],"class_list":{"0":"post-8274","1":"product","2":"type-product","3":"status-publish","5":"product_cat-maros-megyei-eletrajzi-lexikon","7":"first","8":"instock","9":"shipping-taxable","10":"product-type-simple"},"_links":{"self":[{"href":"https:\/\/uj.adatbank.ro\/lexikon\/wp-json\/wp\/v2\/product\/8274","targetHints":{"allow":["GET"]}}],"collection":[{"href":"https:\/\/uj.adatbank.ro\/lexikon\/wp-json\/wp\/v2\/product"}],"about":[{"href":"https:\/\/uj.adatbank.ro\/lexikon\/wp-json\/wp\/v2\/types\/product"}],"replies":[{"embeddable":true,"href":"https:\/\/uj.adatbank.ro\/lexikon\/wp-json\/wp\/v2\/comments?post=8274"}],"wp:attachment":[{"href":"https:\/\/uj.adatbank.ro\/lexikon\/wp-json\/wp\/v2\/media?parent=8274"}],"wp:term":[{"taxonomy":"product_brand","embeddable":true,"href":"https:\/\/uj.adatbank.ro\/lexikon\/wp-json\/wp\/v2\/product_brand?post=8274"},{"taxonomy":"product_cat","embeddable":true,"href":"https:\/\/uj.adatbank.ro\/lexikon\/wp-json\/wp\/v2\/product_cat?post=8274"},{"taxonomy":"product_tag","embeddable":true,"href":"https:\/\/uj.adatbank.ro\/lexikon\/wp-json\/wp\/v2\/product_tag?post=8274"}],"curies":[{"name":"wp","href":"https:\/\/api.w.org\/{rel}","templated":true}]}}