{"id":8276,"date":"2025-06-29T10:20:29","date_gmt":"2025-06-29T08:20:29","guid":{"rendered":"https:\/\/uj.adatbank.ro\/lexikon\/termek\/fratila-solomon-%c2%a7\/"},"modified":"2025-06-29T10:20:29","modified_gmt":"2025-06-29T08:20:29","slug":"fratila-solomon-%c2%a7","status":"publish","type":"product","link":"https:\/\/uj.adatbank.ro\/lexikon\/termek\/fratila-solomon-%c2%a7\/","title":{"rendered":"FR\u0102\u0162IL\u0102 Solomon, \u00a7"},"content":{"rendered":"<p>Pan\u00e1d, 1911., \u2020 Mv., 1984. okt. 28.: tan\u00e1r, iskola- \u00e9s k\u00f6nyvt\u00e1rigazgat\u00f3. \u2013 Tan\u00edt\u00f3k\u00e9pz\u0151t Bal\u00e1zsfalv\u00e1n v\u00e9gzett, majd Kv.-on az egyetemen rom\u00e1n-t\u00f6rt\u00e9nelem tan\u00e1ri oklevelet szerzett. Tan\u00edtott Sz\u00e1szr\u00e9genben az 1. sz. elemi iskol\u00e1ban, Mv.-en tanfel\u00fcgyel\u0151, rom\u00e1n- \u00e9s t\u00f6rt\u00e9nelem tan\u00e1r, majd igazgat\u00f3 az Al. Papiu Ilarian L\u00edc.-ban (1960. szept. 15. \u2013 1961. szept. 1). Az \u0151 igazgat\u00e1sa idej\u00e9n egyes\u00edtett\u00e9k az iskol\u00e1kat, vagyis cser\u00e9lt\u00e9k ki a Bolyai L\u00edc. m. tannyelv\u0171 oszt\u00e1lyainak \u00e9s tan\u00e1rainak egyr\u00e9sz\u00e9t a Papiu Ilarian L\u00edc. rom\u00e1n tannyelv\u0171 oszt\u00e1lyaival ill. tan\u00e1raival, mindk\u00e9t l\u00edc.-ban oktattak mindk\u00e9t nyelven. Tanfel\u00fcgyel\u0151, majd a Maros megyei M\u0171vel\u0151d\u00e9si oszt\u00e1ly fel\u00fcgyel\u0151je (1961\u201366). A Maros megyei Tartom\u00e1nyi K\u00f6nyvt\u00e1r igazgat\u00f3ja nyugd\u00edjaz\u00e1s\u00e1ig (1966\u201374). <br \/><strong>Irod.:<\/strong> Bui-Borda-Opri\u015f; Dasc\u0103li mure\u015feni, 2.; Id\u0151t\u00e1r 4.; Liceul Al Papiu Ilarian; Papiu; Todea 2013<\/br><\/p>\n","protected":false},"excerpt":{"rendered":"<p>Pan\u00e1d, 1911., \u2020 Mv., 1984. okt. 28.: tan\u00e1r, iskola- \u00e9s k\u00f6nyvt\u00e1rigazgat\u00f3. \u2013 Tan\u00edt\u00f3k\u00e9pz\u0151t Bal\u00e1zsfalv\u00e1n v\u00e9gzett, majd Kv.-on az egyetemen rom\u00e1n-t\u00f6rt\u00e9nelem tan\u00e1ri oklevelet szerzett. Tan\u00edtott Sz\u00e1szr\u00e9genben az 1. sz. elemi iskol\u00e1ban, Mv.-en tanfel\u00fcgyel\u0151, rom\u00e1n- \u00e9s t\u00f6rt\u00e9nelem tan\u00e1r, majd igazgat\u00f3 az Al. Papiu Ilarian L\u00edc.-ban (1960. szept. 15. \u2013 1961. szept. 1). Az \u0151 igazgat\u00e1sa idej\u00e9n egyes\u00edtett\u00e9k [&hellip;]<\/p>\n","protected":false},"featured_media":0,"comment_status":"open","ping_status":"closed","template":"","meta":[],"product_brand":[],"product_cat":[137],"product_tag":[],"class_list":{"0":"post-8276","1":"product","2":"type-product","3":"status-publish","5":"product_cat-maros-megyei-eletrajzi-lexikon","7":"first","8":"instock","9":"shipping-taxable","10":"product-type-simple"},"_links":{"self":[{"href":"https:\/\/uj.adatbank.ro\/lexikon\/wp-json\/wp\/v2\/product\/8276","targetHints":{"allow":["GET"]}}],"collection":[{"href":"https:\/\/uj.adatbank.ro\/lexikon\/wp-json\/wp\/v2\/product"}],"about":[{"href":"https:\/\/uj.adatbank.ro\/lexikon\/wp-json\/wp\/v2\/types\/product"}],"replies":[{"embeddable":true,"href":"https:\/\/uj.adatbank.ro\/lexikon\/wp-json\/wp\/v2\/comments?post=8276"}],"wp:attachment":[{"href":"https:\/\/uj.adatbank.ro\/lexikon\/wp-json\/wp\/v2\/media?parent=8276"}],"wp:term":[{"taxonomy":"product_brand","embeddable":true,"href":"https:\/\/uj.adatbank.ro\/lexikon\/wp-json\/wp\/v2\/product_brand?post=8276"},{"taxonomy":"product_cat","embeddable":true,"href":"https:\/\/uj.adatbank.ro\/lexikon\/wp-json\/wp\/v2\/product_cat?post=8276"},{"taxonomy":"product_tag","embeddable":true,"href":"https:\/\/uj.adatbank.ro\/lexikon\/wp-json\/wp\/v2\/product_tag?post=8276"}],"curies":[{"name":"wp","href":"https:\/\/api.w.org\/{rel}","templated":true}]}}