{"id":8277,"date":"2025-06-29T10:20:31","date_gmt":"2025-06-29T08:20:31","guid":{"rendered":"https:\/\/uj.adatbank.ro\/lexikon\/termek\/fratila-zaharia\/"},"modified":"2025-06-29T10:20:31","modified_gmt":"2025-06-29T08:20:31","slug":"fratila-zaharia","status":"publish","type":"product","link":"https:\/\/uj.adatbank.ro\/lexikon\/termek\/fratila-zaharia\/","title":{"rendered":"FR\u0102\u0162ILA Zaharia"},"content":{"rendered":"<p>Tiur-Blaj, 1924. aug. 17., \u2020 Dics\u0151szentm\u00e1rton, 2000. nov. 4. : k\u00f6nyvel\u0151, k\u00e9pz\u0151m\u0171v\u00e9sz. \u2013 Csoportos ki\u00e1ll\u00edt\u00e1skon\u00a0(Mv., Gyulafeh\u00e9rv\u00e1r, Buk.) mutatta be festm\u00e9nyeit, k\u00e1rpitjait. Sz\u00ednes \u00fcvegmozaikjai d\u00edsz\u00edtik a borz\u00e1si \u00ab Vasile Moldovan\u00a0\u00ab Gimn. bej\u00e1rati fal\u00e1t, a botorkai templomot. a dics\u0151iszentm\u00e1rtoni ort. Adormirea Maicii Domnului k\u00e1poln\u00e1t (\u00e9p\u00fclt 1974\u201376), amit Kis Vorone\u0163-nek v. Erd\u00e9ly Vorone\u0163-\u00e9nek neveztek el. <br \/><strong>Irod.:<\/strong> Moldovan, Iuliu: Art\u0103 plastic\u0103 t\u00e2rn\u0103vean\u0103: repere culturale (Tg. M., 2008); T\u00e2rn\u0103veni, cult. &#8211; ist.<\/br><\/p>\n","protected":false},"excerpt":{"rendered":"<p>Tiur-Blaj, 1924. aug. 17., \u2020 Dics\u0151szentm\u00e1rton, 2000. nov. 4. : k\u00f6nyvel\u0151, k\u00e9pz\u0151m\u0171v\u00e9sz. \u2013 Csoportos ki\u00e1ll\u00edt\u00e1skon\u00a0(Mv., Gyulafeh\u00e9rv\u00e1r, Buk.) mutatta be festm\u00e9nyeit, k\u00e1rpitjait. Sz\u00ednes \u00fcvegmozaikjai d\u00edsz\u00edtik a borz\u00e1si \u00ab Vasile Moldovan\u00a0\u00ab Gimn. bej\u00e1rati fal\u00e1t, a botorkai templomot. a dics\u0151iszentm\u00e1rtoni ort. Adormirea Maicii Domnului k\u00e1poln\u00e1t (\u00e9p\u00fclt 1974\u201376), amit Kis Vorone\u0163-nek v. Erd\u00e9ly Vorone\u0163-\u00e9nek neveztek el. Irod.: Moldovan, Iuliu: [&hellip;]<\/p>\n","protected":false},"featured_media":0,"comment_status":"open","ping_status":"closed","template":"","meta":[],"product_brand":[],"product_cat":[137],"product_tag":[],"class_list":{"0":"post-8277","1":"product","2":"type-product","3":"status-publish","5":"product_cat-maros-megyei-eletrajzi-lexikon","7":"first","8":"instock","9":"shipping-taxable","10":"product-type-simple"},"_links":{"self":[{"href":"https:\/\/uj.adatbank.ro\/lexikon\/wp-json\/wp\/v2\/product\/8277","targetHints":{"allow":["GET"]}}],"collection":[{"href":"https:\/\/uj.adatbank.ro\/lexikon\/wp-json\/wp\/v2\/product"}],"about":[{"href":"https:\/\/uj.adatbank.ro\/lexikon\/wp-json\/wp\/v2\/types\/product"}],"replies":[{"embeddable":true,"href":"https:\/\/uj.adatbank.ro\/lexikon\/wp-json\/wp\/v2\/comments?post=8277"}],"wp:attachment":[{"href":"https:\/\/uj.adatbank.ro\/lexikon\/wp-json\/wp\/v2\/media?parent=8277"}],"wp:term":[{"taxonomy":"product_brand","embeddable":true,"href":"https:\/\/uj.adatbank.ro\/lexikon\/wp-json\/wp\/v2\/product_brand?post=8277"},{"taxonomy":"product_cat","embeddable":true,"href":"https:\/\/uj.adatbank.ro\/lexikon\/wp-json\/wp\/v2\/product_cat?post=8277"},{"taxonomy":"product_tag","embeddable":true,"href":"https:\/\/uj.adatbank.ro\/lexikon\/wp-json\/wp\/v2\/product_tag?post=8277"}],"curies":[{"name":"wp","href":"https:\/\/api.w.org\/{rel}","templated":true}]}}

FRĂŢILA Zaharia

<p>Tiur-Blaj, 1924. aug. 17., † Dicsőszentmárton, 2000. nov. 4. : könyvelő, képzőművész. – Csoportos kiállításkon (Mv., Gyulafehérvár, Buk.) mutatta be festményeit, kárpitjait. Színes üvegmozaikjai díszítik a borzási « Vasile Moldovan « Gimn. bejárati falát, a botorkai templomot. a dicsőiszentmártoni ort. Adormirea Maicii Domnului kápolnát (épült 1974–76), amit Kis Voroneţ-nek v. Erdély Voroneţ-ének neveztek el. <br /><strong>Irod.:</strong> Moldovan, Iuliu: Artă plastică târnăveană: repere culturale (Tg. M., 2008); Târnăveni, cult. &#8211; ist.</br></p>

<p>Tiur-Blaj, 1924. aug. 17., † Dicsőszentmárton, 2000. nov. 4. : könyvelő, képzőművész. – Csoportos kiállításkon (Mv., Gyulafehérvár, Buk.) mutatta be festményeit, kárpitjait. Színes üvegmozaikjai díszítik a borzási « Vasile Moldovan « Gimn. bejárati falát, a botorkai templomot. a dicsőiszentmártoni ort. Adormirea Maicii Domnului kápolnát (épült 1974–76), amit Kis Voroneţ-nek v. Erdély Voroneţ-ének neveztek el. Irod.: Moldovan, Iuliu: [&hellip;]</p>
