{"id":8282,"date":"2025-06-29T10:20:40","date_gmt":"2025-06-29T08:20:40","guid":{"rendered":"https:\/\/uj.adatbank.ro\/lexikon\/termek\/frendl-karoly-freudl-karoly\/"},"modified":"2025-06-29T10:20:40","modified_gmt":"2025-06-29T08:20:40","slug":"frendl-karoly-freudl-karoly","status":"publish","type":"product","link":"https:\/\/uj.adatbank.ro\/lexikon\/termek\/frendl-karoly-freudl-karoly\/","title":{"rendered":"FRENDL K\u00e1roly, Freudl K\u00e1roly"},"content":{"rendered":"<p>1817.? \u2020\u00a0Mv., 1864. aug. 22. A ferencrendi aty\u00e1k z\u00e1rd\u00e1j\u00e1b\u00f3l temett\u00e9k: r. k. pap. \u2013 Jobb\u00e1gytelke pl\u00e9b\u00e1nosa, 24 \u00e9vet m\u0171k\u00f6d\u00f6tt mint pap, igazgat\u00f3 tan\u00edt\u00f3 is volt (1857\u201362). <br \/><strong>Irod.:<\/strong> Gy\u00e1szjelent\u0151; Eml\u00e9kk\u00f6nyv a jobb\u00e1gytelki iskola \u00e9vfordul\u00f3j\u00e1ra<\/br><\/p>\n","protected":false},"excerpt":{"rendered":"<p>1817.? \u2020\u00a0Mv., 1864. aug. 22. A ferencrendi aty\u00e1k z\u00e1rd\u00e1j\u00e1b\u00f3l temett\u00e9k: r. k. pap. \u2013 Jobb\u00e1gytelke pl\u00e9b\u00e1nosa, 24 \u00e9vet m\u0171k\u00f6d\u00f6tt mint pap, igazgat\u00f3 tan\u00edt\u00f3 is volt (1857\u201362). Irod.: Gy\u00e1szjelent\u0151; Eml\u00e9kk\u00f6nyv a jobb\u00e1gytelki iskola \u00e9vfordul\u00f3j\u00e1ra<\/p>\n","protected":false},"featured_media":0,"comment_status":"open","ping_status":"closed","template":"","meta":[],"product_brand":[],"product_cat":[137],"product_tag":[],"class_list":{"0":"post-8282","1":"product","2":"type-product","3":"status-publish","5":"product_cat-maros-megyei-eletrajzi-lexikon","7":"first","8":"instock","9":"shipping-taxable","10":"product-type-simple"},"_links":{"self":[{"href":"https:\/\/uj.adatbank.ro\/lexikon\/wp-json\/wp\/v2\/product\/8282","targetHints":{"allow":["GET"]}}],"collection":[{"href":"https:\/\/uj.adatbank.ro\/lexikon\/wp-json\/wp\/v2\/product"}],"about":[{"href":"https:\/\/uj.adatbank.ro\/lexikon\/wp-json\/wp\/v2\/types\/product"}],"replies":[{"embeddable":true,"href":"https:\/\/uj.adatbank.ro\/lexikon\/wp-json\/wp\/v2\/comments?post=8282"}],"wp:attachment":[{"href":"https:\/\/uj.adatbank.ro\/lexikon\/wp-json\/wp\/v2\/media?parent=8282"}],"wp:term":[{"taxonomy":"product_brand","embeddable":true,"href":"https:\/\/uj.adatbank.ro\/lexikon\/wp-json\/wp\/v2\/product_brand?post=8282"},{"taxonomy":"product_cat","embeddable":true,"href":"https:\/\/uj.adatbank.ro\/lexikon\/wp-json\/wp\/v2\/product_cat?post=8282"},{"taxonomy":"product_tag","embeddable":true,"href":"https:\/\/uj.adatbank.ro\/lexikon\/wp-json\/wp\/v2\/product_tag?post=8282"}],"curies":[{"name":"wp","href":"https:\/\/api.w.org\/{rel}","templated":true}]}}