{"id":8289,"date":"2025-06-29T10:20:58","date_gmt":"2025-06-29T08:20:58","guid":{"rendered":"https:\/\/uj.adatbank.ro\/lexikon\/termek\/fried-farkas-i\/"},"modified":"2025-06-29T10:20:58","modified_gmt":"2025-06-29T08:20:58","slug":"fried-farkas-i","status":"publish","type":"product","link":"https:\/\/uj.adatbank.ro\/lexikon\/termek\/fried-farkas-i\/","title":{"rendered":"FRIED Farkas I."},"content":{"rendered":"<p>T\u00f6vis, 1871. okt. 20., \u2020\u00a0? : dr. jur. \u00fcgyv\u00e9d. \u2013 K\u00f6z\u00e9piskol\u00e1it Nagyenyeden, Gyulafeh\u00e9rv\u00e1rt \u00e9s Sz\u00e1szv\u00e1roson v\u00e9gezte (1889). Kv.-on \u00e9s Bp.-en joghallgat\u00f3, doktor\u00e1lt (1899). \u00dcgyv\u00e9djel\u00f6lt Tord\u00e1n, Mv.-en, Bp.-en, Kaposv\u00e1ron. Tord\u00e1n nyitott \u00fcgyv\u00e9di irod\u00e1t (1901-07). Gyulafeh\u00e9rv\u00e1ron m\u0171k\u00f6d\u00f6tt (1917\u2013). Mv.-en a Sz\u00e9kely H\u00edrlap, majd a Sz\u00e9kely Lapok szinte minden sz\u00e1m\u00e1ban jelent meg cikke, t\u00e1rc\u00e1ja, verse, m\u0171ford\u00edt\u00e1sa, a f\u0151munkat\u00e1rsak k\u00f6z\u00e9 tartozott a K\u00fck\u00fcll\u0151v\u00f6lgy-ben, majd a Sz\u00e9kely Napl\u00f3- ban (1897k. \u2013). <br \/><strong>Irod.:<\/strong> Guly\u00e1s; Popt\u0103ma\u015f\u2013M\u00f3zes<\/br><\/p>\n","protected":false},"excerpt":{"rendered":"<p>T\u00f6vis, 1871. okt. 20., \u2020\u00a0? : dr. jur. \u00fcgyv\u00e9d. \u2013 K\u00f6z\u00e9piskol\u00e1it Nagyenyeden, Gyulafeh\u00e9rv\u00e1rt \u00e9s Sz\u00e1szv\u00e1roson v\u00e9gezte (1889). Kv.-on \u00e9s Bp.-en joghallgat\u00f3, doktor\u00e1lt (1899). \u00dcgyv\u00e9djel\u00f6lt Tord\u00e1n, Mv.-en, Bp.-en, Kaposv\u00e1ron. Tord\u00e1n nyitott \u00fcgyv\u00e9di irod\u00e1t (1901-07). Gyulafeh\u00e9rv\u00e1ron m\u0171k\u00f6d\u00f6tt (1917\u2013). Mv.-en a Sz\u00e9kely H\u00edrlap, majd a Sz\u00e9kely Lapok szinte minden sz\u00e1m\u00e1ban jelent meg cikke, t\u00e1rc\u00e1ja, verse, m\u0171ford\u00edt\u00e1sa, a f\u0151munkat\u00e1rsak [&hellip;]<\/p>\n","protected":false},"featured_media":0,"comment_status":"open","ping_status":"closed","template":"","meta":[],"product_brand":[],"product_cat":[137],"product_tag":[],"class_list":{"0":"post-8289","1":"product","2":"type-product","3":"status-publish","5":"product_cat-maros-megyei-eletrajzi-lexikon","7":"first","8":"instock","9":"shipping-taxable","10":"product-type-simple"},"_links":{"self":[{"href":"https:\/\/uj.adatbank.ro\/lexikon\/wp-json\/wp\/v2\/product\/8289","targetHints":{"allow":["GET"]}}],"collection":[{"href":"https:\/\/uj.adatbank.ro\/lexikon\/wp-json\/wp\/v2\/product"}],"about":[{"href":"https:\/\/uj.adatbank.ro\/lexikon\/wp-json\/wp\/v2\/types\/product"}],"replies":[{"embeddable":true,"href":"https:\/\/uj.adatbank.ro\/lexikon\/wp-json\/wp\/v2\/comments?post=8289"}],"wp:attachment":[{"href":"https:\/\/uj.adatbank.ro\/lexikon\/wp-json\/wp\/v2\/media?parent=8289"}],"wp:term":[{"taxonomy":"product_brand","embeddable":true,"href":"https:\/\/uj.adatbank.ro\/lexikon\/wp-json\/wp\/v2\/product_brand?post=8289"},{"taxonomy":"product_cat","embeddable":true,"href":"https:\/\/uj.adatbank.ro\/lexikon\/wp-json\/wp\/v2\/product_cat?post=8289"},{"taxonomy":"product_tag","embeddable":true,"href":"https:\/\/uj.adatbank.ro\/lexikon\/wp-json\/wp\/v2\/product_tag?post=8289"}],"curies":[{"name":"wp","href":"https:\/\/api.w.org\/{rel}","templated":true}]}}

<p>Tövis, 1871. okt. 20., † ? : dr. jur. ügyvéd. – Középiskoláit Nagyenyeden, Gyulafehérvárt és Szászvároson végezte (1889). Kv.-on és Bp.-en joghallgató, doktorált (1899). Ügyvédjelölt Tordán, Mv.-en, Bp.-en, Kaposváron. Tordán nyitott ügyvédi irodát (1901-07). Gyulafehérváron működött (1917–). Mv.-en a Székely Hírlap, majd a Székely Lapok szinte minden számában jelent meg cikke, tárcája, verse, műfordítása, a főmunkatársak közé tartozott a Küküllővölgy-ben, majd a Székely Napló- ban (1897k. –). <br /><strong>Irod.:</strong> Gulyás; Poptămaş–Mózes</br></p>

<p>Tövis, 1871. okt. 20., † ? : dr. jur. ügyvéd. – Középiskoláit Nagyenyeden, Gyulafehérvárt és Szászvároson végezte (1889). Kv.-on és Bp.-en joghallgató, doktorált (1899). Ügyvédjelölt Tordán, Mv.-en, Bp.-en, Kaposváron. Tordán nyitott ügyvédi irodát (1901-07). Gyulafehérváron működött (1917–). Mv.-en a Székely Hírlap, majd a Székely Lapok szinte minden számában jelent meg cikke, tárcája, verse, műfordítása, a főmunkatársak [&hellip;]</p>
