{"id":8298,"date":"2025-06-29T10:21:17","date_gmt":"2025-06-29T08:21:17","guid":{"rendered":"https:\/\/uj.adatbank.ro\/lexikon\/termek\/friedmann-markus-%c2%a7\/"},"modified":"2025-06-29T10:21:17","modified_gmt":"2025-06-29T08:21:17","slug":"friedmann-markus-%c2%a7","status":"publish","type":"product","link":"https:\/\/uj.adatbank.ro\/lexikon\/termek\/friedmann-markus-%c2%a7\/","title":{"rendered":"FRIEDMANN M\u00e1rkus, \u00a7"},"content":{"rendered":"<p>? \u2020\u00a0? : keresked\u0151. \u2013 Testv\u00e9re: F. Salamon (\u2020 Kv., 1938), a vh.-ban mint tenger\u00e9sz szolg\u00e1lt a Tegetthof-haj\u00f3n. \u2013 Aut\u00f3kell\u00e9kkeresked\u0151 Mv.-en. Az I. vh.-ban szakaszparancsnok volt a rom\u00e1n, orosz harct\u00e9ren (1915. m\u00e1j. \u2013 18. nov.). Megsebes\u00fclt. <strong>Kit\u00fcntet\u00e9sei:<\/strong> O 2 ; Ob, K\u00e1roly cs. k., seb. \u00e9rem ig. a. <br \/><strong>Irod.:<\/strong> M. hadviselt zsid\u00f3k<\/br><\/p>\n","protected":false},"excerpt":{"rendered":"<p>? \u2020\u00a0? : keresked\u0151. \u2013 Testv\u00e9re: F. Salamon (\u2020 Kv., 1938), a vh.-ban mint tenger\u00e9sz szolg\u00e1lt a Tegetthof-haj\u00f3n. \u2013 Aut\u00f3kell\u00e9kkeresked\u0151 Mv.-en. Az I. vh.-ban szakaszparancsnok volt a rom\u00e1n, orosz harct\u00e9ren (1915. m\u00e1j. \u2013 18. nov.). Megsebes\u00fclt. Kit\u00fcntet\u00e9sei: O 2 ; Ob, K\u00e1roly cs. k., seb. \u00e9rem ig. a. Irod.: M. hadviselt zsid\u00f3k<\/p>\n","protected":false},"featured_media":0,"comment_status":"open","ping_status":"closed","template":"","meta":[],"product_brand":[],"product_cat":[137],"product_tag":[],"class_list":{"0":"post-8298","1":"product","2":"type-product","3":"status-publish","5":"product_cat-maros-megyei-eletrajzi-lexikon","7":"first","8":"instock","9":"shipping-taxable","10":"product-type-simple"},"_links":{"self":[{"href":"https:\/\/uj.adatbank.ro\/lexikon\/wp-json\/wp\/v2\/product\/8298","targetHints":{"allow":["GET"]}}],"collection":[{"href":"https:\/\/uj.adatbank.ro\/lexikon\/wp-json\/wp\/v2\/product"}],"about":[{"href":"https:\/\/uj.adatbank.ro\/lexikon\/wp-json\/wp\/v2\/types\/product"}],"replies":[{"embeddable":true,"href":"https:\/\/uj.adatbank.ro\/lexikon\/wp-json\/wp\/v2\/comments?post=8298"}],"wp:attachment":[{"href":"https:\/\/uj.adatbank.ro\/lexikon\/wp-json\/wp\/v2\/media?parent=8298"}],"wp:term":[{"taxonomy":"product_brand","embeddable":true,"href":"https:\/\/uj.adatbank.ro\/lexikon\/wp-json\/wp\/v2\/product_brand?post=8298"},{"taxonomy":"product_cat","embeddable":true,"href":"https:\/\/uj.adatbank.ro\/lexikon\/wp-json\/wp\/v2\/product_cat?post=8298"},{"taxonomy":"product_tag","embeddable":true,"href":"https:\/\/uj.adatbank.ro\/lexikon\/wp-json\/wp\/v2\/product_tag?post=8298"}],"curies":[{"name":"wp","href":"https:\/\/api.w.org\/{rel}","templated":true}]}}