{"id":8311,"date":"2025-06-29T10:21:45","date_gmt":"2025-06-29T08:21:45","guid":{"rendered":"https:\/\/uj.adatbank.ro\/lexikon\/termek\/fritsch-carl\/"},"modified":"2025-06-29T10:21:45","modified_gmt":"2025-06-29T08:21:45","slug":"fritsch-carl","status":"publish","type":"product","link":"https:\/\/uj.adatbank.ro\/lexikon\/termek\/fritsch-carl\/","title":{"rendered":"FRITSCH Carl"},"content":{"rendered":"<p>1824., \u2020 Sz\u00e1szr\u00e9gen, 1889.: orvos. \u2013 Tanult B\u00e9csben (1844), doktor\u00e1lt. V\u00e1rosi tisztif\u0151\u00f6rvos, honv\u00e9d ezredorvos Sz\u00e1szr\u00e9genben. A Thomas Fritsch Szeg\u00e9ny- \u00e9s \u00c1rvah\u00e1z \u00fajraalap\u00edt\u00f3ja, amit majd a fiai, dr. Oswald \u00e9s Norbert F. adom\u00e1nyaib\u00f3l \u00fajraind\u00edtottak (1912). T\u00e9glagy\u00e1ra volt Abaf\u00e1j\u00e1n. Cikkei a Sitzungsberichte der mathem. Naturw. Classe der Kais. Akademie der Wissenschaften in Wien \u00e9s a Denkschriften d. Kais Akademie der Wissenschaften Math. -Naturw. Classe c. munk\u00e1kban. \u2013 <strong>F. m.:<\/strong> Normaler Bl\u00fcthen-Kalender von Oesterreich-Ungarn reducirt auf Wien (Wien, 1874); J\u00e4hrlike Periode der Infectanfauna von Oesterreich-Ungarn (Wien, 1875). <br \/><strong>Irod.:<\/strong> Abaf\u00e1ja; Guly\u00e1s; S\u00e4chsisch-Regen; Szab\u00f3\u2013Sz\u00f6gi; Szinnyei; Szinnyei J. -Sz. J.<\/br><\/p>\n","protected":false},"excerpt":{"rendered":"<p>1824., \u2020 Sz\u00e1szr\u00e9gen, 1889.: orvos. \u2013 Tanult B\u00e9csben (1844), doktor\u00e1lt. V\u00e1rosi tisztif\u0151\u00f6rvos, honv\u00e9d ezredorvos Sz\u00e1szr\u00e9genben. A Thomas Fritsch Szeg\u00e9ny- \u00e9s \u00c1rvah\u00e1z \u00fajraalap\u00edt\u00f3ja, amit majd a fiai, dr. Oswald \u00e9s Norbert F. adom\u00e1nyaib\u00f3l \u00fajraind\u00edtottak (1912). T\u00e9glagy\u00e1ra volt Abaf\u00e1j\u00e1n. Cikkei a Sitzungsberichte der mathem. Naturw. Classe der Kais. Akademie der Wissenschaften in Wien \u00e9s a Denkschriften d. [&hellip;]<\/p>\n","protected":false},"featured_media":0,"comment_status":"open","ping_status":"closed","template":"","meta":[],"product_brand":[],"product_cat":[137],"product_tag":[],"class_list":{"0":"post-8311","1":"product","2":"type-product","3":"status-publish","5":"product_cat-maros-megyei-eletrajzi-lexikon","7":"first","8":"instock","9":"shipping-taxable","10":"product-type-simple"},"_links":{"self":[{"href":"https:\/\/uj.adatbank.ro\/lexikon\/wp-json\/wp\/v2\/product\/8311","targetHints":{"allow":["GET"]}}],"collection":[{"href":"https:\/\/uj.adatbank.ro\/lexikon\/wp-json\/wp\/v2\/product"}],"about":[{"href":"https:\/\/uj.adatbank.ro\/lexikon\/wp-json\/wp\/v2\/types\/product"}],"replies":[{"embeddable":true,"href":"https:\/\/uj.adatbank.ro\/lexikon\/wp-json\/wp\/v2\/comments?post=8311"}],"wp:attachment":[{"href":"https:\/\/uj.adatbank.ro\/lexikon\/wp-json\/wp\/v2\/media?parent=8311"}],"wp:term":[{"taxonomy":"product_brand","embeddable":true,"href":"https:\/\/uj.adatbank.ro\/lexikon\/wp-json\/wp\/v2\/product_brand?post=8311"},{"taxonomy":"product_cat","embeddable":true,"href":"https:\/\/uj.adatbank.ro\/lexikon\/wp-json\/wp\/v2\/product_cat?post=8311"},{"taxonomy":"product_tag","embeddable":true,"href":"https:\/\/uj.adatbank.ro\/lexikon\/wp-json\/wp\/v2\/product_tag?post=8311"}],"curies":[{"name":"wp","href":"https:\/\/api.w.org\/{rel}","templated":true}]}}

<p>1824., † Szászrégen, 1889.: orvos. – Tanult Bécsben (1844), doktorált. Városi tisztifőörvos, honvéd ezredorvos Szászrégenben. A Thomas Fritsch Szegény- és Árvaház újraalapítója, amit majd a fiai, dr. Oswald és Norbert F. adományaiból újraindítottak (1912). Téglagyára volt Abafáján. Cikkei a Sitzungsberichte der mathem. Naturw. Classe der Kais. Akademie der Wissenschaften in Wien és a Denkschriften d. Kais Akademie der Wissenschaften Math. -Naturw. Classe c. munkákban. – <strong>F. m.:</strong> Normaler Blüthen-Kalender von Oesterreich-Ungarn reducirt auf Wien (Wien, 1874); Jährlike Periode der Infectanfauna von Oesterreich-Ungarn (Wien, 1875). <br /><strong>Irod.:</strong> Abafája; Gulyás; Sächsisch-Regen; Szabó–Szögi; Szinnyei; Szinnyei J. -Sz. J.</br></p>

<p>1824., † Szászrégen, 1889.: orvos. – Tanult Bécsben (1844), doktorált. Városi tisztifőörvos, honvéd ezredorvos Szászrégenben. A Thomas Fritsch Szegény- és Árvaház újraalapítója, amit majd a fiai, dr. Oswald és Norbert F. adományaiból újraindítottak (1912). Téglagyára volt Abafáján. Cikkei a Sitzungsberichte der mathem. Naturw. Classe der Kais. Akademie der Wissenschaften in Wien és a Denkschriften d. [&hellip;]</p>
