{"id":8313,"date":"2025-06-29T10:21:47","date_gmt":"2025-06-29T08:21:47","guid":{"rendered":"https:\/\/uj.adatbank.ro\/lexikon\/termek\/fritsch-daniel\/"},"modified":"2025-06-29T10:21:47","modified_gmt":"2025-06-29T08:21:47","slug":"fritsch-daniel","status":"publish","type":"product","link":"https:\/\/uj.adatbank.ro\/lexikon\/termek\/fritsch-daniel\/","title":{"rendered":"FRITSCH Daniel"},"content":{"rendered":"<p>? \u2020\u00a0? : ev. lelk\u00e9sz. \u2013 Sz\u00e1rmaz\u00e1s\u00e1nak helye \u00e9s ideje ismeretlen. Fia sz\u00fcletett (1839), de az anyak\u00f6nyvben nem szerepel az apa sz\u00fclet\u00e9si helye. \u2013 Mv.-en lelk\u00e9ssz\u00e9 v\u00e1lasztott\u00e1k, ennek napja \u00e9s beiktat\u00e1sa nem ismert, (tal\u00e1n 1831), istentisztelet m\u00e1r kor\u00e1bban is folyt, mert vezet\u00e9s\u00e9vel, a f\u0151t\u00e9r \u00e9s Baross G\u00e1bor u. sark\u00e1n \u00e1ll\u00f3 papilak egy r\u00e9sz\u00e9t templomm\u00e1 alak\u00edtott\u00e1k (1829). Mv.-en a luter\u00e1nus egyh\u00e1zk\u00f6zs\u00e9g megalakul\u00e1s\u00e1t ett\u0151l sz\u00e1m\u00edtj\u00e1k (1829- 40 -ig m\u0171k\u00f6d\u00f6tt ezen a helyen). Az egyh\u00e1z k\u00e9t nyelv\u0171 volt: m. \u00e9s n\u00e9met. Sz\u00e1szkisszentl\u00e1szl\u00f3ra v\u00e1lasztott\u00e1k lelk\u00e9sznek (1840) \u00e9s elt\u00e1vozott Mv. -r\u0151l. <br \/><strong>Irod.:<\/strong> Beyer; Id\u0151t\u00e1r 1.; Kr\u00f3n. F\u00fcz. (1939. 4\/5)\u00a0; P\u00e1l-Antal 2009<\/br><\/p>\n","protected":false},"excerpt":{"rendered":"<p>? \u2020\u00a0? : ev. lelk\u00e9sz. \u2013 Sz\u00e1rmaz\u00e1s\u00e1nak helye \u00e9s ideje ismeretlen. Fia sz\u00fcletett (1839), de az anyak\u00f6nyvben nem szerepel az apa sz\u00fclet\u00e9si helye. \u2013 Mv.-en lelk\u00e9ssz\u00e9 v\u00e1lasztott\u00e1k, ennek napja \u00e9s beiktat\u00e1sa nem ismert, (tal\u00e1n 1831), istentisztelet m\u00e1r kor\u00e1bban is folyt, mert vezet\u00e9s\u00e9vel, a f\u0151t\u00e9r \u00e9s Baross G\u00e1bor u. sark\u00e1n \u00e1ll\u00f3 papilak egy r\u00e9sz\u00e9t templomm\u00e1 alak\u00edtott\u00e1k [&hellip;]<\/p>\n","protected":false},"featured_media":0,"comment_status":"open","ping_status":"closed","template":"","meta":[],"product_brand":[],"product_cat":[137],"product_tag":[],"class_list":{"0":"post-8313","1":"product","2":"type-product","3":"status-publish","5":"product_cat-maros-megyei-eletrajzi-lexikon","7":"first","8":"instock","9":"shipping-taxable","10":"product-type-simple"},"_links":{"self":[{"href":"https:\/\/uj.adatbank.ro\/lexikon\/wp-json\/wp\/v2\/product\/8313","targetHints":{"allow":["GET"]}}],"collection":[{"href":"https:\/\/uj.adatbank.ro\/lexikon\/wp-json\/wp\/v2\/product"}],"about":[{"href":"https:\/\/uj.adatbank.ro\/lexikon\/wp-json\/wp\/v2\/types\/product"}],"replies":[{"embeddable":true,"href":"https:\/\/uj.adatbank.ro\/lexikon\/wp-json\/wp\/v2\/comments?post=8313"}],"wp:attachment":[{"href":"https:\/\/uj.adatbank.ro\/lexikon\/wp-json\/wp\/v2\/media?parent=8313"}],"wp:term":[{"taxonomy":"product_brand","embeddable":true,"href":"https:\/\/uj.adatbank.ro\/lexikon\/wp-json\/wp\/v2\/product_brand?post=8313"},{"taxonomy":"product_cat","embeddable":true,"href":"https:\/\/uj.adatbank.ro\/lexikon\/wp-json\/wp\/v2\/product_cat?post=8313"},{"taxonomy":"product_tag","embeddable":true,"href":"https:\/\/uj.adatbank.ro\/lexikon\/wp-json\/wp\/v2\/product_tag?post=8313"}],"curies":[{"name":"wp","href":"https:\/\/api.w.org\/{rel}","templated":true}]}}

<p>? † ? : ev. lelkész. – Származásának helye és ideje ismeretlen. Fia született (1839), de az anyakönyvben nem szerepel az apa születési helye. – Mv.-en lelkésszé választották, ennek napja és beiktatása nem ismert, (talán 1831), istentisztelet már korábban is folyt, mert vezetésével, a főtér és Baross Gábor u. sarkán álló papilak egy részét templommá alakították (1829). Mv.-en a luteránus egyházközség megalakulását ettől számítják (1829- 40 -ig működött ezen a helyen). Az egyház két nyelvű volt: m. és német. Szászkisszentlászlóra választották lelkésznek (1840) és eltávozott Mv. -ről. <br /><strong>Irod.:</strong> Beyer; Időtár 1.; Krón. Füz. (1939. 4/5) ; Pál-Antal 2009</br></p>

<p>? † ? : ev. lelkész. – Származásának helye és ideje ismeretlen. Fia született (1839), de az anyakönyvben nem szerepel az apa születési helye. – Mv.-en lelkésszé választották, ennek napja és beiktatása nem ismert, (talán 1831), istentisztelet már korábban is folyt, mert vezetésével, a főtér és Baross Gábor u. sarkán álló papilak egy részét templommá alakították [&hellip;]</p>
