{"id":8315,"date":"2025-06-29T10:21:51","date_gmt":"2025-06-29T08:21:51","guid":{"rendered":"https:\/\/uj.adatbank.ro\/lexikon\/termek\/fritsch-jozsef-%c2%a7\/"},"modified":"2025-06-29T10:21:51","modified_gmt":"2025-06-29T08:21:51","slug":"fritsch-jozsef-%c2%a7","status":"publish","type":"product","link":"https:\/\/uj.adatbank.ro\/lexikon\/termek\/fritsch-jozsef-%c2%a7\/","title":{"rendered":"FRITSCH J\u00f3zsef, \u00a7"},"content":{"rendered":"<p>Palotailva, 1904., \u2020\u00a0? : bankigazgat\u00f3. \u2013 Apja keresked\u0151 volt. \u2013 \u00c9retts\u00e9gi ut\u00e1n Mv.-en f\u0151k\u00f6nyvel\u0151, majd a Malomipar Rt. -n\u00e9l\u00a0m\u0171k\u00f6d\u00f6tt; a M\u00e1rmarosch bank kv.-i fi\u00f3kj\u00e1n\u00e1l k\u00f6nyvel\u0151. A Kishitelbank \u00e9s Takar\u00e9kp\u00e9nzt\u00e1r \u00fcgyvezet\u0151 igazgat\u00f3ja Mv.-en (1930\u2013). A mv.-i Zsid\u00f3 Nemzeti Sz\u00f6vets\u00e9g \u00fcgyviv\u0151 eln\u00f6ke, a Kadima Sportegylet f\u0151p\u00e9nzt\u00e1rosa, a Keren Hayesod \u00e9s m\u00e1s egys\u00fcletek ir\u00e1nyit\u00e1s\u00e1ban is r\u00e9szt vett. Mv.-r\u0151l feles\u00e9g\u00e9vel egy\u00fctt deport\u00e1lt\u00e1k (1944. m\u00e1j. 29.). <br \/><strong>Irod.:<\/strong> Ki kicsoda\u00a0? Mv. zsid\u00f3s\u00e1ga<\/br><\/p>\n","protected":false},"excerpt":{"rendered":"<p>Palotailva, 1904., \u2020\u00a0? : bankigazgat\u00f3. \u2013 Apja keresked\u0151 volt. \u2013 \u00c9retts\u00e9gi ut\u00e1n Mv.-en f\u0151k\u00f6nyvel\u0151, majd a Malomipar Rt. -n\u00e9l\u00a0m\u0171k\u00f6d\u00f6tt; a M\u00e1rmarosch bank kv.-i fi\u00f3kj\u00e1n\u00e1l k\u00f6nyvel\u0151. A Kishitelbank \u00e9s Takar\u00e9kp\u00e9nzt\u00e1r \u00fcgyvezet\u0151 igazgat\u00f3ja Mv.-en (1930\u2013). A mv.-i Zsid\u00f3 Nemzeti Sz\u00f6vets\u00e9g \u00fcgyviv\u0151 eln\u00f6ke, a Kadima Sportegylet f\u0151p\u00e9nzt\u00e1rosa, a Keren Hayesod \u00e9s m\u00e1s egys\u00fcletek ir\u00e1nyit\u00e1s\u00e1ban is r\u00e9szt vett. Mv.-r\u0151l [&hellip;]<\/p>\n","protected":false},"featured_media":0,"comment_status":"open","ping_status":"closed","template":"","meta":[],"product_brand":[],"product_cat":[137],"product_tag":[],"class_list":{"0":"post-8315","1":"product","2":"type-product","3":"status-publish","5":"product_cat-maros-megyei-eletrajzi-lexikon","7":"first","8":"instock","9":"shipping-taxable","10":"product-type-simple"},"_links":{"self":[{"href":"https:\/\/uj.adatbank.ro\/lexikon\/wp-json\/wp\/v2\/product\/8315","targetHints":{"allow":["GET"]}}],"collection":[{"href":"https:\/\/uj.adatbank.ro\/lexikon\/wp-json\/wp\/v2\/product"}],"about":[{"href":"https:\/\/uj.adatbank.ro\/lexikon\/wp-json\/wp\/v2\/types\/product"}],"replies":[{"embeddable":true,"href":"https:\/\/uj.adatbank.ro\/lexikon\/wp-json\/wp\/v2\/comments?post=8315"}],"wp:attachment":[{"href":"https:\/\/uj.adatbank.ro\/lexikon\/wp-json\/wp\/v2\/media?parent=8315"}],"wp:term":[{"taxonomy":"product_brand","embeddable":true,"href":"https:\/\/uj.adatbank.ro\/lexikon\/wp-json\/wp\/v2\/product_brand?post=8315"},{"taxonomy":"product_cat","embeddable":true,"href":"https:\/\/uj.adatbank.ro\/lexikon\/wp-json\/wp\/v2\/product_cat?post=8315"},{"taxonomy":"product_tag","embeddable":true,"href":"https:\/\/uj.adatbank.ro\/lexikon\/wp-json\/wp\/v2\/product_tag?post=8315"}],"curies":[{"name":"wp","href":"https:\/\/api.w.org\/{rel}","templated":true}]}}