{"id":8322,"date":"2025-06-29T10:22:09","date_gmt":"2025-06-29T08:22:09","guid":{"rendered":"https:\/\/uj.adatbank.ro\/lexikon\/termek\/frnda-mihaly-frunda-mihaly\/"},"modified":"2025-06-29T10:22:09","modified_gmt":"2025-06-29T08:22:09","slug":"frnda-mihaly-frunda-mihaly","status":"publish","type":"product","link":"https:\/\/uj.adatbank.ro\/lexikon\/termek\/frnda-mihaly-frunda-mihaly\/","title":{"rendered":"FRNDA Mih\u00e1ly, Frunda Mih\u00e1ly"},"content":{"rendered":"<p>1881., \u2020\u00a0Mv., 1966.: v\u00e1llalkoz\u00f3. \u2013 T\u00f3t sz\u00e1rmaz\u00e1s\u00fa. Fia: F. K\u00e1roly (1917\u20132011). \u2013 Els\u0151 aszfaltoz\u00f3 mester volt Mv.-en. A M. Aszfalt Rt. tagja, megkezdte a h\u00e1bor\u00fa alatt t\u00f6nkrement \u00fatburkolat kijav\u00edt\u00e1s\u00e1t a v\u00e1ros megb\u00edz\u00e1s\u00e1b\u00f3l (1921). Mv. \u00fat burkolat\u00e1nak nagyr\u00e9sz\u00e9t a v\u00e1llalata rakta le. Pl. a. MOGYE el\u0151tti s\u00e1rga macskak\u00f6vet; a Korz\u00f3-k\u00f6z aszfaltoz\u00e1s\u00e1t a lak\u00f3k v\u00e9geztett\u00e9k el saj\u00e1t k\u00f6lts\u00e9g\u00fck\u00f6n, a V\u00e1rosi tan\u00e1cs enged\u00e9ly\u00e9vel ui. a v\u00e1rosnak nem volt p\u00e9nze a korszer\u0171s\u00edt\u00e9si munk\u00e1latokra (1929). Mv.-en k\u00edv\u00fcl is dolgoztak pl. a Feleket is a c\u00e9g aszfaltozta. A kisebbs\u00e9gi mozgalmak lelkes t\u00e1mogat\u00f3ja. M\u0171v\u00e9szettisztel\u0151 volt \u00e9s \u00e9rt\u00e9kes b\u00fatorokat, porcel\u00e1nt, \u00e9kszereket, \u00f3r\u00e1kat \u00e9s festm\u00e9nyeket gy\u0171jt\u00f6tt. \u00c9rt\u00e9kes Munk\u00e1csy, Iv\u00e1nyi Gr\u00fcnvald, P\u00e1l \u00c1rp\u00e1d festv\u00e9nyek birtokosa volt, az eg\u00e9sz vagyon\u00e1t elkobozt\u00e1k az elm\u00falt rendszerben. Mv.-en a M\u00e1ty\u00e1s t\u00e9ren volt h\u00e1za, \u00e1llamos\u00edt\u00e1s ut\u00e1n a Kossuth u.-ban lakott, egy ist\u00e1l\u00f3t alak\u00edtott \u00e1t lak\u00e1ss\u00e1. <br \/><strong>Irod.:<\/strong> csal\u00e1di inf.; \u0150kr\u00f6s<\/br><\/p>\n","protected":false},"excerpt":{"rendered":"<p>1881., \u2020\u00a0Mv., 1966.: v\u00e1llalkoz\u00f3. \u2013 T\u00f3t sz\u00e1rmaz\u00e1s\u00fa. Fia: F. K\u00e1roly (1917\u20132011). \u2013 Els\u0151 aszfaltoz\u00f3 mester volt Mv.-en. A M. Aszfalt Rt. tagja, megkezdte a h\u00e1bor\u00fa alatt t\u00f6nkrement \u00fatburkolat kijav\u00edt\u00e1s\u00e1t a v\u00e1ros megb\u00edz\u00e1s\u00e1b\u00f3l (1921). Mv. \u00fat burkolat\u00e1nak nagyr\u00e9sz\u00e9t a v\u00e1llalata rakta le. Pl. a. MOGYE el\u0151tti s\u00e1rga macskak\u00f6vet; a Korz\u00f3-k\u00f6z aszfaltoz\u00e1s\u00e1t a lak\u00f3k v\u00e9geztett\u00e9k el saj\u00e1t [&hellip;]<\/p>\n","protected":false},"featured_media":0,"comment_status":"open","ping_status":"closed","template":"","meta":[],"product_brand":[],"product_cat":[137],"product_tag":[],"class_list":{"0":"post-8322","1":"product","2":"type-product","3":"status-publish","5":"product_cat-maros-megyei-eletrajzi-lexikon","7":"first","8":"instock","9":"shipping-taxable","10":"product-type-simple"},"_links":{"self":[{"href":"https:\/\/uj.adatbank.ro\/lexikon\/wp-json\/wp\/v2\/product\/8322","targetHints":{"allow":["GET"]}}],"collection":[{"href":"https:\/\/uj.adatbank.ro\/lexikon\/wp-json\/wp\/v2\/product"}],"about":[{"href":"https:\/\/uj.adatbank.ro\/lexikon\/wp-json\/wp\/v2\/types\/product"}],"replies":[{"embeddable":true,"href":"https:\/\/uj.adatbank.ro\/lexikon\/wp-json\/wp\/v2\/comments?post=8322"}],"wp:attachment":[{"href":"https:\/\/uj.adatbank.ro\/lexikon\/wp-json\/wp\/v2\/media?parent=8322"}],"wp:term":[{"taxonomy":"product_brand","embeddable":true,"href":"https:\/\/uj.adatbank.ro\/lexikon\/wp-json\/wp\/v2\/product_brand?post=8322"},{"taxonomy":"product_cat","embeddable":true,"href":"https:\/\/uj.adatbank.ro\/lexikon\/wp-json\/wp\/v2\/product_cat?post=8322"},{"taxonomy":"product_tag","embeddable":true,"href":"https:\/\/uj.adatbank.ro\/lexikon\/wp-json\/wp\/v2\/product_tag?post=8322"}],"curies":[{"name":"wp","href":"https:\/\/api.w.org\/{rel}","templated":true}]}}