{"id":8323,"date":"2025-06-29T10:22:10","date_gmt":"2025-06-29T08:22:10","guid":{"rendered":"https:\/\/uj.adatbank.ro\/lexikon\/termek\/frohlich-geza\/"},"modified":"2025-06-29T10:22:10","modified_gmt":"2025-06-29T08:22:10","slug":"frohlich-geza","status":"publish","type":"product","link":"https:\/\/uj.adatbank.ro\/lexikon\/termek\/frohlich-geza\/","title":{"rendered":"FR\u00d6HLICH G\u00e9za"},"content":{"rendered":"<p>? \u2020 ? : \u00edrnok. \u2013 Dics\u0151szentm\u00e1rtonban \u00edrnok. szerk.-je a Dics\u0151szentm\u00e1rton c. lapnak. Fr\u00f6lichn\u00e9 \u00e9s t\u00e1rsa k\u00f6nyv- \u00e9s pap\u00edrkeresked\u00e9se (a sz\u00e1zadfordul\u00f3n 1900), k\u00e9peslapokat adott ki. <br \/><strong>Irod.:<\/strong> Dics\u0151szentm\u00e1rton r\u00e9gi arca; Guly\u00e1s; V\u00e1ros a Kisk\u00fck\u00fcll\u0151 partj\u00e1n (Mv., 2000)<\/br><\/p>\n","protected":false},"excerpt":{"rendered":"<p>? \u2020 ? : \u00edrnok. \u2013 Dics\u0151szentm\u00e1rtonban \u00edrnok. szerk.-je a Dics\u0151szentm\u00e1rton c. lapnak. Fr\u00f6lichn\u00e9 \u00e9s t\u00e1rsa k\u00f6nyv- \u00e9s pap\u00edrkeresked\u00e9se (a sz\u00e1zadfordul\u00f3n 1900), k\u00e9peslapokat adott ki. Irod.: Dics\u0151szentm\u00e1rton r\u00e9gi arca; Guly\u00e1s; V\u00e1ros a Kisk\u00fck\u00fcll\u0151 partj\u00e1n (Mv., 2000)<\/p>\n","protected":false},"featured_media":0,"comment_status":"open","ping_status":"closed","template":"","meta":[],"product_brand":[],"product_cat":[137],"product_tag":[],"class_list":{"0":"post-8323","1":"product","2":"type-product","3":"status-publish","5":"product_cat-maros-megyei-eletrajzi-lexikon","7":"first","8":"instock","9":"shipping-taxable","10":"product-type-simple"},"_links":{"self":[{"href":"https:\/\/uj.adatbank.ro\/lexikon\/wp-json\/wp\/v2\/product\/8323","targetHints":{"allow":["GET"]}}],"collection":[{"href":"https:\/\/uj.adatbank.ro\/lexikon\/wp-json\/wp\/v2\/product"}],"about":[{"href":"https:\/\/uj.adatbank.ro\/lexikon\/wp-json\/wp\/v2\/types\/product"}],"replies":[{"embeddable":true,"href":"https:\/\/uj.adatbank.ro\/lexikon\/wp-json\/wp\/v2\/comments?post=8323"}],"wp:attachment":[{"href":"https:\/\/uj.adatbank.ro\/lexikon\/wp-json\/wp\/v2\/media?parent=8323"}],"wp:term":[{"taxonomy":"product_brand","embeddable":true,"href":"https:\/\/uj.adatbank.ro\/lexikon\/wp-json\/wp\/v2\/product_brand?post=8323"},{"taxonomy":"product_cat","embeddable":true,"href":"https:\/\/uj.adatbank.ro\/lexikon\/wp-json\/wp\/v2\/product_cat?post=8323"},{"taxonomy":"product_tag","embeddable":true,"href":"https:\/\/uj.adatbank.ro\/lexikon\/wp-json\/wp\/v2\/product_tag?post=8323"}],"curies":[{"name":"wp","href":"https:\/\/api.w.org\/{rel}","templated":true}]}}