{"id":8325,"date":"2025-06-29T10:22:15","date_gmt":"2025-06-29T08:22:15","guid":{"rendered":"https:\/\/uj.adatbank.ro\/lexikon\/termek\/frohlich-julius-%c2%a7\/"},"modified":"2025-06-29T10:22:15","modified_gmt":"2025-06-29T08:22:15","slug":"frohlich-julius-%c2%a7","status":"publish","type":"product","link":"https:\/\/uj.adatbank.ro\/lexikon\/termek\/frohlich-julius-%c2%a7\/","title":{"rendered":"FR\u00d6HLICH Julius, \u00a7"},"content":{"rendered":"<p>Segesv\u00e1r, 1881. febr. 18., \u2020 Linz, 1957. m\u00e1j. 31.: erd\u00e9sz, vad\u00e1sz. \u2013 Apja lelk\u00e9sz. \u2013 Gimn. -ot Segesv\u00e1ron v\u00e9gzett, Selmecb\u00e1ny\u00e1n az erd\u00e9szeti akad. -\u00e1n (1899\u20131904), majd B\u00e9csben a mez\u0151gazdas\u00e1gi f\u0151iskol\u00e1n (1901-03) tanult. Erd\u00e9szgyakornok \u00e1llami szolg\u00e1latban Szarajev\u00f3ban (1905\u2013), erd\u0151fel\u00fcgyel\u0151 (1908\u2013), erd\u0151gondnok Pribini\u010dben a cs. \u00e9s k. dominiumban (1909\u2013), azt\u00e1n Pra\u010dan, f\u0151erd\u00e9sz (1912\u2013). Segesv\u00e1rra (1919\u2013) az \u00e1llami erd\u00e9szeti hivatal munkat\u00e1rsa; erd\u00e9sztan\u00e1csos (1930\u201340)., erd\u00e9szeti vezet\u0151 Sz\u00e1szr\u00e9genben (\u20131940), a Tutaj-t\u00e1rsas\u00e1gn\u00e1l Ratosny\u00e1n dolgozott, majd a Foresta nemzetk\u00f6zi fav\u00e1llalat f\u0151erd\u00e9sze (1940-ig). Erd\u00e9sztan\u00e1csos a kv.-i kir. erd\u0151igazgat\u00f3s\u00e1gon (1941\u2013), Bp.-en a Erd\u00e9szeti Miniszt\u00e9rium f\u0151tan\u00e1csosa (1942\u201344). Ausztri\u00e1ba menek\u00fclt (1944), Altm\u00fcnsterben mag\u00e1nerd\u00e9szetek int\u00e9z\u0151jek\u00e9nt dolgozott hal\u00e1l\u00e1ig (1944\u201357). Nagy \u0151serd\u0151k megny\u00edt\u00e1s\u00e1nak erd\u00e9sztechnikai szakir\u00e1ny\u00edt\u00f3jak\u00e9nt It\u00e1li\u00e1ban, Anat\u00f3li\u00e1ban \u00e9s Abesszini\u00e1ban is tev\u00e9kenykedett. Sz\u00e1mos cikke jelent meg szakfoly\u00f3iratokban: Forstwissenschaften Centralblatt, Naturw\u00e4lder, Wiener Allg. Forst- und Jagd-Zeitung, Allg. Forstzeitschrift, Siebenb\u00fcrgisch-deutsches Tageblatt, Zentralblatt f\u00fcr die gesamte Forst- und Holzwirtschaft. Humoros erd\u00e9szelbesz\u00e9l\u00e9seit a Gross-Kokler Boten segesv\u00e1ri lapban k\u00f6z\u00f6lte. \u2013 <strong>F. m.:<\/strong> Urwaldpraxis (\u00a0?); Bosnische Geschichten (Sch\u00e4ssburg, 1939). <br \/><strong>Irod.:<\/strong> Guly\u00e1s; LSS, Szab\u00f3\u2013Simon\u2013Sz\u00f6gi<\/br><\/p>\n","protected":false},"excerpt":{"rendered":"<p>Segesv\u00e1r, 1881. febr. 18., \u2020 Linz, 1957. m\u00e1j. 31.: erd\u00e9sz, vad\u00e1sz. \u2013 Apja lelk\u00e9sz. \u2013 Gimn. -ot Segesv\u00e1ron v\u00e9gzett, Selmecb\u00e1ny\u00e1n az erd\u00e9szeti akad. -\u00e1n (1899\u20131904), majd B\u00e9csben a mez\u0151gazdas\u00e1gi f\u0151iskol\u00e1n (1901-03) tanult. Erd\u00e9szgyakornok \u00e1llami szolg\u00e1latban Szarajev\u00f3ban (1905\u2013), erd\u0151fel\u00fcgyel\u0151 (1908\u2013), erd\u0151gondnok Pribini\u010dben a cs. \u00e9s k. dominiumban (1909\u2013), azt\u00e1n Pra\u010dan, f\u0151erd\u00e9sz (1912\u2013). Segesv\u00e1rra (1919\u2013) az \u00e1llami [&hellip;]<\/p>\n","protected":false},"featured_media":0,"comment_status":"open","ping_status":"closed","template":"","meta":[],"product_brand":[],"product_cat":[137],"product_tag":[],"class_list":{"0":"post-8325","1":"product","2":"type-product","3":"status-publish","5":"product_cat-maros-megyei-eletrajzi-lexikon","7":"first","8":"instock","9":"shipping-taxable","10":"product-type-simple"},"_links":{"self":[{"href":"https:\/\/uj.adatbank.ro\/lexikon\/wp-json\/wp\/v2\/product\/8325","targetHints":{"allow":["GET"]}}],"collection":[{"href":"https:\/\/uj.adatbank.ro\/lexikon\/wp-json\/wp\/v2\/product"}],"about":[{"href":"https:\/\/uj.adatbank.ro\/lexikon\/wp-json\/wp\/v2\/types\/product"}],"replies":[{"embeddable":true,"href":"https:\/\/uj.adatbank.ro\/lexikon\/wp-json\/wp\/v2\/comments?post=8325"}],"wp:attachment":[{"href":"https:\/\/uj.adatbank.ro\/lexikon\/wp-json\/wp\/v2\/media?parent=8325"}],"wp:term":[{"taxonomy":"product_brand","embeddable":true,"href":"https:\/\/uj.adatbank.ro\/lexikon\/wp-json\/wp\/v2\/product_brand?post=8325"},{"taxonomy":"product_cat","embeddable":true,"href":"https:\/\/uj.adatbank.ro\/lexikon\/wp-json\/wp\/v2\/product_cat?post=8325"},{"taxonomy":"product_tag","embeddable":true,"href":"https:\/\/uj.adatbank.ro\/lexikon\/wp-json\/wp\/v2\/product_tag?post=8325"}],"curies":[{"name":"wp","href":"https:\/\/api.w.org\/{rel}","templated":true}]}}

FRÖHLICH Julius, §

<p>Segesvár, 1881. febr. 18., † Linz, 1957. máj. 31.: erdész, vadász. – Apja lelkész. – Gimn. -ot Segesváron végzett, Selmecbányán az erdészeti akad. -án (1899–1904), majd Bécsben a mezőgazdasági főiskolán (1901-03) tanult. Erdészgyakornok állami szolgálatban Szarajevóban (1905–), erdőfelügyelő (1908–), erdőgondnok Pribiničben a cs. és k. dominiumban (1909–), aztán Pračan, főerdész (1912–). Segesvárra (1919–) az állami erdészeti hivatal munkatársa; erdésztanácsos (1930–40)., erdészeti vezető Szászrégenben (–1940), a Tutaj-társaságnál Ratosnyán dolgozott, majd a Foresta nemzetközi favállalat főerdésze (1940-ig). Erdésztanácsos a kv.-i kir. erdőigazgatóságon (1941–), Bp.-en a Erdészeti Minisztérium főtanácsosa (1942–44). Ausztriába menekült (1944), Altmünsterben magánerdészetek intézőjeként dolgozott haláláig (1944–57). Nagy őserdők megnyításának erdésztechnikai szakirányítójaként Itáliában, Anatóliában és Abessziniában is tevékenykedett. Számos cikke jelent meg szakfolyóiratokban: Forstwissenschaften Centralblatt, Naturwälder, Wiener Allg. Forst- und Jagd-Zeitung, Allg. Forstzeitschrift, Siebenbürgisch-deutsches Tageblatt, Zentralblatt für die gesamte Forst- und Holzwirtschaft. Humoros erdészelbeszéléseit a Gross-Kokler Boten segesvári lapban közölte. – <strong>F. m.:</strong> Urwaldpraxis ( ?); Bosnische Geschichten (Schässburg, 1939). <br /><strong>Irod.:</strong> Gulyás; LSS, Szabó–Simon–Szögi</br></p>

<p>Segesvár, 1881. febr. 18., † Linz, 1957. máj. 31.: erdész, vadász. – Apja lelkész. – Gimn. -ot Segesváron végzett, Selmecbányán az erdészeti akad. -án (1899–1904), majd Bécsben a mezőgazdasági főiskolán (1901-03) tanult. Erdészgyakornok állami szolgálatban Szarajevóban (1905–), erdőfelügyelő (1908–), erdőgondnok Pribiničben a cs. és k. dominiumban (1909–), aztán Pračan, főerdész (1912–). Segesvárra (1919–) az állami [&hellip;]</p>
