{"id":8328,"date":"2025-06-29T10:22:22","date_gmt":"2025-06-29T08:22:22","guid":{"rendered":"https:\/\/uj.adatbank.ro\/lexikon\/termek\/fronius-franz-friedrich-%c2%a7\/"},"modified":"2025-06-29T10:22:22","modified_gmt":"2025-06-29T08:22:22","slug":"fronius-franz-friedrich-%c2%a7","status":"publish","type":"product","link":"https:\/\/uj.adatbank.ro\/lexikon\/termek\/fronius-franz-friedrich-%c2%a7\/","title":{"rendered":"FRONIUS Franz Friedrich, \u00a7"},"content":{"rendered":"<p>Sz\u00e1szn\u00e1das, 1829. jan. 9., \u2020 Szent\u00e1gota, 1886. febr. 14.: ev. lelk\u00e9sz, tan\u00e1r, botanikus, folklorista. \u2013 A gimn. -ot Segesv\u00e1ron v\u00e9gezte (1838\u201347), majd a lipcsei egyetem hallgat\u00f3ja. A segesv\u00e1ri gimn.-ban tan\u00edtott vall\u00e1st, n\u00e9metet, latin, g\u00f6r\u00f6g nyelveket \u00e9s term\u00e9szetrajzot (1850\u2013). Els\u0151sorban a botanik\u00e1nak szentelte idej\u00e9t, felkutatta a k\u00f6rny\u00e9k fl\u00f3r\u00e1j\u00e1t, gy\u0171jt\u0151utakat tett a K\u00e1rp\u00e1toban, amelyekr\u0151l a term\u00e9szettudom\u00e1nyi \u00e9s f\u00f6ldrajzi t\u00e1rsas\u00e1gokban \u00e9s egyes\u00fcletekben sz\u00e1molt be. Erkeden helyettes lelk\u00e9sz lett (1859\u2013), itt helys\u00e9gmonogr\u00e1fi\u00e1t \u00e1ll\u00edtott \u00f6ssze, n\u00e9prajzi tanulm\u00e1nyokat \u00edrt a sz\u00e1szok szok\u00e1sair\u00f3l, hiedelmeir\u0151l, n\u00e9pviselet\u00e9r\u0151l. Szent\u00e1got\u00e1ra h\u00edvt\u00e1k meg lelk\u00e9sznek (1868\u2013), ahol befejezte az iskola fel\u00e9p\u00edt\u00e9s\u00e9t, munk\u00e1t jelentetett meg a K\u00e1rp\u00e1tok n\u00f6v\u00e9nyvil\u00e1g\u00e1r\u00f3l (1881). \u00d6sszesen 33 munk\u00e1t publik\u00e1lt. Tagja volt a szebeni Erd\u00e9lyi Term\u00e9szetud. -os T\u00e1rsas\u00e1gnak, a Mez\u0151gazdas\u00e1gi Egyletnek. \u2013 <strong>F. m.:<\/strong> Die Flora von Sch\u00e4\u00dfburg (Kronstadt, 1858); Bericht \u00fcber die 2. Haupt-Versammlung des evang. Hauptvereins der Gustav-Adolph-Stiftung f\u00fcr Siebenb\u00fcrgen. (Kronstadt, 1863); Beitr\u00e4ge zur Entwicklungs-Geschichte der evang. -s\u00e4chsischen Gemeinde Arkeden. (Hermannstadt, 1866); Festrede, gehalten bei der Jahresversammlung des siebenb\u00fcrgischen Hauptvereins der evang. Gustav-Adolt-Stifftung in Hermannstadt am 13. Aug. 1871. (Kronstadt, 1871); Bilder aus dem s\u00e4chsischen Bauernleben in Siebenb\u00fcrgen. (Wien, 1879, 1883, 1885). <br \/><strong>Irod.:<\/strong> Gomb\u00f3cz Endre: A m. botanika t\u00f6rt\u00e9nete (Bp., 1936); Guly\u00e1s, LSS; Pascu, \u015etefan: Transilvania \u00een lumina datelor geopolitice, istorice \u015fi statistice (Blaj, 1944); Szinnyei; Szinnyei J-Sz. J.; Todea\u2013F\u00fcl\u00f6p\u2013Avram; Veress<\/br><\/p>\n","protected":false},"excerpt":{"rendered":"<p>Sz\u00e1szn\u00e1das, 1829. jan. 9., \u2020 Szent\u00e1gota, 1886. febr. 14.: ev. lelk\u00e9sz, tan\u00e1r, botanikus, folklorista. \u2013 A gimn. -ot Segesv\u00e1ron v\u00e9gezte (1838\u201347), majd a lipcsei egyetem hallgat\u00f3ja. A segesv\u00e1ri gimn.-ban tan\u00edtott vall\u00e1st, n\u00e9metet, latin, g\u00f6r\u00f6g nyelveket \u00e9s term\u00e9szetrajzot (1850\u2013). Els\u0151sorban a botanik\u00e1nak szentelte idej\u00e9t, felkutatta a k\u00f6rny\u00e9k fl\u00f3r\u00e1j\u00e1t, gy\u0171jt\u0151utakat tett a K\u00e1rp\u00e1toban, amelyekr\u0151l a term\u00e9szettudom\u00e1nyi \u00e9s [&hellip;]<\/p>\n","protected":false},"featured_media":0,"comment_status":"open","ping_status":"closed","template":"","meta":[],"product_brand":[],"product_cat":[137],"product_tag":[],"class_list":{"0":"post-8328","1":"product","2":"type-product","3":"status-publish","5":"product_cat-maros-megyei-eletrajzi-lexikon","7":"first","8":"instock","9":"shipping-taxable","10":"product-type-simple"},"_links":{"self":[{"href":"https:\/\/uj.adatbank.ro\/lexikon\/wp-json\/wp\/v2\/product\/8328","targetHints":{"allow":["GET"]}}],"collection":[{"href":"https:\/\/uj.adatbank.ro\/lexikon\/wp-json\/wp\/v2\/product"}],"about":[{"href":"https:\/\/uj.adatbank.ro\/lexikon\/wp-json\/wp\/v2\/types\/product"}],"replies":[{"embeddable":true,"href":"https:\/\/uj.adatbank.ro\/lexikon\/wp-json\/wp\/v2\/comments?post=8328"}],"wp:attachment":[{"href":"https:\/\/uj.adatbank.ro\/lexikon\/wp-json\/wp\/v2\/media?parent=8328"}],"wp:term":[{"taxonomy":"product_brand","embeddable":true,"href":"https:\/\/uj.adatbank.ro\/lexikon\/wp-json\/wp\/v2\/product_brand?post=8328"},{"taxonomy":"product_cat","embeddable":true,"href":"https:\/\/uj.adatbank.ro\/lexikon\/wp-json\/wp\/v2\/product_cat?post=8328"},{"taxonomy":"product_tag","embeddable":true,"href":"https:\/\/uj.adatbank.ro\/lexikon\/wp-json\/wp\/v2\/product_tag?post=8328"}],"curies":[{"name":"wp","href":"https:\/\/api.w.org\/{rel}","templated":true}]}}

<p>Szásznádas, 1829. jan. 9., † Szentágota, 1886. febr. 14.: ev. lelkész, tanár, botanikus, folklorista. – A gimn. -ot Segesváron végezte (1838–47), majd a lipcsei egyetem hallgatója. A segesvári gimn.-ban tanított vallást, németet, latin, görög nyelveket és természetrajzot (1850–). Elsősorban a botanikának szentelte idejét, felkutatta a környék flóráját, gyűjtőutakat tett a Kárpátoban, amelyekről a természettudományi és földrajzi társaságokban és egyesületekben számolt be. Erkeden helyettes lelkész lett (1859–), itt helységmonográfiát állított össze, néprajzi tanulmányokat írt a szászok szokásairól, hiedelmeiről, népviseletéről. Szentágotára hívták meg lelkésznek (1868–), ahol befejezte az iskola felépítését, munkát jelentetett meg a Kárpátok növényvilágáról (1881). Összesen 33 munkát publikált. Tagja volt a szebeni Erdélyi Természetud. -os Társaságnak, a Mezőgazdasági Egyletnek. – <strong>F. m.:</strong> Die Flora von Schäßburg (Kronstadt, 1858); Bericht über die 2. Haupt-Versammlung des evang. Hauptvereins der Gustav-Adolph-Stiftung für Siebenbürgen. (Kronstadt, 1863); Beiträge zur Entwicklungs-Geschichte der evang. -sächsischen Gemeinde Arkeden. (Hermannstadt, 1866); Festrede, gehalten bei der Jahresversammlung des siebenbürgischen Hauptvereins der evang. Gustav-Adolt-Stifftung in Hermannstadt am 13. Aug. 1871. (Kronstadt, 1871); Bilder aus dem sächsischen Bauernleben in Siebenbürgen. (Wien, 1879, 1883, 1885). <br /><strong>Irod.:</strong> Gombócz Endre: A m. botanika története (Bp., 1936); Gulyás, LSS; Pascu, Ştefan: Transilvania în lumina datelor geopolitice, istorice şi statistice (Blaj, 1944); Szinnyei; Szinnyei J-Sz. J.; Todea–Fülöp–Avram; Veress</br></p>

<p>Szásznádas, 1829. jan. 9., † Szentágota, 1886. febr. 14.: ev. lelkész, tanár, botanikus, folklorista. – A gimn. -ot Segesváron végezte (1838–47), majd a lipcsei egyetem hallgatója. A segesvári gimn.-ban tanított vallást, németet, latin, görög nyelveket és természetrajzot (1850–). Elsősorban a botanikának szentelte idejét, felkutatta a környék flóráját, gyűjtőutakat tett a Kárpátoban, amelyekről a természettudományi és [&hellip;]</p>
