{"id":8334,"date":"2025-06-29T10:22:32","date_gmt":"2025-06-29T08:22:32","guid":{"rendered":"https:\/\/uj.adatbank.ro\/lexikon\/termek\/frum-gabriela\/"},"modified":"2025-06-29T10:22:32","modified_gmt":"2025-06-29T08:22:32","slug":"frum-gabriela","status":"publish","type":"product","link":"https:\/\/uj.adatbank.ro\/lexikon\/termek\/frum-gabriela\/","title":{"rendered":"FRUM Gabriela"},"content":{"rendered":"<p>Mv., 1953. j\u00fal. 3., \u2020\u00a0Mv., 2007. febr. 26.: tan\u00e1r, k\u00f6nyvt\u00e1ros. \u2013 A mv.-i 4. sz. L\u00edc.-ban \u00e9retts\u00e9gizett (1972), a kv.-i BBTE francia-rom\u00e1n nyelv szak\u00e1n v\u00e9gzett (1981). V\u00e9gleges\u00edt\u0151 vizsg\u00e1t tett. A M. M. K\u00f6nyvt\u00e1rban k\u00f6nyvt\u00e1ros, a gyermekr\u00e9szleg munkat\u00e1rsa (1976. febr. 1. \u2013 1992. okt. 15.). Katedr\u00e1t kapott, francia nyelvet tan\u00edtott helyettes\u00edt\u0151 tan\u00e1rk\u00e9nt a Mihai Eminescu L\u00edc.-ban (1992\u201393), A Bolyai Farkas L\u00edc.-ban (1993\u201394) \u00e9s a Kereskedelmi iskolak\u00f6zpontban hal\u00e1l\u00e1ig (1994\u20132007). <br \/><strong>Irod.:<\/strong> \u00cenv. comercial econ.<\/br><\/p>\n","protected":false},"excerpt":{"rendered":"<p>Mv., 1953. j\u00fal. 3., \u2020\u00a0Mv., 2007. febr. 26.: tan\u00e1r, k\u00f6nyvt\u00e1ros. \u2013 A mv.-i 4. sz. L\u00edc.-ban \u00e9retts\u00e9gizett (1972), a kv.-i BBTE francia-rom\u00e1n nyelv szak\u00e1n v\u00e9gzett (1981). V\u00e9gleges\u00edt\u0151 vizsg\u00e1t tett. A M. M. K\u00f6nyvt\u00e1rban k\u00f6nyvt\u00e1ros, a gyermekr\u00e9szleg munkat\u00e1rsa (1976. febr. 1. \u2013 1992. okt. 15.). Katedr\u00e1t kapott, francia nyelvet tan\u00edtott helyettes\u00edt\u0151 tan\u00e1rk\u00e9nt a Mihai Eminescu L\u00edc.-ban [&hellip;]<\/p>\n","protected":false},"featured_media":0,"comment_status":"open","ping_status":"closed","template":"","meta":[],"product_brand":[],"product_cat":[137],"product_tag":[],"class_list":{"0":"post-8334","1":"product","2":"type-product","3":"status-publish","5":"product_cat-maros-megyei-eletrajzi-lexikon","7":"first","8":"instock","9":"shipping-taxable","10":"product-type-simple"},"_links":{"self":[{"href":"https:\/\/uj.adatbank.ro\/lexikon\/wp-json\/wp\/v2\/product\/8334","targetHints":{"allow":["GET"]}}],"collection":[{"href":"https:\/\/uj.adatbank.ro\/lexikon\/wp-json\/wp\/v2\/product"}],"about":[{"href":"https:\/\/uj.adatbank.ro\/lexikon\/wp-json\/wp\/v2\/types\/product"}],"replies":[{"embeddable":true,"href":"https:\/\/uj.adatbank.ro\/lexikon\/wp-json\/wp\/v2\/comments?post=8334"}],"wp:attachment":[{"href":"https:\/\/uj.adatbank.ro\/lexikon\/wp-json\/wp\/v2\/media?parent=8334"}],"wp:term":[{"taxonomy":"product_brand","embeddable":true,"href":"https:\/\/uj.adatbank.ro\/lexikon\/wp-json\/wp\/v2\/product_brand?post=8334"},{"taxonomy":"product_cat","embeddable":true,"href":"https:\/\/uj.adatbank.ro\/lexikon\/wp-json\/wp\/v2\/product_cat?post=8334"},{"taxonomy":"product_tag","embeddable":true,"href":"https:\/\/uj.adatbank.ro\/lexikon\/wp-json\/wp\/v2\/product_tag?post=8334"}],"curies":[{"name":"wp","href":"https:\/\/api.w.org\/{rel}","templated":true}]}}

<p>Mv., 1953. júl. 3., † Mv., 2007. febr. 26.: tanár, könyvtáros. – A mv.-i 4. sz. Líc.-ban érettségizett (1972), a kv.-i BBTE francia-román nyelv szakán végzett (1981). Véglegesítő vizsgát tett. A M. M. Könyvtárban könyvtáros, a gyermekrészleg munkatársa (1976. febr. 1. – 1992. okt. 15.). Katedrát kapott, francia nyelvet tanított helyettesítő tanárként a Mihai Eminescu Líc.-ban (1992–93), A Bolyai Farkas Líc.-ban (1993–94) és a Kereskedelmi iskolaközpontban haláláig (1994–2007). <br /><strong>Irod.:</strong> Înv. comercial econ.</br></p>

<p>Mv., 1953. júl. 3., † Mv., 2007. febr. 26.: tanár, könyvtáros. – A mv.-i 4. sz. Líc.-ban érettségizett (1972), a kv.-i BBTE francia-román nyelv szakán végzett (1981). Véglegesítő vizsgát tett. A M. M. Könyvtárban könyvtáros, a gyermekrészleg munkatársa (1976. febr. 1. – 1992. okt. 15.). Katedrát kapott, francia nyelvet tanított helyettesítő tanárként a Mihai Eminescu Líc.-ban [&hellip;]</p>
